{"text_format":"1","workbook":"xlsx","n_sheets":16,"sheets":["Introduction","Energy Efficiency","Electrification","Electric Vehicle","Renewables","HIDE Setup","Apartment Buildings","Apartment Buildings (2)","Reverse Calculator","Reverse Calculator_ERF","Climate by postcode","SGEx","SSC (A)","BenchmarkFactors","Rating Bands","NGA Factors 2020"],"not_rendered":{"charts":2,"images":13,"macros":0,"external_links":0,"defined_names":35,"comments":2,"pivot_tables":0},"unopened":[],"bounds":{"document_bytes":16777216,"sheet_cells":100000,"rows_first":2000,"rows_last":500,"rows_between":2000,"halvings":0,"cell_chars":16384,"cell_head_chars":4096},"cells_cut":0,"cells_raw":0,"read":"whole","date_system":"1900"}

{"sheet":"Introduction","index":0,"n_rows":17,"n_cols":5,"rows_kept":17,"cut":false,"hidden":false,"merged":[[0,1,0,3],[3,1,3,3],[4,1,4,3],[14,1,14,2],[16,1,16,2],[17,2,17,4],[2,1,2,4],[1,1,1,4],[8,1,8,2],[9,1,9,2],[12,1,12,2],[13,1,13,2],[15,1,15,2]]}
[null,"Energy Data Sheet\nIntroduction"]
[null,"How to use this work book"]
[null,"Italic notes provide helpful tips to fill out these forms - your facility manager, contractor or supplier may be able to assist with completing this workbook.\nStep 1 - Please fill out the cells in white only.\nStep 2 - Progress with the sections of this workbook relevant to your project.\nStep 3 - Submit this workbook with your grant application."]
[null,"Building Address",null,null,"Application Number - Official Use Only [ Workbook V2026-2027.01 ]"]
[]
[]
[]
[null,"Annual Energy Consumption of the Base Building (common areas)",null,null,"Tips and notes"]
[null,"Residential base building electricity annual consumption (kWh)",null,null,"Residential base building electricity consumption may include common area lighting, air-conditioning, hot water systems, cold water systems, lifts, foyers, gyms, laundries, and swimming pools, etc. It excludes any non-residential spaces (retail and office) electricity consumption."]
[null,"Residential base building gas and LPG annual consumption (MJ)",null,null,"If gas utility bills provide the gas consumption in kWh units, please multiply the value by 3.6 to\nconvert to MJ."]
[]
[]
[null,"Please complete the relevant sections of this workbook."]
[null,"Energy Efficiency",null,null,"Upgrades to hot water system, pumps and motors, lifts, air conditioning and ventilation, and including building tuning."]
[null,"Electrification",null,null,"Replacement of gas hot water systems, space heating and cooking appliances with an energy efficient electric alternative."]
[null,"Electric Vehicle",null,null,"Replacement of a petrol vehicle with a electric vehicle and on-site charger."]
[null,"Renewables",null,null,"Installation of new solar photovoltaic systems and/or battery storage"]

{"sheet":"Energy Efficiency","index":1,"n_rows":12,"n_cols":9,"rows_kept":12,"cut":false,"hidden":false,"merged":[[11,2,11,6],[2,1,4,2],[2,3,4,3],[2,6,2,8],[0,1,0,3],[0,4,0,6],[9,1,9,3]]}
[null,"Energy Data Sheet\nEnergy Efficiency"]
[]
[null,"Project Type\n\nPlease select from the dropdown list.\nWhere multiple upgrades are proposed, complete additional rows as required.",null,"Project Description & Brief Calculations\n\nFor example, What standard and energy-efficient options are considered? Where is it located? (max. 50 words)\n\nPlease also provide a brief description of your calculations. ","Standard","Proposed","Measurable Outcome"]
[null,null,null,null,"Estimated annual energy consumption\n\n","Estimated annual energy consumption\n\n","Estimated annual energy saving\n\n","Estimated annual emission reduction\n-via Grid*\n","Estimated annual emission reduction\n-via 100% Renewables*"]
[null,null,null,null,"kWh","kWh","kWh","tCO2-e","tCO2-e"]
[null,"Example","Hot water system","Replacing 1 standard electric hot water system with 1 energy-efficient heat pump hot water system, located in common area gym\nCalculation: Estimated that the standard system runs for 3 hours per day for 365 days, and electrict heat pump has a *COP of 3.5\nStandard est. energy consumption = (3.6kW × 3h × 365 days) = 3,942kWh\nProposed est. energy consumption = 3,942kWh / 3.5 (COP) = 1,126kWh",3942,1126,{"$f":"E6 - F6","v":2816},{"$f":"G6*'HIDE Setup'!B20","v":1.5769599999999999},{"$f":"E6*'HIDE Setup'!B20","v":2.2075199999999997}]
[null,"A","Select",null,null,null,{"$f":"E7 - F7","v":0},{"$f":"G7*'HIDE Setup'!B20","v":0},{"$f":"E7*'HIDE Setup'!B20","v":0}]
[null,{"$f":"CHAR(CODE(B7)+1)","v":"B"},"Select",null,null,null,0,{"$f":"G8*'HIDE Setup'!B20","v":0},{"$f":"E8*'HIDE Setup'!B20","v":0}]
[null,"C","Select",null,null,null,0,{"$f":"G9*'HIDE Setup'!B20","v":0},{"$f":"E9*'HIDE Setup'!B20","v":0}]
[null,"Total",null,null,{"$f":"SUM(E7:E9)","v":0},{"$f":"SUM(F7:F9)","v":0},{"$f":"SUM(G7:G9)","v":0},{"$f":"SUM(H7:H9)","v":0},{"$f":"SUM(I7:I9)","v":0}]
[null,null,"Are you looking for information on how to select an energy efficient system? Check out these helpful guides from the Australia Government ",null,"CLICK HERE"]
[null,"NOTE","Applicants should demonstrate they have considered multiple options and have proposed an energy‑efficient solution. Standard reflects an average product with the proposed as more energy efficient\n\n*Coefficient of Performance (COP) is how much heat energy a system delivers compared to how much electrical energy it uses. A COP of 3.5 means it delivers 3.5 units of heat for every 1 unit of electricity consumed.\n\nYour facility manager, contractor, or supplier may be able to assist in estimating the annual energy consumptions of the current and proposed systems.\n\nAlternatively, the following formula can be considered to estimate the energy consumption:  [Number of units x rated system power (kW) x hours of use per day x 365 days]\n\n*As renewables replace gas and coal in the grid or solar is added to the building, then additional emissions reductions will be achieved."]

{"sheet":"Electrification","index":2,"n_rows":12,"n_cols":12,"rows_kept":12,"cut":false,"hidden":false,"merged":[[10,1,10,3],[11,2,11,11],[2,7,2,8],[0,1,0,2],[0,4,0,9],[2,1,4,2],[2,3,4,3],[2,4,2,6],[2,9,2,11],[3,4,3,5]]}
[null,"Energy Data Sheet\nElectrification"]
[]
[null,"Project Type\n\nPlease select from the dropdown list.\nWhere multiple upgrades are proposed, complete additional rows as required.",null,"Project Description & Brief Calculations\n\nFor example, What is currently in place? Where is it located? What is newly proposed?  (maximum 50 words)\n\nPlease also provide a brief description of your calculations. ","Standard",null,null,"Proposed",null,"Measurable Outcome"]
[null,null,null,null,"Estimated annual\nenergy consumption\n\n",null,"Estimated annual\nenergy emissions\n\n","Estimated annual\nenergy consumption\n\n","Estimated annual\nenergy emissions\n\n","Estimated annual energy saving \n\n","Estimated annual emission reduction\n- via Grid*\n","Estimated annual emission reduction\n- via Renewables*"]
[null,null,null,null,"MJ","kWhe","tCO2-e","kWh","tCO2-e","kWhe","tCO2-e","tCO2-e"]
[null,"Example ","Gas cooking appliance replacement"]
[null,"Example ","Gas hot water system replacement","Replace gas hot water system with an efficient electric heat pump hot water system, located in\nCalculation: New electric heat pump with a Coefficient of Performance (COP) of 2 obtained from manufacturers data sheets.\nStandard est. energy consumption is taken from gas bills / meter readings = 20,000MJ (or 5,556kWh)\nProposed est. energy consumption = 5,556kWh / 2 (COP) = 2,778kWh (see note*)",20000,{"$f":"E7*'HIDE Setup'!B26","v":5555.6},{"$f":"E7*'HIDE Setup'!B19","v":1.1126},2778,{"$f":"H7*'HIDE Setup'!B20","v":1.55568},{"$f":"F7-H7","v":2777.6000000000004},{"$f":"G7-I7","v":-0.44307999999999992},{"$f":"G7","v":1.1126}]
[null,"A","Select",null,null,{"$f":"E8*'HIDE Setup'!B26","v":0},{"$f":"E8*'HIDE Setup'!B19","v":0},null,{"$f":"H8*'HIDE Setup'!B20","v":0},{"$f":"F8-H8","v":0},{"$f":"G8-I8","v":0},{"$f":"G8","v":0}]
[null,{"$f":"CHAR(CODE(B8)+1)","v":"B"},"Select",null,null,{"$f":"E9*'HIDE Setup'!B26","v":0},{"$f":"E9*'HIDE Setup'!B19","v":0},null,{"$f":"H9*'HIDE Setup'!B20","v":0},0,0,0]
[null,"C","Select",null,null,{"$f":"E10*'HIDE Setup'!B26","v":0},{"$f":"E10*'HIDE Setup'!B19","v":0},null,{"$f":"H10*'HIDE Setup'!B20","v":0},0,0,0]
[null,"Total",null,null,{"$f":"SUM(E8:E10)","v":0},{"$f":"SUM(F8:F10)","v":0},0,0,0,0,0,0]
[null,"NOTE","Your facility manager, contractor, or supplier may be able to assist in estimating the annual energy consumptions of the current and proposed systems.\n\nAlternatively, the following formula can be considered to estimate the energy consumption:  [Number of units x rated system power (kW) x hours of use per day x 365 days]\n\n*Coefficient of Performance (COP) is how much heat energy a system delivers compared to how much electrical energy it uses. A COP of  2 means it delivers 2 units of heat for every 1 unit of electricity consumed.\n\n*Electrification may not always result in immediate energy/emission reductions, however, as renewables replace gas and coal in the grid or solar is added to the building, electrification will result in additional emission reductions."]

{"sheet":"Electric Vehicle","index":3,"n_rows":13,"n_cols":9,"rows_kept":13,"cut":false,"hidden":false,"merged":[[12,2,12,8],[2,4,2,5],[2,6,2,7],[0,1,0,3],[0,4,0,8],[2,1,4,2],[2,3,4,3],[9,1,9,3],[10,2,10,3],[11,2,11,4]]}
[null,"Energy Data Sheet\nElectric Vehicle"]
[]
[null,"Project Type\n\nPlease select from the dropdown list.\nWhere multiple upgrades are proposed, complete additional rows as required.",null,"Project Description & Brief Calculations\n\nFor example, What is currently in place? Where is it located? What is newly proposed? (maximum 50 words)\n\nPlease also provide a brief description of your calculations. ","Standard",null,"Proposed",null,"Measurable Outcome"]
[null,null,null,null,"Estimated annual\npetrol consumption\n\n","Estimated annual\npetrol emission\n\n","Estimated annual energy consumption \n\n","Estimated annual energy emissions\n\n","Estimated annual emission reduction\n- via Grid*\n"]
[null,null,null,null,"L","tCO2-e","kWh","tCO2-e","tCO2-e"]
[null,"Example","Electrical vehicle charger","Replacing 1x petrol vehicle with an electic vehicle and an on-site charger\nCalculation: An average vehicle *2023 Hyundai Kona driving 12,000 km/year.\nStandard est. energy consumption for an average petrol vehicle at 6.9 L/100 km × 12,000 km/year = 828L\nProposed est. energy consumption for an average electric vehicle at 14.3kWh/100 km × 12,000 km/year = 1,716kWh",828,{"$f":"E6*'HIDE Setup'!B22*'HIDE Setup'!B24","v":1.8868414320000002},1716,{"$f":"G6*'HIDE Setup'!B20","v":0.96095999999999993},{"$f":"F6-H6","v":0.92588143200000028}]
[null,"A","Select",null,null,{"$f":"E7*'HIDE Setup'!B22*'HIDE Setup'!B24","v":0},null,{"$f":"G7*'HIDE Setup'!B20","v":0},{"$f":"F7-H7","v":0}]
[null,{"$f":"CHAR(CODE(B7)+1)","v":"B"},"Select",null,null,{"$f":"E8*'HIDE Setup'!B22*'HIDE Setup'!B24","v":0},null,{"$f":"G8*'HIDE Setup'!B20","v":0},0]
[null,"C","Select",null,null,{"$f":"E9*'HIDE Setup'!B22*'HIDE Setup'!B24","v":0},null,{"$f":"G9*'HIDE Setup'!B20","v":0},0]
[null,"Total",null,null,{"$f":"SUM(E7:E9)","v":0},{"$f":"SUM(F7:F9)","v":0},0,0,0]
[null,null,"Are you installing electric vehicle charging in your building? Check out these helpful guides from the Australian Government",null,null,"CLICK HERE"]
[null,null,"*Estimates on an ave. 2023 Hyundai Kona Petrol (6.9 L/100 km) & Electric (14.3kWh/100) driving 12,000 km/yr may be used. Alternatively, use vehcile specific data",null,null,"CLICK HERE"]
[null,"NOTE","Your facility manager, contractor, or supplier may be able to assist in estimating the annual energy consumptions of the current and proposed systems.\n\n*As renewables replace gas and coal in the grid or solar is added to the building, electrification of vehicles will result in additional emissions reductions."]

{"sheet":"Renewables","index":4,"n_rows":13,"n_cols":12,"rows_kept":13,"cut":false,"hidden":false,"merged":[[12,2,12,8],[2,1,4,2],[2,3,4,3],[2,7,2,8],[0,1,0,3],[0,5,0,8],[2,4,2,6],[11,1,11,4]]}
[null,"Energy Data Sheet\nRenewables"]
[]
[null,"Project Type\n\nPlease select from the dropdown list.\nWhere multiple upgrades are\nproposed, complete additional\nrows as required.",null,"Project Description & Brief Calculations\n\nFor example, what is the proposed system? What is the kW rating of the solar panels and inverters or the batteries? How is the system connected to the building, via an embedded network or to the common area only? (maximum 50 words)\n\nPlease also provide a brief desciption of your calculations ","Proposed",null,null,"Measurable Outcome"]
[null,null,null,null,"What area does the renewable energy system serve?\n\n","Rated annual renewable energy generation\n\n","Expected annual renewable\nenergy usage\n\n","Estimated annual renewable energy usage\n\n","Estimated annual emission reduction \n\n"]
[null,null,null,null,null,"kWh","kWh","kWh","tCO2-e"]
[null,"Example","Solar PV ","Installation of 25kW of PV with 20kW inverter connected to common area power inc. lobbie, lift and gym.\nCalculation: *On average 1kW PV panel will generate 4.4kWh per day. Analysing the common area energy consumption pattern, it is estimated only 70% renewable energy will be used.\nRated annual output = 4.4kWh x 20 kW x 365days = 32,120 kWh\nExpected annual usage = 32,120kWh x 0.7 = 22,484kWh","Common area",32120,22484,{"$f":"G6","v":22484},{"$f":"H6*'HIDE Setup'!B20","v":12.59104}]
[null,"A","Select",null,null,null,null,{"$f":"G7","v":0},{"$f":"H7*'HIDE Setup'!B20","v":0},null,null,{"$f":"IF(#REF!=\"Yes\",H7,0)","v":{"$error":"#REF!"}}]
[null,{"$f":"CHAR(CODE(B7)+1)","v":"B"},"Select",null,null,null,null,0,{"$f":"H8*'HIDE Setup'!B20","v":0},null,null,{"$f":"IF(#REF!=\"Yes\",H8,0)","v":{"$error":"#REF!"}}]
[null,"C","Select",null,null,null,null,0,{"$f":"H9*'HIDE Setup'!B20","v":0},null,null,{"$f":"IF(#REF!=\"Yes\",H9,0)","v":{"$error":"#REF!"}}]
[null,"D","Select",null,null,null,null,{"$f":"IF(ISNUMBER(G10), G10, \"\")","v":""},{"$f":"IFERROR(H10*'HIDE Setup'!$B$20, \"\")","v":""},null,null,{"$f":"IF(#REF!=\"Yes\",H10,0)","v":{"$error":"#REF!"}}]
[null,{"$f":"CHAR(CODE(B10)+1)","v":"E"},"Select",null,null,null,null,"",{"$f":"IFERROR(H11*'HIDE Setup'!$B$20, \"\")","v":""},null,null,{"$f":"IF(#REF!=\"Yes\",H11,0)","v":{"$error":"#REF!"}}]
[null,"Total",null,null,null,{"$f":"IF(COUNT(F7:F11)=0, \"0\", IFERROR(SUM(IF(ISNUMBER(F7:F11), F7:F11)), \"\"))","v":"0"},{"$f":"IF(COUNT(G7:G11)=0, \"0\", IFERROR(SUM(IF(ISNUMBER(G7:G11), G7:G11)), \"\"))","v":"0"},{"$f":"IF(COUNT(H7:H11)=0, \"0\", IFERROR(SUM(IF(ISNUMBER(H7:H11), H7:H11)), \"\"))","v":0},{"$f":"IF(COUNT(I7:I11)=0, \"0\", IFERROR(SUM(IF(ISNUMBER(I7:I11), I7:I11)), \"\"))","v":0},null,null,{"$f":"SUM(L7:L11)","v":{"$error":"#REF!"}}]
[null,"NOTE","*On average 1kW PV panel will generate 4.4kWh per day https://www.energy.gov.au/solar/get-know-solar-technology/solar-panels#measuring-solar-power-1 \n\nRated annual energy generation / output from the proposed system: If it is a PV system with or without battery, it's defined as the electricity expected to be generated by the system annually.\n\nRated annual energy generation / output from the proposed system: If it is a battery system only, it's defined as the electricity expected to be discharged from the system annually.\n\nExpected annual renewable energy usage: Is the the amount of renewable energy that is expected to be used in building according to the demand profile."]

{"sheet":"HIDE Setup","index":5,"n_rows":31,"n_cols":11,"rows_kept":31,"cut":false,"hidden":true,"merged":[]}
["Workbook Setup",null,null,null,null,"Preset text"]
["The (live) version is an unprotected  workbook for City of Perth use only.",null,null,null,null,"Energy Efficiency","Electrification","Renewables","Electric Vehicle","Yes/No","Renewables - Area"]
["Protected password is: CityOfPerthCund@ll",null,null,null,null,"Select","Select","Select","Select",null,"Select"]
[null,null,null,null,null,"Lighting upgrade","Gas hot water system replacement","Solar PV ","Electric vehicle charger","Yes","Common area"]
["Save a copy of the Protected (locked) workbook to upload onto the grants webpage",null,null,null,null,"Hot water system upgrade","Gas space heating system replacement","Solar PV with battery",null,"No","Common area & resdiential units"]
["To Protect the Sheet","To Protect the Workbook ",null,null,null,"Pumps and motors upgrade","Gas cooking appliance replacement","Battery to an existing solar PV",null,null,"Residential units"]
[">Go to Review tab in the menu",">Rightclick on the HIDE Setup tab and select hide",null,null,null,"Lifts upgrade","Other","Other"]
[">Select Protect Sheet",">Ensure ONLY the Intro | Energy Ef. | Electrif. | Electric Ve. | Renew. sheets are shown)",null,null,null,"Air Conditioning upgrade"]
[">Add password",">Go to Review tab in the menu",null,null,null,"Ventilation fans upgrade"]
[">Repeat for all sheets/tabs",">Select Protect Workbook",null,null,null,"Building tuning"]
[null,">Add password",null,null,null,"Other"]
[]
[]
[]
["Emissions Factors "]
["Emissions Factors to be updated every year according to Australian National Greenhouse Account Factors - WA SWIS",null,null,null,null,null,"Colour Palette"]
[]
["Emmision Factors"]
["Gas",5.5630000000000001E-5,"tCO2-e/MJ"]
["Electricity",5.5999999999999995E-4,"tCO2-e/kWh"]
["Petrol",67.62,"kgCO2-e/GJ"]
["Petrol",{"$f":"B21/1000000","v":6.7620000000000006E-5},"kgCO2-e/MJ"]
["Calorific Factor"]
["Petrol MJ/Litre",33.700000000000003]
["Conversion"]
["Gas MJ/kWhe",0.27778000000000003]
[]
[]
["Australian National Greenhouse Accounts Factors "]
["https://www.dcceew.gov.au/climate-change/publications/national-greenhouse-accounts-factors"]
["At time of grant program launch 20-07-26, National Greenhouse Account Factors 2025 is available and used as below."]

{"sheet":"Apartment Buildings","index":6,"n_rows":120,"n_cols":34,"rows_kept":120,"cut":false,"hidden":true,"merged":[[17,7,17,8],[18,7,18,8],[53,7,54,7],[59,7,60,7],[27,7,27,8],[22,7,22,8],[38,7,39,7],[46,7,47,7],[2,3,2,4],[24,7,24,8],[25,7,25,8],[26,7,26,8],[2,5,2,8],[6,1,6,8],[11,7,11,8],[3,1,3,7],[20,7,20,8],[21,7,21,8],[15,7,15,8],[19,7,19,8],[12,7,12,8],[13,7,13,8],[14,7,14,8],[16,7,16,8],[37,1,41,1],[46,5,47,5],[45,1,49,1],[46,4,47,4],[58,4,58,5],[37,4,37,5],[40,4,40,5],[39,2,39,3],[47,2,47,3],[41,4,41,5],[59,4,60,5],[60,2,60,3],[61,4,61,5],[62,4,62,5],[52,1,56,1],[53,4,54,4],[54,2,54,3],[53,5,54,5],[58,1,62,1]]}
[]
[]
[null,null,null,"NSW Government\n4 Parramatta Square\n12 Darcy Street\nParramatta, NSW 2150",null,"T (02) 9995 5000\nE nabers@environment.nsw.gov.au\nW nabers.gov.au "]
[null,"NABERS Energy for Apartment Buildings\nPrediction Tool"]
[null,"Version:",2,null,"Date:","2023-07-04"]
[]
[null,"The emissions factors used to calculate NABERS Energy ratings will be updated every 5 years, to reflect that the electricity grid is decarbonising. This tool helps you understand how ratings are likely to change over time with the following results:\n~ \"Current\" Result: This is the estimated current star rating result of your NABERS Energy rating with Rating Period start date 1 July 2020 onwards. The emissions factors used to calculate these ratings are the updated 2020 National Greenhouse Accounts. \n~ \"Former (Rating Period Prior to 1 July 2020)\" Result: This is the estimated star rating result of your NABERS Energy rating with Rating Period start date prior to 1 July 2020, which uses the old rating calculation.\n~ \"Predicted 2025\" and \"Predicted 2030\" Results: These are predictions of the rating results based on the forecasted electricity grid emission factors. \n~~ Scenario 1 is based on the predictions provided by the Australian Government1. \n~~ Scenario 2 forecasts assume that by 2030 the electricity grid will have decarbonised twice as fast as in Scenario 1.\n\n1Source: Appendix C, Australia's emissions projections. https://www.industry.gov.au/publications/australias-emissions-projections-2020 "]
[]
[]
[null,"ENTER THE APARTMENT BUILDING INFORMATION"]
[]
[null,"Building Postcode",null,null,null,null,null,6000,null,{"$f":"IF(AND(H12=\"\",H25=\"\"),\"\",IF(ISNA(#REF!),\"ERROR: Please enter a valid postcode\",\"\"))","v":{"$error":"#REF!"}}]
[null,"Total number of apartments in the scheme",null,null,null,null,null,{"$f":"#REF!","v":{"$error":"#REF!"}}]
[null,"Number of centrally air-conditioned apartments",null,null,null,null,null,{"$f":"IF(#REF!=\"Yes\",#REF!,0)","v":{"$error":"#REF!"}}]
[null,"Number of condenser water serviced apartments"]
[null,"Number of no central air-conditioning service apartment",null,null,null,null,null,{"$f":"H13-H14","v":{"$error":"#REF!"}},null,{"$f":"IF(H16<0, \"Number of serviced apartments is greater than number of total apartment. Please review.\", \"\")","v":{"$error":"#REF!"}}]
[null,"Number of lift serviced apartments",null,null,null,null,null,{"$f":"IF(#REF!=\"Yes\",#REF!,0)","v":{"$error":"#REF!"}},null,{"$f":"IF(H17>H13, \"Number of serviced apartments is greater than number of total apartment. Please review.\", \"\")","v":{"$error":"#REF!"}}]
[null,"Number of mechanically ventilated car spaces",null,null,null,null,null,{"$f":"#REF!","v":{"$error":"#REF!"}}]
[null,"Number of naturally ventilated car spaces",null,null,null,null,null,{"$f":"#REF!","v":{"$error":"#REF!"}}]
[null,"Does the scheme have a swimming pool larger than 25 sqm",null,null,null,null,null,{"$f":"#REF!","v":{"$error":"#REF!"}},null,{"$f":"IF(AND(H20=\"Heated Pool\", H21<1), \"The pool must be heated for at least 1 month during the rating period, otherwise it is a non-heated pool\", \"\")","v":{"$error":"#REF!"}}]
[null,{"$f":"IF(H20<>\"No pool\", \"How many months of the rating period was the pool available?\", \"\")","v":{"$error":"#REF!"}},null,null,null,null,null,12]
[null,"Does the scheme have a gym?",null,null,null,null,null,{"$f":"#REF!","v":{"$error":"#REF!"}}]
[null,{"$f":"IF(H22=\"Yes\", \"How many months of the rating period was the gym available?\", \"\")","v":{"$error":"#REF!"}},null,null,null,null,null,12]
[]
[null,"Energy Consumption:",null,null,null,"Electricity (kWh)",null,{"$f":"#REF!","v":{"$error":"#REF!"}}]
[null,null,null,null,null,"Gas (MJ)",null,{"$f":"#REF!","v":{"$error":"#REF!"}}]
[null,null,null,null,null,"Diesel (L)",null,0]
[null,null,null,null,null,"Total Energy Consumption (kWh)",null,{"$f":"H25+H26/3.6+H27*38.6/3.6","v":{"$error":"#REF!"}}]
[null,"All results are an indication only and cannot be promoted or published."]
[]
[null,"RESULTS"]
[]
[]
[null,null,"Benchmarking factor at selected rating",null,null,{"$f":"IF(#REF!<>\"\",TRUNC(#REF!),\"\")","v":{"$error":"#REF!"}}]
[]
[]
[]
[null,"Current"]
[null,null,null,null,{"$f":"IF(OR(H12=\"\",H13=\"\",H25=\"\"),\"\",IFERROR(M120,\"NA\"))","v":{"$error":"#REF!"}},null,null,"STARS"]
[null,null,"STAR RATING"]
[null,null,null,null,{"$f":"IF(OR($E$39=\"NA\",$E$39=\"\",E39=\"ERROR: Please enter valid hours\"), \"ERROR: Please provide inputs\",\"\")","v":{"$error":"#REF!"}}]
[null,null,null,null,{"$f":"IF((M119>6),6,(IFERROR(M119,0)))","v":{"$error":"#REF!"}},null,null,{"$f":"E42","v":{"$error":"#REF!"}}]
[]
[]
[null,null,null,null,"Scenario 1","Scenario 2"]
[null,"Predicted \n2025"]
[null,null,null,null,{"$f":"IF(OR(H12=\"\",H13=\"\",H25=\"\"),\"\", IFERROR(S120,\"NA\"))","v":{"$error":"#REF!"}},{"$f":"IF(OR(H12=\"\",H13=\"\",H25=\"\"),\"\", IFERROR(T120,\"NA\"))","v":{"$error":"#REF!"}},null,"STARS"]
[null,null,"STAR RATING"]
[null,null,null,null,{"$f":"IF(OR($E$47=\"NA\",$E$47=\"\",E47=\"ERROR: Please enter valid hours\"), \"ERROR: Please provide inputs\",\"\")","v":{"$error":"#REF!"}}]
[null,null,null,null,{"$f":"IF((S119>6),6,(IFERROR(S119,0)))","v":{"$error":"#REF!"}},{"$f":"IF((T119>6),6,(IFERROR(T119,0)))","v":{"$error":"#REF!"}}]
[]
[]
[null,"Predicted \n2030"]
[null,null,null,null,{"$f":"IF(OR(H12=\"\",H13=\"\",H25=\"\"),\"\", IFERROR(Y120,\"NA\"))","v":{"$error":"#REF!"}},{"$f":"IF(OR(H12=\"\",H13=\"\",H25=\"\"),\"\", IFERROR(Z120,\"NA\"))","v":{"$error":"#REF!"}},null,"STARS"]
[null,null,"STAR RATING"]
[null,null,null,null,{"$f":"IF(OR($E$54=\"NA\",$E$54=\"\",E54=\"ERROR: Please enter valid hours\"), \"ERROR: Please provide inputs\",\"\")","v":{"$error":"#REF!"}}]
[null,null,null,null,{"$f":"IF((Y119>6),6,(IFERROR(Y119,0)))","v":{"$error":"#REF!"}},{"$f":"IF((Z119>6),6,(IFERROR(Z119,0)))","v":{"$error":"#REF!"}}]
[]
[null,"Former (Rating Period Prior to\n1 July 2020)"]
[null,null,null,null,{"$f":"IF(OR(H12=\"\",H13=\"\",H25=\"\"),\"\", IFERROR(F120,\"NA\"))","v":{"$error":"#REF!"}},null,null,"STARS"]
[null,null,"STAR RATING"]
[null,null,null,null,{"$f":"IF(OR($E$60=\"NA\",$E$60=\"\",E60=\"ERROR: Please enter valid hours\"), \"ERROR: Please provide inputs\",\"\")","v":{"$error":"#REF!"}}]
[null,null,null,null,{"$f":"IF((F119>6),6,(IFERROR(F119,0)))","v":{"$error":"#REF!"}},null,null,{"$f":"E63","v":{"$error":"#REF!"}},null,null,null,null,null,null,null,null,null,null,null,null,null,null,null,null,null,null,"Predicted 2030",{"$f":"$F$65","v":0},1,2,3,4,5,6]
[]
[null,"VISUALISATION OF RESULTS"]
[]
[]
[]
[]
[]
[]
[]
[]
[]
[]
[]
[]
[]
[]
[]
[]
[]
[]
[]
[]
[]
[]
[null,"*Hide below the line*"]
[null,"Calculations"]
[null,"Universal Calcs"]
[null,"State",null,null,null,{"$f":"VLOOKUP($H$12,'Climate by postcode'!$A$3:$E$3730,5,FALSE)","v":"WA"}]
[null,"Central AC Coefficient ",null,null,null,3040.4937715290598]
[null,"Condenser Water Coefficient ",null,null,null,2669.2040701284]
[null,"Lift Coefficient",null,null,null,714.83459060033601]
[null,"Pool Coefficient",null,null,null,{"$f":"IF(H20=\"No pool\",0,IF(H20=\"Non-heated Pool\",662.303,1040.58055956421))","v":{"$error":"#REF!"}}]
[null,"Gym Coefficient",null,null,null,{"$f":"IF(H22=\"Yes\", 470.071920647561, 0)","v":{"$error":"#REF!"}}]
[null,"MV Carpark Coefficient",null,null,null,652.65629472558703]
[null,"NV Carpark Coefficient",null,null,null,{"$f":"F97*0.245251218239256","v":160.06475137296914}]
[]
[null,"Prior to 1 July 2021",null,null,null,null,null,null,"Rating at July 2021",null,null,null,null,null,"Rating at July 2025",null,null,null,"Scenario 1","Scenario 2","Rating at July 2030",null,null,null,"Scenario 1","Scenario 2"]
[null,"SGEelec 2018",null,null,null,{"$f":"VLOOKUP($F$91,SGEx!$A$7:$E$14,2,FALSE)","v":0.95},null,null,"SGEelec 2020",null,null,null,{"$f":"VLOOKUP($F$91,SGEx!$A$19:$E$26,2,FALSE)","v":0.9},null,"SGEelec 2025",null,null,null,{"$f":"VLOOKUP($F$91,SGEx!$A$31:$E$38,2,FALSE)","v":0.62},{"$f":"VLOOKUP($F$91,SGEx!$G$31:$K$38,2,FALSE)","v":0.58299999999999996},"SGEelec 2030",null,null,null,{"$f":"VLOOKUP($F$91,SGEx!$A$43:$E$50,2,FALSE)","v":0.53},{"$f":"VLOOKUP($F$91,SGEx!$G$43:$K$50,2,FALSE)","v":0.26500000000000001}]
[null,"SGEgas 2018",null,null,null,{"$f":"VLOOKUP($F$91,SGEx!$A$7:$E$14,3,FALSE)","v":6.3888888888888884E-2},null,null,"SGEgas 2020",null,null,null,{"$f":"VLOOKUP($F$91,SGEx!$A$19:$E$26,3,FALSE)","v":6.4630000000000007E-2},null,"SGEgas 2025",null,null,null,{"$f":"VLOOKUP($F$91,SGEx!$A$31:$E$38,3,FALSE)","v":6.4630000000000007E-2},{"$f":"VLOOKUP($F$91,SGEx!$G$31:$K$38,3,FALSE)","v":6.4630000000000007E-2},"SGEgas 2030",null,null,null,{"$f":"VLOOKUP($F$91,SGEx!$A$43:$E$50,3,FALSE)","v":6.4630000000000007E-2},{"$f":"VLOOKUP($F$91,SGEx!$G$43:$K$50,3,FALSE)","v":6.4630000000000007E-2}]
[null,"SGEdiese 2018",null,null,null,{"$f":"VLOOKUP($F$91,SGEx!$A$7:$E$14,4,FALSE)","v":2.8486799999999999},null,null,"SGEdiese 2020",null,null,null,{"$f":"VLOOKUP($F$91,SGEx!$A$19:$E$26,4,FALSE)","v":2.8486799999999999},null,"SGEdiese 2025",null,null,null,{"$f":"VLOOKUP($F$91,SGEx!$A$31:$E$38,4,FALSE)","v":2.8486799999999999},{"$f":"VLOOKUP($F$91,SGEx!$G$31:$K$38,4,FALSE)","v":2.8486799999999999},"SGEdiese 2030",null,null,null,{"$f":"VLOOKUP($F$91,SGEx!$A$43:$E$50,4,FALSE)","v":2.8486799999999999},{"$f":"VLOOKUP($F$91,SGEx!$G$43:$K$50,4,FALSE)","v":2.8486799999999999}]
[null,"SSC (A)",null,null,null,"N/A",null,null,"SSC (A)",null,null,null,{"$f":"VLOOKUP($F$91,'SSC (A)'!$A$6:$F$13,2,FALSE)","v":0.95},null,"SSC (A)",null,null,null,{"$f":"VLOOKUP($F$91,'SSC (A)'!$A$6:$F$13,3,FALSE)","v":0.66900000000000004},{"$f":"VLOOKUP($F$91,'SSC (A)'!$A$6:$F$13,5,FALSE)","v":0.63200000000000001},"SSC (A)",null,null,null,{"$f":"VLOOKUP($F$91,'SSC (A)'!$A$6:$F$13,4,FALSE)","v":0.57899999999999996},{"$f":"VLOOKUP($F$91,'SSC (A)'!$A$6:$F$13,6,FALSE)","v":0.313}]
[null,"e: Actual emission per apartment",null,null,null,{"$f":"(F101*$H$25+F102*$H$26+F103*$H$27)/$H$13","v":{"$error":"#REF!"}},null,null,"e: Actual emission per apartment",null,null,null,{"$f":"(M101*$H$25+M102*$H$26+M103*$H$27)/$H$13","v":{"$error":"#REF!"}},null,"e: Actual emission per apartment",null,null,null,{"$f":"(S101*$H$25+S102*$H$26+S103*$H$27)/$H$13","v":{"$error":"#REF!"}},{"$f":"(T101*$H$25+T102*$H$26+T103*$H$27)/$H$13","v":{"$error":"#REF!"}},"e: Actual emission per apartment",null,null,null,{"$f":"(Y101*$H$25+Y102*$H$26+Y103*$H$27)/$H$13","v":{"$error":"#REF!"}},{"$f":"(Z101*$H$25+Z102*$H$26+Z103*$H$27)/$H$13","v":{"$error":"#REF!"}}]
[null,"Intercept",null,null,null,39.326700334909603,null,null,"Intercept",null,null,null,39.326700334909603,null,"Intercept",null,null,null,39.326700334909603,39.326700334909603,"Intercept",null,null,null,39.326700334909603,39.326700334909603]
[null,"Predicted Central AC Emissions",null,null,null,{"$f":"$H$14*$F$92/$H$13","v":{"$error":"#REF!"}},null,null,"Predicted Central AC Emissions",null,null,null,{"$f":"$H$14*$F$92/$H$13","v":{"$error":"#REF!"}},null,"Predicted Central AC Emissions",null,null,null,{"$f":"$H$14*$F$92/$H$13","v":{"$error":"#REF!"}},{"$f":"$H$14*$F$92/$H$13","v":{"$error":"#REF!"}},"Predicted Central AC Emissions",null,null,null,{"$f":"$H$14*$F$92/$H$13","v":{"$error":"#REF!"}},{"$f":"$H$14*$F$92/$H$13","v":{"$error":"#REF!"}}]
[null,"Predicted Condenser Water Emissions",null,null,null,{"$f":"$H$15*$F$93/$H$13","v":{"$error":"#REF!"}},null,null,"Predicted Condenser Water Emissions",null,null,null,{"$f":"$H$15*$F$93/$H$13","v":{"$error":"#REF!"}},null,"Predicted Condenser Water Emissions",null,null,null,{"$f":"$H$15*$F$93/$H$13","v":{"$error":"#REF!"}},{"$f":"$H$15*$F$93/$H$13","v":{"$error":"#REF!"}},"Predicted Condenser Water Emissions",null,null,null,{"$f":"$H$15*$F$93/$H$13","v":{"$error":"#REF!"}},{"$f":"$H$15*$F$93/$H$13","v":{"$error":"#REF!"}}]
[null,"Predicted Non Central Services Emissions",null,null,null,{"$f":"$H$16*0/$H$13","v":{"$error":"#REF!"}},null,null,"Predicted Non Central Services Emissions",null,null,null,{"$f":"$H$16*0/$H$13","v":{"$error":"#REF!"}},null,"Predicted Non Central Services Emissions",null,null,null,{"$f":"$H$16*0/$H$13","v":{"$error":"#REF!"}},{"$f":"$H$16*0/$H$13","v":{"$error":"#REF!"}},"Predicted Non Central Services Emissions",null,null,null,{"$f":"$H$16*0/$H$13","v":{"$error":"#REF!"}},{"$f":"$H$16*0/$H$13","v":{"$error":"#REF!"}}]
[null,"Predicted Lift Emissions",null,null,null,{"$f":"$H$17*$F$94/$H$13","v":{"$error":"#REF!"}},null,null,"Predicted Lift Emissions",null,null,null,{"$f":"$H$17*$F$94/$H$13","v":{"$error":"#REF!"}},null,"Predicted Lift Emissions",null,null,null,{"$f":"$H$17*$F$94/$H$13","v":{"$error":"#REF!"}},{"$f":"$H$17*$F$94/$H$13","v":{"$error":"#REF!"}},"Predicted Lift Emissions",null,null,null,{"$f":"$H$17*$F$94/$H$13","v":{"$error":"#REF!"}},{"$f":"$H$17*$F$94/$H$13","v":{"$error":"#REF!"}}]
[null,"Predicted Pool Emissions",null,null,null,{"$f":"$F$95*($H$21/12)","v":{"$error":"#REF!"}},null,null,"Predicted Pool Emissions",null,null,null,{"$f":"$F$95*($H$21/12)","v":{"$error":"#REF!"}},null,"Predicted Pool Emissions",null,null,null,{"$f":"$F$95*($H$21/12)","v":{"$error":"#REF!"}},{"$f":"$F$95*($H$21/12)","v":{"$error":"#REF!"}},"Predicted Pool Emissions",null,null,null,{"$f":"$F$95*($H$21/12)","v":{"$error":"#REF!"}},{"$f":"$F$95*($H$21/12)","v":{"$error":"#REF!"}}]
[null,"Predicted Gym Emissions",null,null,null,{"$f":"$F$96*($H$23/12)","v":{"$error":"#REF!"}},null,null,"Predicted Gym Emissions",null,null,null,{"$f":"$F$96*($H$23/12)","v":{"$error":"#REF!"}},null,"Predicted Gym Emissions",null,null,null,{"$f":"$F$96*($H$23/12)","v":{"$error":"#REF!"}},{"$f":"$F$96*($H$23/12)","v":{"$error":"#REF!"}},"Predicted Gym Emissions",null,null,null,{"$f":"$F$96*($H$23/12)","v":{"$error":"#REF!"}},{"$f":"$F$96*($H$23/12)","v":{"$error":"#REF!"}}]
[null,"Predicted Car Park Emissions",null,null,null,{"$f":"($H$18*$F$97+$H$19*$F$98)/$H$13","v":{"$error":"#REF!"}},null,null,"Predicted Car Park Emissions",null,null,null,{"$f":"($H$18*$F$97+$H$19*$F$98)/$H$13","v":{"$error":"#REF!"}},null,"Predicted Car Park Emissions",null,null,null,{"$f":"($H$18*$F$97+$H$19*$F$98)/$H$13","v":{"$error":"#REF!"}},{"$f":"($H$18*$F$97+$H$19*$F$98)/$H$13","v":{"$error":"#REF!"}},"Predicted Car Park Emissions",null,null,null,{"$f":"($H$18*$F$97+$H$19*$F$98)/$H$13","v":{"$error":"#REF!"}},{"$f":"($H$18*$F$97+$H$19*$F$98)/$H$13","v":{"$error":"#REF!"}}]
[null,"er: Predicted emissions per apartment",null,null,null,{"$f":"F106+F107+F108+F109+F110+F111+F112+F113","v":{"$error":"#REF!"}},null,null,"er: Predicted emissions per apartment",null,null,null,{"$f":"(M106+M107+M108+M109+M110+M111+M112+M113)*M104","v":{"$error":"#REF!"}},null,"er: Predicted emissions per apartment",null,null,null,{"$f":"(S106+S107+S108+S109+S110+S111+S112+S113)*S104","v":{"$error":"#REF!"}},{"$f":"(T106+T107+T108+T109+T110+T111+T112+T113)*T104","v":{"$error":"#REF!"}},"er: Predicted emissions per apartment",null,null,null,{"$f":"(Y106+Y107+Y108+Y109+Y110+Y111+Y112+Y113)*Y104","v":{"$error":"#REF!"}},{"$f":"(Z106+Z107+Z108+Z109+Z110+Z111+Z112+Z113)*Z104","v":{"$error":"#REF!"}}]
[null,"BF",null,null,null,{"$f":"(F105/F114)*100","v":{"$error":"#REF!"}},null,null,"BF",null,null,null,{"$f":"(M105/M114)*100","v":{"$error":"#REF!"}},null,"BF",null,null,null,{"$f":"(S105/S114)*100","v":{"$error":"#REF!"}},{"$f":"(T105/T114)*100","v":{"$error":"#REF!"}},"BF",null,null,null,{"$f":"(Y105/Y114)*100","v":{"$error":"#REF!"}},{"$f":"(Z105/Z114)*100","v":{"$error":"#REF!"}}]
[null,"Final Energy Star without GP",null,null,null,{"$f":"VLOOKUP(F115, BenchmarkFactors!$A$2:$C$14,3,TRUE)","v":{"$error":"#REF!"}},null,null,"Final Energy Star without GP",null,null,null,{"$f":"VLOOKUP(M115, BenchmarkFactors!$A$2:$C$14,3,TRUE)","v":{"$error":"#REF!"}},null,"Final Energy Star without GP",null,null,null,{"$f":"VLOOKUP(S115, BenchmarkFactors!$A$2:$C$14,3,TRUE)","v":{"$error":"#REF!"}},{"$f":"VLOOKUP(T115, BenchmarkFactors!$A$2:$C$14,3,TRUE)","v":{"$error":"#REF!"}},"Final Energy Star without GP",null,null,null,{"$f":"VLOOKUP(Y115, BenchmarkFactors!$A$2:$C$14,3,TRUE)","v":{"$error":"#REF!"}},{"$f":"VLOOKUP(Z115, BenchmarkFactors!$A$2:$C$14,3,TRUE)","v":{"$error":"#REF!"}}]
[]
[null,"Results",null,null,null,null,null,null,"Results",null,null,null,null,null,"Results",null,null,null,null,null,"Results"]
[null,"Energy rating two decimal  (without the distinction between below and above 5 stars)",null,null,null,{"$f":"VLOOKUP(IF(F115<BenchmarkFactors!$E$4,BenchmarkFactors!$E$4,F115),BenchmarkFactors!$E$4:$F$604,2,TRUE)","v":{"$error":"#REF!"}},null,null,"Energy rating two decimal  (without the distinction between below and above 5 stars)",null,null,null,{"$f":"VLOOKUP(IF(M115<BenchmarkFactors!$E$4,BenchmarkFactors!$E$4,M115),BenchmarkFactors!$E$4:$F$604,2,TRUE)","v":{"$error":"#REF!"}},null,"Energy rating two decimal  (without the distinction between below and above 5 stars)",null,null,null,{"$f":"VLOOKUP(IF(S115<BenchmarkFactors!$E$4,BenchmarkFactors!$E$4,S115),BenchmarkFactors!$E$4:$F$604,2,TRUE)","v":{"$error":"#REF!"}},{"$f":"VLOOKUP(IF(T115<BenchmarkFactors!$E$4,BenchmarkFactors!$E$4,T115),BenchmarkFactors!$E$4:$F$604,2,TRUE)","v":{"$error":"#REF!"}},"Energy rating two decimal  (without the distinction between below and above 5 stars)",null,null,null,{"$f":"VLOOKUP(IF(Y115<BenchmarkFactors!$E$4,BenchmarkFactors!$E$4,Y115),BenchmarkFactors!$E$4:$F$604,2,TRUE)","v":{"$error":"#REF!"}},{"$f":"VLOOKUP(IF(Z115<BenchmarkFactors!$E$4,BenchmarkFactors!$E$4,Z115),BenchmarkFactors!$E$4:$F$604,2,TRUE)","v":{"$error":"#REF!"}}]
[null,"Energy rating (without the distinction between below and above 5 stars)",null,null,null,{"$f":"IF((ROUNDDOWN(F119*2,0)/2)>6,6,IF((ROUNDDOWN(F119*2,0)/2)<1,0,(ROUNDDOWN(F119*2,0)/2)))","v":{"$error":"#REF!"}},null,null,"Energy rating (without the distinction between below and above 5 stars)",null,null,null,{"$f":"IF((ROUNDDOWN(M119*2,0)/2)>6,6,IF((ROUNDDOWN(M119*2,0)/2)<1,0,(ROUNDDOWN(M119*2,0)/2)))","v":{"$error":"#REF!"}},null,"Energy rating (without the distinction between below and above 5 stars)",null,null,null,{"$f":"IF((ROUNDDOWN(S119*2,0)/2)>6,6,IF((ROUNDDOWN(S119*2,0)/2)<1,0,(ROUNDDOWN(S119*2,0)/2)))","v":{"$error":"#REF!"}},{"$f":"IF((ROUNDDOWN(T119*2,0)/2)>6,6,IF((ROUNDDOWN(T119*2,0)/2)<1,0,(ROUNDDOWN(T119*2,0)/2)))","v":{"$error":"#REF!"}},"Energy rating (without the distinction between below and above 5 stars)",null,null,null,{"$f":"IF((ROUNDDOWN(Y119*2,0)/2)>6,6,IF((ROUNDDOWN(Y119*2,0)/2)<1,0,(ROUNDDOWN(Y119*2,0)/2)))","v":{"$error":"#REF!"}},{"$f":"IF((ROUNDDOWN(Z119*2,0)/2)>6,6,IF((ROUNDDOWN(Z119*2,0)/2)<1,0,(ROUNDDOWN(Z119*2,0)/2)))","v":{"$error":"#REF!"}}]

{"sheet":"Apartment Buildings (2)","index":7,"n_rows":120,"n_cols":34,"rows_kept":120,"cut":false,"hidden":true,"merged":[[12,7,12,8],[2,3,2,4],[2,5,2,8],[3,1,3,7],[6,1,6,8],[11,7,11,8],[25,7,25,8],[13,7,13,8],[14,7,14,8],[15,7,15,8],[16,7,16,8],[17,7,17,8],[18,7,18,8],[19,7,19,8],[20,7,20,8],[21,7,21,8],[22,7,22,8],[24,7,24,8],[26,7,26,8],[27,7,27,8],[37,1,41,1],[37,4,37,5],[38,7,39,7],[39,2,39,3],[40,4,40,5],[41,4,41,5],[52,1,56,1],[53,4,54,4],[53,5,54,5],[53,7,54,7],[54,2,54,3],[45,1,49,1],[46,4,47,4],[46,5,47,5],[46,7,47,7],[47,2,47,3],[58,1,62,1],[58,4,58,5],[59,4,60,5],[59,7,60,7],[60,2,60,3],[61,4,61,5],[62,4,62,5]]}
[]
[]
[null,null,null,"NSW Government\n4 Parramatta Square\n12 Darcy Street\nParramatta, NSW 2150",null,"T (02) 9995 5000\nE nabers@environment.nsw.gov.au\nW nabers.gov.au "]
[null,"NABERS Energy for Apartment Buildings\nPrediction Tool"]
[null,"Version:",2,null,"Date:","2023-07-04"]
[]
[null,"The emissions factors used to calculate NABERS Energy ratings will be updated every 5 years, to reflect that the electricity grid is decarbonising. This tool helps you understand how ratings are likely to change over time with the following results:\n~ \"Current\" Result: This is the estimated current star rating result of your NABERS Energy rating with Rating Period start date 1 July 2020 onwards. The emissions factors used to calculate these ratings are the updated 2020 National Greenhouse Accounts. \n~ \"Former (Rating Period Prior to 1 July 2020)\" Result: This is the estimated star rating result of your NABERS Energy rating with Rating Period start date prior to 1 July 2020, which uses the old rating calculation.\n~ \"Predicted 2025\" and \"Predicted 2030\" Results: These are predictions of the rating results based on the forecasted electricity grid emission factors. \n~~ Scenario 1 is based on the predictions provided by the Australian Government1. \n~~ Scenario 2 forecasts assume that by 2030 the electricity grid will have decarbonised twice as fast as in Scenario 1.\n\n1Source: Appendix C, Australia's emissions projections. https://www.industry.gov.au/publications/australias-emissions-projections-2020 "]
[]
[]
[null,"ENTER THE APARTMENT BUILDING INFORMATION"]
[]
[null,"Building Postcode",null,null,null,null,null,6000,null,{"$f":"IF(AND(H12=\"\",H25=\"\"),\"\",IF(ISNA(#REF!),\"ERROR: Please enter a valid postcode\",\"\"))","v":{"$error":"#REF!"}}]
[null,"Total number of apartments in the scheme",null,null,null,null,null,{"$f":"#REF!","v":{"$error":"#REF!"}}]
[null,"Number of centrally air-conditioned apartments",null,null,null,null,null,{"$f":"IF(#REF!=\"Yes\",#REF!,0)","v":{"$error":"#REF!"}}]
[null,"Number of condenser water serviced apartments"]
[null,"Number of no central air-conditioning service apartment",null,null,null,null,null,{"$f":"H13-H14-H15","v":{"$error":"#REF!"}},null,{"$f":"IF(H16<0, \"Number of serviced apartments is greater than number of total apartment. Please review.\", \"\")","v":{"$error":"#REF!"}}]
[null,"Number of lift serviced apartments",null,null,null,null,null,{"$f":"IF(#REF!=\"Yes\",#REF!,0)","v":{"$error":"#REF!"}},null,{"$f":"IF(H17>H13, \"Number of serviced apartments is greater than number of total apartment. Please review.\", \"\")","v":{"$error":"#REF!"}}]
[null,"Number of mechanically ventilated car spaces",null,null,null,null,null,{"$f":"#REF!","v":{"$error":"#REF!"}}]
[null,"Number of naturally ventilated car spaces",null,null,null,null,null,{"$f":"#REF!","v":{"$error":"#REF!"}}]
[null,"Does the scheme have a swimming pool larger than 25 sqm",null,null,null,null,null,{"$f":"#REF!","v":{"$error":"#REF!"}},null,{"$f":"IF(AND(H20=\"Heated Pool\", H21<1), \"The pool must be heated for at least 1 month during the rating period, otherwise it is a non-heated pool\", \"\")","v":{"$error":"#REF!"}}]
[null,{"$f":"IF(H20<>\"No pool\", \"How many months of the rating period was the pool available?\", \"\")","v":{"$error":"#REF!"}},null,null,null,null,null,12]
[null,"Does the scheme have a gym?",null,null,null,null,null,{"$f":"#REF!","v":{"$error":"#REF!"}}]
[null,{"$f":"IF(H22=\"Yes\", \"How many months of the rating period was the gym available?\", \"\")","v":{"$error":"#REF!"}},null,null,null,null,null,12]
[]
[null,"Energy Consumption:",null,null,null,"Electricity (kWh)",null,{"$f":"#REF!-'Energy Efficiency'!G10+#REF!-Renewables!L12","v":{"$error":"#REF!"}}]
[null,null,null,null,null,"Gas (MJ)",null,{"$f":"#REF!-#REF!","v":{"$error":"#REF!"}}]
[null,null,null,null,null,"Diesel (L)",null,0]
[null,null,null,null,null,"Total Energy Consumption (kWh)",null,{"$f":"H25+H26/3.6+H27*38.6/3.6","v":{"$error":"#REF!"}}]
[null,"All results are an indication only and cannot be promoted or published."]
[]
[null,"RESULTS"]
[]
[]
[null,null,"Benchmarking factor at selected rating",null,null,{"$f":"IF(#REF!<>\"\",TRUNC(#REF!),\"\")","v":{"$error":"#REF!"}}]
[]
[]
[]
[null,"Current"]
[null,null,null,null,{"$f":"IF(OR(H12=\"\",H13=\"\",H25=\"\"),\"\",IFERROR(M120,\"NA\"))","v":{"$error":"#REF!"}},null,null,"STARS"]
[null,null,"STAR RATING"]
[null,null,null,null,{"$f":"IF(OR($E$39=\"NA\",$E$39=\"\",E39=\"ERROR: Please enter valid hours\"), \"ERROR: Please provide inputs\",\"\")","v":{"$error":"#REF!"}}]
[null,null,null,null,{"$f":"IF((M119>6),6,(IFERROR(M119,0)))","v":{"$error":"#REF!"}},null,null,{"$f":"E42","v":{"$error":"#REF!"}}]
[]
[]
[null,null,null,null,"Scenario 1","Scenario 2"]
[null,"Predicted \n2025"]
[null,null,null,null,{"$f":"IF(OR(H12=\"\",H13=\"\",H25=\"\"),\"\", IFERROR(S120,\"NA\"))","v":{"$error":"#REF!"}},{"$f":"IF(OR(H12=\"\",H13=\"\",H25=\"\"),\"\", IFERROR(T120,\"NA\"))","v":{"$error":"#REF!"}},null,"STARS"]
[null,null,"STAR RATING"]
[null,null,null,null,{"$f":"IF(OR($E$47=\"NA\",$E$47=\"\",E47=\"ERROR: Please enter valid hours\"), \"ERROR: Please provide inputs\",\"\")","v":{"$error":"#REF!"}}]
[null,null,null,null,{"$f":"IF((S119>6),6,(IFERROR(S119,0)))","v":{"$error":"#REF!"}},{"$f":"IF((T119>6),6,(IFERROR(T119,0)))","v":{"$error":"#REF!"}}]
[]
[]
[null,"Predicted \n2030"]
[null,null,null,null,{"$f":"IF(OR(H12=\"\",H13=\"\",H25=\"\"),\"\", IFERROR(Y120,\"NA\"))","v":{"$error":"#REF!"}},{"$f":"IF(OR(H12=\"\",H13=\"\",H25=\"\"),\"\", IFERROR(Z120,\"NA\"))","v":{"$error":"#REF!"}},null,"STARS"]
[null,null,"STAR RATING"]
[null,null,null,null,{"$f":"IF(OR($E$54=\"NA\",$E$54=\"\",E54=\"ERROR: Please enter valid hours\"), \"ERROR: Please provide inputs\",\"\")","v":{"$error":"#REF!"}}]
[null,null,null,null,{"$f":"IF((Y119>6),6,(IFERROR(Y119,0)))","v":{"$error":"#REF!"}},{"$f":"IF((Z119>6),6,(IFERROR(Z119,0)))","v":{"$error":"#REF!"}}]
[]
[null,"Former (Rating Period Prior to\n1 July 2020)"]
[null,null,null,null,{"$f":"IF(OR(H12=\"\",H13=\"\",H25=\"\"),\"\", IFERROR(F120,\"NA\"))","v":{"$error":"#REF!"}},null,null,"STARS"]
[null,null,"STAR RATING"]
[null,null,null,null,{"$f":"IF(OR($E$60=\"NA\",$E$60=\"\",E60=\"ERROR: Please enter valid hours\"), \"ERROR: Please provide inputs\",\"\")","v":{"$error":"#REF!"}}]
[null,null,null,null,{"$f":"IF((F119>6),6,(IFERROR(F119,0)))","v":{"$error":"#REF!"}},null,null,{"$f":"E63","v":{"$error":"#REF!"}},null,null,null,null,null,null,null,null,null,null,null,null,null,null,null,null,null,null,"Predicted 2030",{"$f":"$F$65","v":0},1,2,3,4,5,6]
[]
[null,"VISUALISATION OF RESULTS"]
[]
[]
[]
[]
[]
[]
[]
[]
[]
[]
[]
[]
[]
[]
[]
[]
[]
[]
[]
[]
[]
[]
[null,"*Hide below the line*"]
[null,"Calculations"]
[null,"Universal Calcs"]
[null,"State",null,null,null,{"$f":"VLOOKUP($H$12,'Climate by postcode'!$A$3:$E$3730,5,FALSE)","v":"WA"}]
[null,"Central AC Coefficient ",null,null,null,3040.4937715290598]
[null,"Condenser Water Coefficient ",null,null,null,2669.2040701284]
[null,"Lift Coefficient",null,null,null,714.83459060033601]
[null,"Pool Coefficient",null,null,null,{"$f":"IF(H20=\"No pool\",0,IF(H20=\"Non-heated Pool\",662.303,1040.58055956421))","v":{"$error":"#REF!"}}]
[null,"Gym Coefficient",null,null,null,{"$f":"IF(H22=\"Yes\", 470.071920647561, 0)","v":{"$error":"#REF!"}}]
[null,"MV Carpark Coefficient",null,null,null,652.65629472558703]
[null,"NV Carpark Coefficient",null,null,null,{"$f":"F97*0.245251218239256","v":160.06475137296914}]
[]
[null,"Prior to 1 July 2021",null,null,null,null,null,null,"Rating at July 2021",null,null,null,null,null,"Rating at July 2025",null,null,null,"Scenario 1","Scenario 2","Rating at July 2030",null,null,null,"Scenario 1","Scenario 2"]
[null,"SGEelec 2018",null,null,null,{"$f":"VLOOKUP($F$91,SGEx!$A$7:$E$14,2,FALSE)","v":0.95},null,null,"SGEelec 2020",null,null,null,{"$f":"VLOOKUP($F$91,SGEx!$A$19:$E$26,2,FALSE)","v":0.9},null,"SGEelec 2025",null,null,null,{"$f":"VLOOKUP($F$91,SGEx!$A$31:$E$38,2,FALSE)","v":0.62},{"$f":"VLOOKUP($F$91,SGEx!$G$31:$K$38,2,FALSE)","v":0.58299999999999996},"SGEelec 2030",null,null,null,{"$f":"VLOOKUP($F$91,SGEx!$A$43:$E$50,2,FALSE)","v":0.53},{"$f":"VLOOKUP($F$91,SGEx!$G$43:$K$50,2,FALSE)","v":0.26500000000000001}]
[null,"SGEgas 2018",null,null,null,{"$f":"VLOOKUP($F$91,SGEx!$A$7:$E$14,3,FALSE)","v":6.3888888888888884E-2},null,null,"SGEgas 2020",null,null,null,{"$f":"VLOOKUP($F$91,SGEx!$A$19:$E$26,3,FALSE)","v":6.4630000000000007E-2},null,"SGEgas 2025",null,null,null,{"$f":"VLOOKUP($F$91,SGEx!$A$31:$E$38,3,FALSE)","v":6.4630000000000007E-2},{"$f":"VLOOKUP($F$91,SGEx!$G$31:$K$38,3,FALSE)","v":6.4630000000000007E-2},"SGEgas 2030",null,null,null,{"$f":"VLOOKUP($F$91,SGEx!$A$43:$E$50,3,FALSE)","v":6.4630000000000007E-2},{"$f":"VLOOKUP($F$91,SGEx!$G$43:$K$50,3,FALSE)","v":6.4630000000000007E-2}]
[null,"SGEdiese 2018",null,null,null,{"$f":"VLOOKUP($F$91,SGEx!$A$7:$E$14,4,FALSE)","v":2.8486799999999999},null,null,"SGEdiese 2020",null,null,null,{"$f":"VLOOKUP($F$91,SGEx!$A$19:$E$26,4,FALSE)","v":2.8486799999999999},null,"SGEdiese 2025",null,null,null,{"$f":"VLOOKUP($F$91,SGEx!$A$31:$E$38,4,FALSE)","v":2.8486799999999999},{"$f":"VLOOKUP($F$91,SGEx!$G$31:$K$38,4,FALSE)","v":2.8486799999999999},"SGEdiese 2030",null,null,null,{"$f":"VLOOKUP($F$91,SGEx!$A$43:$E$50,4,FALSE)","v":2.8486799999999999},{"$f":"VLOOKUP($F$91,SGEx!$G$43:$K$50,4,FALSE)","v":2.8486799999999999}]
[null,"SSC (A)",null,null,null,"N/A",null,null,"SSC (A)",null,null,null,{"$f":"VLOOKUP($F$91,'SSC (A)'!$A$6:$F$13,2,FALSE)","v":0.95},null,"SSC (A)",null,null,null,{"$f":"VLOOKUP($F$91,'SSC (A)'!$A$6:$F$13,3,FALSE)","v":0.66900000000000004},{"$f":"VLOOKUP($F$91,'SSC (A)'!$A$6:$F$13,5,FALSE)","v":0.63200000000000001},"SSC (A)",null,null,null,{"$f":"VLOOKUP($F$91,'SSC (A)'!$A$6:$F$13,4,FALSE)","v":0.57899999999999996},{"$f":"VLOOKUP($F$91,'SSC (A)'!$A$6:$F$13,6,FALSE)","v":0.313}]
[null,"e: Actual emission per apartment",null,null,null,{"$f":"(F101*$H$25+F102*$H$26+F103*$H$27)/$H$13","v":{"$error":"#REF!"}},null,null,"e: Actual emission per apartment",null,null,null,{"$f":"(M101*$H$25+M102*$H$26+M103*$H$27)/$H$13","v":{"$error":"#REF!"}},null,"e: Actual emission per apartment",null,null,null,{"$f":"(S101*$H$25+S102*$H$26+S103*$H$27)/$H$13","v":{"$error":"#REF!"}},{"$f":"(T101*$H$25+T102*$H$26+T103*$H$27)/$H$13","v":{"$error":"#REF!"}},"e: Actual emission per apartment",null,null,null,{"$f":"(Y101*$H$25+Y102*$H$26+Y103*$H$27)/$H$13","v":{"$error":"#REF!"}},{"$f":"(Z101*$H$25+Z102*$H$26+Z103*$H$27)/$H$13","v":{"$error":"#REF!"}}]
[null,"Intercept",null,null,null,39.326700334909603,null,null,"Intercept",null,null,null,39.326700334909603,null,"Intercept",null,null,null,39.326700334909603,39.326700334909603,"Intercept",null,null,null,39.326700334909603,39.326700334909603]
[null,"Predicted Central AC Emissions",null,null,null,{"$f":"$H$14*$F$92/$H$13","v":{"$error":"#REF!"}},null,null,"Predicted Central AC Emissions",null,null,null,{"$f":"$H$14*$F$92/$H$13","v":{"$error":"#REF!"}},null,"Predicted Central AC Emissions",null,null,null,{"$f":"$H$14*$F$92/$H$13","v":{"$error":"#REF!"}},{"$f":"$H$14*$F$92/$H$13","v":{"$error":"#REF!"}},"Predicted Central AC Emissions",null,null,null,{"$f":"$H$14*$F$92/$H$13","v":{"$error":"#REF!"}},{"$f":"$H$14*$F$92/$H$13","v":{"$error":"#REF!"}}]
[null,"Predicted Condenser Water Emissions",null,null,null,{"$f":"$H$15*$F$93/$H$13","v":{"$error":"#REF!"}},null,null,"Predicted Condenser Water Emissions",null,null,null,{"$f":"$H$15*$F$93/$H$13","v":{"$error":"#REF!"}},null,"Predicted Condenser Water Emissions",null,null,null,{"$f":"$H$15*$F$93/$H$13","v":{"$error":"#REF!"}},{"$f":"$H$15*$F$93/$H$13","v":{"$error":"#REF!"}},"Predicted Condenser Water Emissions",null,null,null,{"$f":"$H$15*$F$93/$H$13","v":{"$error":"#REF!"}},{"$f":"$H$15*$F$93/$H$13","v":{"$error":"#REF!"}}]
[null,"Predicted Non Central Services Emissions",null,null,null,{"$f":"$H$16*0/$H$13","v":{"$error":"#REF!"}},null,null,"Predicted Non Central Services Emissions",null,null,null,{"$f":"$H$16*0/$H$13","v":{"$error":"#REF!"}},null,"Predicted Non Central Services Emissions",null,null,null,{"$f":"$H$16*0/$H$13","v":{"$error":"#REF!"}},{"$f":"$H$16*0/$H$13","v":{"$error":"#REF!"}},"Predicted Non Central Services Emissions",null,null,null,{"$f":"$H$16*0/$H$13","v":{"$error":"#REF!"}},{"$f":"$H$16*0/$H$13","v":{"$error":"#REF!"}}]
[null,"Predicted Lift Emissions",null,null,null,{"$f":"$H$17*$F$94/$H$13","v":{"$error":"#REF!"}},null,null,"Predicted Lift Emissions",null,null,null,{"$f":"$H$17*$F$94/$H$13","v":{"$error":"#REF!"}},null,"Predicted Lift Emissions",null,null,null,{"$f":"$H$17*$F$94/$H$13","v":{"$error":"#REF!"}},{"$f":"$H$17*$F$94/$H$13","v":{"$error":"#REF!"}},"Predicted Lift Emissions",null,null,null,{"$f":"$H$17*$F$94/$H$13","v":{"$error":"#REF!"}},{"$f":"$H$17*$F$94/$H$13","v":{"$error":"#REF!"}}]
[null,"Predicted Pool Emissions",null,null,null,{"$f":"$F$95*($H$21/12)","v":{"$error":"#REF!"}},null,null,"Predicted Pool Emissions",null,null,null,{"$f":"$F$95*($H$21/12)","v":{"$error":"#REF!"}},null,"Predicted Pool Emissions",null,null,null,{"$f":"$F$95*($H$21/12)","v":{"$error":"#REF!"}},{"$f":"$F$95*($H$21/12)","v":{"$error":"#REF!"}},"Predicted Pool Emissions",null,null,null,{"$f":"$F$95*($H$21/12)","v":{"$error":"#REF!"}},{"$f":"$F$95*($H$21/12)","v":{"$error":"#REF!"}}]
[null,"Predicted Gym Emissions",null,null,null,{"$f":"$F$96*($H$23/12)","v":{"$error":"#REF!"}},null,null,"Predicted Gym Emissions",null,null,null,{"$f":"$F$96*($H$23/12)","v":{"$error":"#REF!"}},null,"Predicted Gym Emissions",null,null,null,{"$f":"$F$96*($H$23/12)","v":{"$error":"#REF!"}},{"$f":"$F$96*($H$23/12)","v":{"$error":"#REF!"}},"Predicted Gym Emissions",null,null,null,{"$f":"$F$96*($H$23/12)","v":{"$error":"#REF!"}},{"$f":"$F$96*($H$23/12)","v":{"$error":"#REF!"}}]
[null,"Predicted Car Park Emissions",null,null,null,{"$f":"($H$18*$F$97+$H$19*$F$98)/$H$13","v":{"$error":"#REF!"}},null,null,"Predicted Car Park Emissions",null,null,null,{"$f":"($H$18*$F$97+$H$19*$F$98)/$H$13","v":{"$error":"#REF!"}},null,"Predicted Car Park Emissions",null,null,null,{"$f":"($H$18*$F$97+$H$19*$F$98)/$H$13","v":{"$error":"#REF!"}},{"$f":"($H$18*$F$97+$H$19*$F$98)/$H$13","v":{"$error":"#REF!"}},"Predicted Car Park Emissions",null,null,null,{"$f":"($H$18*$F$97+$H$19*$F$98)/$H$13","v":{"$error":"#REF!"}},{"$f":"($H$18*$F$97+$H$19*$F$98)/$H$13","v":{"$error":"#REF!"}}]
[null,"er: Predicted emissions per apartment",null,null,null,{"$f":"F106+F107+F108+F109+F110+F111+F112+F113","v":{"$error":"#REF!"}},null,null,"er: Predicted emissions per apartment",null,null,null,{"$f":"(M106+M107+M108+M109+M110+M111+M112+M113)*M104","v":{"$error":"#REF!"}},null,"er: Predicted emissions per apartment",null,null,null,{"$f":"(S106+S107+S108+S109+S110+S111+S112+S113)*S104","v":{"$error":"#REF!"}},{"$f":"(T106+T107+T108+T109+T110+T111+T112+T113)*T104","v":{"$error":"#REF!"}},"er: Predicted emissions per apartment",null,null,null,{"$f":"(Y106+Y107+Y108+Y109+Y110+Y111+Y112+Y113)*Y104","v":{"$error":"#REF!"}},{"$f":"(Z106+Z107+Z108+Z109+Z110+Z111+Z112+Z113)*Z104","v":{"$error":"#REF!"}}]
[null,"BF",null,null,null,{"$f":"(F105/F114)*100","v":{"$error":"#REF!"}},null,null,"BF",null,null,null,{"$f":"(M105/M114)*100","v":{"$error":"#REF!"}},null,"BF",null,null,null,{"$f":"(S105/S114)*100","v":{"$error":"#REF!"}},{"$f":"(T105/T114)*100","v":{"$error":"#REF!"}},"BF",null,null,null,{"$f":"(Y105/Y114)*100","v":{"$error":"#REF!"}},{"$f":"(Z105/Z114)*100","v":{"$error":"#REF!"}}]
[null,"Final Energy Star without GP",null,null,null,{"$f":"VLOOKUP(F115, BenchmarkFactors!$A$2:$C$14,3,TRUE)","v":{"$error":"#REF!"}},null,null,"Final Energy Star without GP",null,null,null,{"$f":"VLOOKUP(M115, BenchmarkFactors!$A$2:$C$14,3,TRUE)","v":{"$error":"#REF!"}},null,"Final Energy Star without GP",null,null,null,{"$f":"VLOOKUP(S115, BenchmarkFactors!$A$2:$C$14,3,TRUE)","v":{"$error":"#REF!"}},{"$f":"VLOOKUP(T115, BenchmarkFactors!$A$2:$C$14,3,TRUE)","v":{"$error":"#REF!"}},"Final Energy Star without GP",null,null,null,{"$f":"VLOOKUP(Y115, BenchmarkFactors!$A$2:$C$14,3,TRUE)","v":{"$error":"#REF!"}},{"$f":"VLOOKUP(Z115, BenchmarkFactors!$A$2:$C$14,3,TRUE)","v":{"$error":"#REF!"}}]
[]
[null,"Results",null,null,null,null,null,null,"Results",null,null,null,null,null,"Results",null,null,null,null,null,"Results"]
[null,"Energy rating two decimal  (without the distinction between below and above 5 stars)",null,null,null,{"$f":"VLOOKUP(IF(F115<BenchmarkFactors!$E$4,BenchmarkFactors!$E$4,F115),BenchmarkFactors!$E$4:$F$604,2,TRUE)","v":{"$error":"#REF!"}},null,null,"Energy rating two decimal  (without the distinction between below and above 5 stars)",null,null,null,{"$f":"VLOOKUP(IF(M115<BenchmarkFactors!$E$4,BenchmarkFactors!$E$4,M115),BenchmarkFactors!$E$4:$F$604,2,TRUE)","v":{"$error":"#REF!"}},null,"Energy rating two decimal  (without the distinction between below and above 5 stars)",null,null,null,{"$f":"VLOOKUP(IF(S115<BenchmarkFactors!$E$4,BenchmarkFactors!$E$4,S115),BenchmarkFactors!$E$4:$F$604,2,TRUE)","v":{"$error":"#REF!"}},{"$f":"VLOOKUP(IF(T115<BenchmarkFactors!$E$4,BenchmarkFactors!$E$4,T115),BenchmarkFactors!$E$4:$F$604,2,TRUE)","v":{"$error":"#REF!"}},"Energy rating two decimal  (without the distinction between below and above 5 stars)",null,null,null,{"$f":"VLOOKUP(IF(Y115<BenchmarkFactors!$E$4,BenchmarkFactors!$E$4,Y115),BenchmarkFactors!$E$4:$F$604,2,TRUE)","v":{"$error":"#REF!"}},{"$f":"VLOOKUP(IF(Z115<BenchmarkFactors!$E$4,BenchmarkFactors!$E$4,Z115),BenchmarkFactors!$E$4:$F$604,2,TRUE)","v":{"$error":"#REF!"}}]
[null,"Energy rating (without the distinction between below and above 5 stars)",null,null,null,{"$f":"IF((ROUNDDOWN(F119*2,0)/2)>6,6,IF((ROUNDDOWN(F119*2,0)/2)<1,0,(ROUNDDOWN(F119*2,0)/2)))","v":{"$error":"#REF!"}},null,null,"Energy rating (without the distinction between below and above 5 stars)",null,null,null,{"$f":"IF((ROUNDDOWN(M119*2,0)/2)>6,6,IF((ROUNDDOWN(M119*2,0)/2)<1,0,(ROUNDDOWN(M119*2,0)/2)))","v":{"$error":"#REF!"}},null,"Energy rating (without the distinction between below and above 5 stars)",null,null,null,{"$f":"IF((ROUNDDOWN(S119*2,0)/2)>6,6,IF((ROUNDDOWN(S119*2,0)/2)<1,0,(ROUNDDOWN(S119*2,0)/2)))","v":{"$error":"#REF!"}},{"$f":"IF((ROUNDDOWN(T119*2,0)/2)>6,6,IF((ROUNDDOWN(T119*2,0)/2)<1,0,(ROUNDDOWN(T119*2,0)/2)))","v":{"$error":"#REF!"}},"Energy rating (without the distinction between below and above 5 stars)",null,null,null,{"$f":"IF((ROUNDDOWN(Y119*2,0)/2)>6,6,IF((ROUNDDOWN(Y119*2,0)/2)<1,0,(ROUNDDOWN(Y119*2,0)/2)))","v":{"$error":"#REF!"}},{"$f":"IF((ROUNDDOWN(Z119*2,0)/2)>6,6,IF((ROUNDDOWN(Z119*2,0)/2)<1,0,(ROUNDDOWN(Z119*2,0)/2)))","v":{"$error":"#REF!"}}]

{"sheet":"Reverse Calculator","index":8,"n_rows":202,"n_cols":11,"rows_kept":202,"cut":false,"hidden":true,"merged":[[16,3,17,3],[16,4,17,4],[2,5,2,7],[3,1,3,7],[6,1,6,8],[12,3,13,3],[12,4,13,4],[37,7,37,8],[20,1,20,9],[23,7,23,8],[24,7,24,8],[25,7,25,8],[25,9,27,11],[26,7,26,8],[27,7,27,8],[30,1,30,9],[33,7,33,8],[34,7,34,8],[35,7,35,8],[36,7,36,8],[57,1,57,9],[40,1,40,9],[43,7,43,8],[43,9,45,11],[44,1,44,5],[44,7,44,8],[45,7,45,8],[46,7,46,8],[49,1,49,9],[52,7,52,8],[53,7,53,8],[54,7,54,8],[61,3,61,5],[63,3,63,5],[66,3,66,5],[69,3,69,5],[84,3,84,5]]}
[]
[]
[null,null,null,null,"Department of Planning, Industry and Environment\n4 Parramatta Square\nParramatta  NSW 2150","T (02) 9995 5000\nE nabers@environment.nsw.gov.au \nnabers.gov.au "]
[null,"NABERS Energy and Water for Apartment Buildings\nReverse Calculator"]
[null,"Version:",4,1.2,"Date:","2021-05-01"]
[]
[null,"The NABERS Energy and Water for Apartment Buildings reverse calculator helps you calculate the maximum amounts of energy and water a building can use to achieve a star rating that you specify. To ensure you achieve the rating, you should allow a factor of safety, and not design to the minimum figure for each star band. The outputs are the maximum amounts of energy and water allowed to be used to achieve the rating you nominate."]
[]
[]
[null,"1. ENTER THE STAR RATING YOU WISH TO ACHIEVE"]
[]
[]
[null,null,null,null,"STARS"]
[]
[]
[]
[null,null,null,null,"STARS"]
[]
[]
[]
[null,"2 ENTER BUILDING DATA "]
[]
[]
[null,"Building Postcode"]
[null,"What is the total number of apartments?"]
[null,"How many apartments in this scheme are centrally air-conditioned?",null,null,null,null,null,null,null,{"$f":"IF((CentralACAprts+CondWaterAprt+NoCentralACAprt)>NoofAprts,\"Sum of the apartments that fall within these three categories cannot be higher than total number of apartments\",\"\")","v":""}]
[null,"How many apartments are condenser water serviced?"]
[null,"How many apartments are no central air-conditioning serviced apartments? (no input required)"]
[]
[]
[null,"3 ENTER BUILDING DATA - ENERGY"]
[]
[]
[null,"How many apartments are lift-serviced?",null,null,null,null,null,null,null,{"$f":"IF(LiftAprt>NoofAprts,\"Lift-serviced apartments cannot be higher than total number of apartments\",\"\")","v":""}]
[null,"What sort of pool facility does the scheme have?"]
[null,"Does the scheme have a gym?"]
[null,"How many naturally ventilated car parking spaces are there?"]
[null,"How many mechanically ventilated car parking spaces are there?"]
[]
[]
[null,"4 ENTER BUILDING DATA - WATER"]
[]
[]
[null,"How many apartments are centrally metered?",null,null,null,null,null,null,null,{"$f":"IF((CentralColdWater+ColdWaterCentralDHW+ColdWaterCentralNoDHW)>NoofAprts,\"Sum of the apartments that fall within these three categories cannot be higher than total number of apartments\",\"\")","v":""}]
[null,"How many apartments have their own cold water meter, and are supplied with central domestic hot water?"]
[null,"How many apartments have their own cold water meter, and are NOT supplied with central domestic hot water?"]
[null,"How many apartments in this scheme are central air-conditioning serviced (water)? (no input required)"]
[]
[]
[null,"5 ENTER ENERGY CONSUMPTION BREAKDOWN"]
[]
[]
[null,"Percentage Breakdown of Energy Consumption:",null,null,null,"Electricity"]
[null,{"$f":"IF(SUM(H53:H54)=1,\"\",\"ERROR: Percentage breakdown must total 100%\")","v":"ERROR: Percentage breakdown must total 100%"},null,null,null,"Gas"]
[null,null,null,null,null,"Diesel (Oil)",null,0]
[]
[]
[null,"RESULTS"]
[]
[]
[null,null,null,"Predicted Average Emissions for this Shopping Centre"]
[null,null,null,{"$f":"IF(ISNUMBER(#REF!),#REF!,\"\")","v":""},null,null,null,"kgCO2-e/year"]
[null,null,null,{"$f":"CONCATENATE(\"Maximum Emissions at \",D13, \" Star NABERS Energy\")","v":"Maximum Emissions at  Star NABERS Energy"}]
[null,null,null,{"$f":"IF(ISNUMBER(#REF!),#REF!,\"\")","v":""},null,null,null,"kgCO2-e/year"]
[]
[null,null,null,"Actual Emissions for this Apartment Building - Scope 1, 2 and 3"]
[null,null,null,{"$f":"IF(ISERROR(SUMPRODUCT(F75:F77,H153:H155)),\"\",SUMPRODUCT(F75:F77,H153:H155))","v":""},null,null,null,"kgCO2-e/year"]
[]
[null,null,null,"Actual Emissions for this Apartment Building - Scope 1 and 2"]
[null,null,null,{"$f":"IF(ISERROR(SUMPRODUCT(F75:F77,I153:I155)),\"\",SUMPRODUCT(F75:F77,I153:I155))","v":""},null,null,null,"kgCO2-e/year"]
[]
[]
[null,null,null,"Maximum Allowable Energy Consumption"]
[]
[null,null,null,null,"Electricity",{"$f":"IF(AND(J26=\"\",J34=\"\",J44=\"\"),ROUNDDOWN(H145,0),\"Please check inputs\")","v":0},null,"kWh"]
[null,null,null,null,"Gas",{"$f":"IF(AND(J26=\"\",J34=\"\",J44=\"\"),ROUNDDOWN(H146,0),\"Please check inputs\")","v":0},null,"MJ"]
[null,null,null,null,"Diesel (Oil)",{"$f":"ROUNDDOWN(H147,0)","v":0},null,"kL"]
[]
[]
[]
[null,null,null,"Maximum Allowable Water Consumption"]
[null,null,null,null,"Water",{"$f":"IF(AND(J26=\"\",J34=\"\",J44=\"\"),IF(ISNUMBER(H202),H202,\"\"),\"Please check inputs\")","v":""},null,"kL/year"]
[]
[]
[]
[]
[]
[]
[]
[]
[]
[]
[null,"ENERGY"]
[null,"Predicted Energy Emissions General Inputs",null,null,null,null,null,"1+2+3",null,"kgCO2/MJ"]
[null,"Elec GHG Coeff",null,null,null,null,null,0.9,"kg/kWh",{"$f":"H95*0.278","v":0.25020000000000003}]
[null,"Gas GHG Coeff",null,null,null,null,null,{"$f":"J96*3.6","v":0.23266800000000004},"kg/kWh",6.4630000000000007E-2]
[null,"Diesel GHG Coeff",null,null,null,null,null,{"$f":"2.8487/1000","v":2.8487E-3},"kg/kL",{"$f":"H97*0.0107","v":3.0481089999999998E-5}]
[]
["Func Spec Ref","Predicted Energy Emissions Algorithm Inputs (expand hidden cells to see all Functional Spec references)"]
["APCOF05","Coefficient",null,null,null,null,null,39.326700334909603]
["GN01","Number of Apartments",null,null,null,null,null,{"$f":"NoofAprts","v":0}]
["GN06","number of apartments with Central AC",null,null,null,null,null,{"$f":"CentralACAprts","v":0}]
["E7","Hard coded - takes into account uninhabited apartments",null,null,null,null,null,{"$f":"H102","v":0}]
["F7","Coefficient Total number of Apartments with Central AC",null,null,null,null,null,3040.4937715290598]
["GN08","Number of apartments with condenser water service",null,null,null,null,null,{"$f":"CondWaterAprt","v":0}]
["F8","Coefficient apartments with condenser water services",null,null,null,null,null,2669.2040701284]
["GN10","Apartments not serviced by AC",null,null,null,null,null,{"$f":"NoCentralACAprt","v":0}]
["F9","Coefficient apartments no AC serviced",null,null,null,null,null,0]
["GN13","Number of lift serviced apartments",null,null,null,null,null,{"$f":"LiftAprt","v":0}]
["D12","Coefficient lift serivces",null,null,null,null,null,714.83459060033601]
["GN15","Pool",null,null,null,null,null,{"$f":"Pool","v":{"$error":"#NAME?"}}]
["D17","Coeff Pool only",null,null,null,null,null,662.303]
["GN15","Heated Pool",null,null,null,null,null,{"$f":"HeatedPool","v":{"$error":"#NAME?"}}]
["D16","Coeff heated Pool",null,null,null,null,null,1040.58055956421]
["GN19","Gym",null,null,null,null,null,{"$f":"Gym","v":{"$error":"#NAME?"}}]
["D19","Coeff Gym",null,null,null,null,null,470.071920647561]
["GN12","Number of Mechanically Ventilated Car Parking Spaces",null,null,null,null,null,{"$f":"MVCarParks","v":0}]
[null,"Corrected number of MVCP",null,null,null,null,null,{"$f":"MIN(2*NoofAprts,MVCarParks)","v":0}]
["D22","Coeff MVCP",null,null,null,null,null,652.65629472558703]
["GN11","Number of Naturally Ventilated Car Parking Spaces",null,null,null,null,null,{"$f":"NVCarParks","v":0}]
[null,"Corrected number of NVCP",null,null,null,null,null,{"$f":"MIN(NVCarParks,2*NoofAprts-H118)","v":0}]
["D23","Coeff NVCP",null,null,null,null,null,0.245251218239256]
[]
[null,"Predicted Energy Emissions Final Algorithm"]
["APCOF05","Intercept",null,null,null,null,null,{"$f":"H100","v":39.326700334909603},39.326999999999998]
["PCFF7","Central AC Value",null,null,null,null,null,{"$f":"CentralACAprts*H104/NoofAprts","v":{"$error":"#DIV/0!"}},608.09900000000005]
["PCFF8","Condenser Water Value",null,null,null,null,null,{"$f":"CondWaterAprt*H106/NoofAprts","v":{"$error":"#DIV/0!"}},1067.682]
["PCFD12","No Central Services",null,null,null,null,null,0]
[null,"Lifts",null,null,null,null,null,{"$f":"H110*LiftAprt/NoofAprts","v":{"$error":"#DIV/0!"}},357.41699999999997]
["PCFD16","Heated Pool",null,null,null,null,null,{"$f":"IF(H35=\"Temperature controlled pool\",H114,0)","v":0}]
["PCFD17","Unheated Pool",null,null,null,null,null,{"$f":"IF(H35=\"Unheated pool\",H112,0)","v":0},622.30399999999997]
["PCFD19","Gym",null,null,null,null,null,{"$f":"IF(H36=\"Yes\",H116,0)","v":0},470.072]
["PCFD23","Car Park",null,null,null,null,null,{"$f":"(H118*H119+H121*H122*H119)/NoofAprts","v":{"$error":"#DIV/0!"}},1305.3130000000001]
[null,"A State Specific Coefficient",null,null,null,null,null,0.95]
[]
[null,"Total Predicted Energy Emissions per apartment",null,null,null,null,null,{"$f":"SUM(H125:H133)*H134","v":{"$error":"#DIV/0!"}}]
[null,"Actual/predicted emissions ratio at target star rating",null,null,null,null,null,{"$f":"VLOOKUP(D13,'Rating Bands'!$B$4:$C$15,2,FALSE)-1E-21","v":185.5}]
[]
[null,"Actual NABERS Energy Result"]
[null,"Actual GHG/apartment",null,null,null,null,null,{"$f":"H137*H136/100","v":{"$error":"#DIV/0!"}}]
[null,"Actual GHG, kgCO2",null,null,null,null,null,{"$f":"H140*H101","v":{"$error":"#DIV/0!"}}]
[null,"Actual GHG, kgCO2 (Electricity)",null,null,null,null,null,{"$f":"$H$141*Elec","v":{"$error":"#DIV/0!"}}]
[null,"Actual GHG, kgCO2 (Gas)",null,null,null,null,null,{"$f":"$H$141*(1-Elec)","v":{"$error":"#DIV/0!"}}]
[null,"Actual GHG, kgCO2 (Diesel)",null,null,null,null,null,{"$f":"$H$141*Diesel","v":{"$error":"#DIV/0!"}}]
[null,"Electricity (kWh)",null,null,null,null,null,{"$f":"IF(ISERROR(H142/H95),0,H142/H95)","v":0}]
[null,"Gas (MJ)",null,null,null,null,null,{"$f":"IF(ISERROR(H143/J96),0,H143/J96)","v":0}]
[null,"Diesel (kL)",null,null,null,null,null,{"$f":"IF(ISERROR(H144/H97),0,H144/H97)","v":0}]
[null,"Effective GHG Coefficient",null,null,null,null,null,{"$f":"(H53*J95+H54*J96+H55*J97)","v":0},"kgCO2/MJ"]
[null,"Actual energy consumption MJ",null,null,null,null,null,{"$f":"H141/H148","v":{"$error":"#DIV/0!"}}]
[]
[null,"Raw emission calculations (NGA 2020)",null,null,null,null,null,"Scope 1, 2& 3","Scope 1 & 2"]
[null,"State",null,null,null,null,null,{"$f":"VLOOKUP(H24,'Climate by postcode'!$A$4:$E$3730,5,FALSE)","v":{"$error":"#N/A"}}]
[null,"Elec GHG Coeff 2019",null,null,null,null,null,{"$f":"VLOOKUP(K153,'NGA Factors 2020'!$C$2:$L$20,9,FALSE)","v":{"$error":"#N/A"}},{"$f":"VLOOKUP(K153,'NGA Factors 2020'!$C$2:$L$20,8,FALSE)","v":{"$error":"#N/A"}},"kgCO2/kWh",{"$f":"CONCATENATE(H152,F53)","v":{"$error":"#N/A"}}]
[null,"Gas GHG Coeff 2019",null,null,null,null,null,{"$f":"VLOOKUP(K154,'NGA Factors 2020'!$C$2:$L$20,9,FALSE)","v":{"$error":"#N/A"}},{"$f":"VLOOKUP(K154,'NGA Factors 2020'!$C$2:$L$20,8,FALSE)","v":{"$error":"#N/A"}},"kgCO2/MJ",{"$f":"CONCATENATE(H152,F54)","v":{"$error":"#N/A"}}]
[null,"Diesel GHG Coeff 2019",null,null,null,null,null,{"$f":"'NGA Factors 2020'!K19","v":2.8486799999999999},{"$f":"'NGA Factors 2020'!J19","v":2.7097200000000004},"kgCO2/L",{"$f":"CONCATENATE(H152,F55)","v":{"$error":"#N/A"}}]
[]
[null,"Conversion Factors"]
[null,"Electricity",null,null,null,null,null,3.6,"MJ/kWh"]
[null,"Coal",null,null,null,null,null,22.1,"MJ/kg"]
[null,"Oil",null,null,null,null,null,38.6,"MJ/L"]
[]
[null,"WATER"]
[null,"Number of apartmetnts and flags"]
["GN21","Total number of central water meter serviced apartments",null,null,null,null,null,{"$f":"ColdWaterAprt","v":0}]
["GN23","Total number of apartments own water, supplied by central domestic hot water",null,null,null,null,null,{"$f":"ColdWaterCentralDHW","v":0}]
["GN25","Total number of apartments own water, not supplied by central domestic hot water",null,null,null,null,null,{"$f":"ColdWaterCentralNoDHW","v":0}]
["GN27","Number of apartments that are central air-conditioning serviced (Water)",null,null,null,null,null,{"$f":"CentralACWater","v":0}]
["D31RAF","Single water meter with central services flag",null,null,null,null,null,{"$f":"IF(AND(H164>0,H167>0),1,0)","v":0}]
["D32RAF","Single water meter no central services flag",null,null,null,null,null,{"$f":"IF(AND(H164>0,H167<NoofAprts),1,0)","v":0}]
["D33RAF","Apt water meters, DHW, central services flag",null,null,null,null,null,{"$f":"IF(AND(H165>0,H167>0),1,0)","v":0}]
["D34RAF","Apt water meters, DHW, no central services flag",null,null,null,null,null,{"$f":"IF(AND(H165>0,H167<NoofAprts),1,0)","v":0}]
["D35RAF","Apt water meters, no DHW, central services flag",null,null,null,null,null,{"$f":"IF(AND(H166>0,H167>0),1,0)","v":0}]
["D36RAF","Apt water meters, no DHW, no central services flag",null,null,null,null,null,{"$f":"IF(AND(H166>0,H167<NoofAprts),1,0)","v":0}]
[]
[null,"Water Algorithm inputs"]
["E31","Single Water Meter with Central Services ",null,null,null,null,null,{"$f":"ColdWaterAprt*CentralACWater/NoofAprts","v":{"$error":"#DIV/0!"}}]
["F31","Single Water Meter with Central Services Coefficient",null,null,null,null,null,190]
["E32","Single water meter no central services",null,null,null,null,null,{"$f":"ColdWaterAprt*(NoofAprts-CentralACWater)/NoofAprts","v":{"$error":"#DIV/0!"}}]
["F32","Single water meter no central services Coefficient",null,null,null,null,null,144]
["E33","Apt water meters, DHW, central services",null,null,null,null,null,{"$f":"ColdWaterCentralDHW*CentralACWater/NoofAprts","v":{"$error":"#DIV/0!"}}]
["F33","Apt water meters, DHW, central services Coefficient",null,null,null,null,null,156]
["E34","Apt water meters, DHW, no central services",null,null,null,null,null,{"$f":"ColdWaterCentralDHW*(NoofAprts-CentralACWater)/NoofAprts","v":{"$error":"#DIV/0!"}}]
["F34","Apt water meters, DHW, no central services Coefficient",null,null,null,null,null,110]
["E35","Apt water meters, no DHW, central services",null,null,null,null,null,{"$f":"ColdWaterCentralNoDHW*CentralACWater/NoofAprts","v":{"$error":"#DIV/0!"}}]
["F35","Apt water meters, no DHW, central services Coefficient",null,null,null,null,null,138]
["E36","Apt water meters, no DHW, no central services ",null,null,null,null,null,{"$f":"ColdWaterCentralNoDHW*(NoofAprts-CentralACWater)/NoofAprts","v":{"$error":"#DIV/0!"}}]
["F36","Apt water meters, no DHW, no central services Coefficient ",null,null,null,null,null,92]
[]
[null,"Water Algorithm formula"]
["PCFD31","Single water meter with central services",null,null,null,null,null,{"$f":"H177*H168*H176/NoofAprts","v":{"$error":"#DIV/0!"}}]
["PCFD32","Single water meter no central services",null,null,null,null,null,{"$f":"H179*H169*H178/NoofAprts","v":{"$error":"#DIV/0!"}}]
["PCFD33","Apt water meters, DHW, central services",null,null,null,null,null,{"$f":"H181*H170*H180/NoofAprts","v":{"$error":"#DIV/0!"}}]
["PCFD34","Apt water meters, DHW, no central services",null,null,null,null,null,{"$f":"H183*H171*H182/NoofAprts","v":{"$error":"#DIV/0!"}}]
["PCFD35","Apt water meters, no DHW, central services",null,null,null,null,null,{"$f":"H185*H172*H184/NoofAprts","v":{"$error":"#DIV/0!"}}]
["PCFD36","Apt water meters, no DHW, no central services",null,null,null,null,null,{"$f":"H187*H173*H186/NoofAprts","v":{"$error":"#DIV/0!"}}]
[]
[null,"Total Predicted Water Consumption per apartment",null,null,null,null,null,{"$f":"SUM(H190:H195)","v":{"$error":"#DIV/0!"}}]
[null,"Actual/predicted water ratio at target star rating",null,null,null,null,null,{"$f":"VLOOKUP(D17,'Rating Bands'!$B$4:$C$15,2,FALSE)-1E-21","v":185.5}]
[]
[null,"Actual NABERS Water Result"]
[null,"Total Actual Water Consumption per apartment",null,null,null,null,null,{"$f":"(H198*H197)/100","v":{"$error":"#DIV/0!"}}]
[null,"Total Actual Water Consumption (kL)",null,null,null,null,null,{"$f":"H201*H101","v":{"$error":"#DIV/0!"}}]

{"sheet":"Reverse Calculator_ERF","index":9,"n_rows":202,"n_cols":11,"rows_kept":202,"cut":false,"hidden":true,"merged":[[16,3,17,3],[16,4,17,4],[2,5,2,7],[3,1,3,7],[6,1,6,8],[12,3,13,3],[12,4,13,4],[37,7,37,8],[20,1,20,9],[23,7,23,8],[24,7,24,8],[25,7,25,8],[25,9,27,11],[26,7,26,8],[27,7,27,8],[30,1,30,9],[33,7,33,8],[34,7,34,8],[35,7,35,8],[36,7,36,8],[57,1,57,9],[40,1,40,9],[43,7,43,8],[43,9,45,11],[44,1,44,5],[44,7,44,8],[45,7,45,8],[46,7,46,8],[49,1,49,9],[52,7,52,8],[53,7,53,8],[54,7,54,8],[61,3,61,5],[63,3,63,5],[66,3,66,5],[69,3,69,5],[84,3,84,5]]}
[]
[]
[null,null,null,null,"Department of Planning, Industry and Environment\n4 Parramatta Square\nParramatta  NSW 2150","T (02) 9995 5000\nE nabers@environment.nsw.gov.au \nnabers.gov.au "]
[null,"NABERS Energy and Water for Apartment Buildings\nReverse Calculator"]
[null,"Version:",4,1.2,"Date:","2021-05-01"]
[]
[null,"The NABERS Energy and Water for Apartment Buildings reverse calculator helps you calculate the maximum amounts of energy and water a building can use to achieve a star rating that you specify. To ensure you achieve the rating, you should allow a factor of safety, and not design to the minimum figure for each star band. The outputs are the maximum amounts of energy and water allowed to be used to achieve the rating you nominate."]
[]
[]
[null,"1. ENTER THE STAR RATING YOU WISH TO ACHIEVE"]
[]
[]
[null,null,null,null,"STARS"]
[null,null,null,null,null,{"$f":"(IF((MOD(ROUND(D13*1000,2),10)<>0),\"ERROR: Rating must be in 0.01 star increment\",\"\"))","v":""}]
[]
[]
[null,null,null,null,"STARS"]
[null,null,null,null,null,{"$f":"(IF((MOD(ROUND(D17*1000,2),10)<>0),\"ERROR: Rating must be in 0.01 star increment\",\"\"))","v":""}]
[]
[]
[null,"2 ENTER BUILDING DATA "]
[]
[]
[null,"Building Postcode"]
[null,"What is the total number of apartments?"]
[null,"How many apartments in this scheme are centrally air-conditioned?",null,null,null,null,null,null,null,{"$f":"IF((CentralACAprts+CondWaterAprt+NoCentralACAprt)>NoofAprts,\"Sum of the apartments that fall within these three categories cannot be higher than total number of apartments\",\"\")","v":""}]
[null,"How many apartments are condenser water serviced?"]
[null,"How many apartments are no central air-conditioning serviced apartments? (no input required)"]
[]
[]
[null,"3 ENTER BUILDING DATA - ENERGY"]
[]
[]
[null,"How many apartments are lift-serviced?",null,null,null,null,null,null,null,{"$f":"IF(LiftAprt>NoofAprts,\"Lift-serviced apartments cannot be higher than total number of apartments\",\"\")","v":""}]
[null,"What sort of pool facility does the scheme have?"]
[null,"Does the scheme have a gym?"]
[null,"How many naturally ventilated car parking spaces are there?"]
[null,"How many mechanically ventilated car parking spaces are there?"]
[]
[]
[null,"4 ENTER BUILDING DATA - WATER"]
[]
[]
[null,"How many apartments are centrally metered?",null,null,null,null,null,null,null,{"$f":"IF((CentralColdWater+ColdWaterCentralDHW+ColdWaterCentralNoDHW)>NoofAprts,\"Sum of the apartments that fall within these three categories cannot be higher than total number of apartments\",\"\")","v":""}]
[null,"How many apartments have their own cold water meter, and are supplied with central domestic hot water?"]
[null,"How many apartments have their own cold water meter, and are NOT supplied with central domestic hot water?"]
[null,"How many apartments in this scheme are central air-conditioning serviced (water)? (no input required)"]
[]
[]
[null,"5 ENTER ENERGY CONSUMPTION BREAKDOWN"]
[]
[]
[null,"Percentage Breakdown of Energy Consumption:",null,null,null,"Electricity"]
[null,{"$f":"IF(SUM(H53:H54)=1,\"\",\"ERROR: Percentage breakdown must total 100%\")","v":"ERROR: Percentage breakdown must total 100%"},null,null,null,"Gas"]
[null,null,null,null,null,"Diesel (Oil)",null,0]
[]
[]
[null,"RESULTS"]
[]
[]
[null,null,null,"Predicted Average Emissions for this Shopping Centre"]
[null,null,null,{"$f":"IF(ISNUMBER(#REF!),#REF!,\"\")","v":""},null,null,null,"kgCO2-e/year"]
[null,null,null,{"$f":"CONCATENATE(\"Maximum Emissions at \",D13, \" Star NABERS Energy\")","v":"Maximum Emissions at  Star NABERS Energy"}]
[null,null,null,{"$f":"IF(ISNUMBER(#REF!),#REF!,\"\")","v":""},null,null,null,"kgCO2-e/year"]
[]
[null,null,null,"Actual Emissions for this Apartment Building - Scope 1, 2 and 3"]
[null,null,null,{"$f":"IF(ISERROR(SUMPRODUCT(F75:F77,H153:H155)),\"\",SUMPRODUCT(F75:F77,H153:H155))","v":""},null,null,null,"kgCO2-e/year"]
[]
[null,null,null,"Actual Emissions for this Apartment Building - Scope 1 and 2"]
[null,null,null,{"$f":"IF(ISERROR(SUMPRODUCT(F75:F77,I153:I155)),\"\",SUMPRODUCT(F75:F77,I153:I155))","v":""},null,null,null,"kgCO2-e/year"]
[]
[]
[null,null,null,"Maximum Allowable Energy Consumption"]
[]
[null,null,null,null,"Electricity",{"$f":"IF(AND(J26=\"\",J34=\"\",J44=\"\"),ROUNDDOWN(H145,0),\"Please check inputs\")","v":0},null,"kWh"]
[null,null,null,null,"Gas",{"$f":"IF(AND(J26=\"\",J34=\"\",J44=\"\"),ROUNDDOWN(H146,0),\"Please check inputs\")","v":0},null,"MJ"]
[null,null,null,null,"Diesel (Oil)",{"$f":"ROUNDDOWN(H147,0)","v":0},null,"kL"]
[]
[]
[]
[null,null,null,"Maximum Allowable Water Consumption"]
[null,null,null,null,"Water",{"$f":"IF(AND(J26=\"\",J34=\"\",J44=\"\"),IF(ISNUMBER(H202),H202,\"\"),\"Please check inputs\")","v":""},null,"kL/year"]
[]
[]
[]
[]
[]
[]
[]
[]
[]
[]
[null,"ENERGY"]
[null,"Predicted Energy Emissions General Inputs",null,null,null,null,null,"1+2+3",null,"kgCO2/MJ"]
[null,"Elec GHG Coeff",null,null,null,null,null,0.9,"kg/kWh",{"$f":"H95*0.278","v":0.25020000000000003}]
[null,"Gas GHG Coeff",null,null,null,null,null,{"$f":"J96*3.6","v":0.23266800000000004},"kg/kWh",6.4630000000000007E-2]
[null,"Diesel GHG Coeff",null,null,null,null,null,{"$f":"2.8487/1000","v":2.8487E-3},"kg/kL",{"$f":"H97*0.0107","v":3.0481089999999998E-5}]
[]
["Func Spec Ref","Predicted Energy Emissions Algorithm Inputs (expand hidden cells to see all Functional Spec references)"]
["APCOF05","Coefficient",null,null,null,null,null,39.326700334909603]
["GN01","Number of Apartments",null,null,null,null,null,{"$f":"NoofAprts","v":0}]
["GN06","number of apartments with Central AC",null,null,null,null,null,{"$f":"CentralACAprts","v":0}]
["E7","Hard coded - takes into account uninhabited apartments",null,null,null,null,null,{"$f":"H102","v":0}]
["F7","Coefficient Total number of Apartments with Central AC",null,null,null,null,null,3040.4937715290598]
["GN08","Number of apartments with condenser water service",null,null,null,null,null,{"$f":"CondWaterAprt","v":0}]
["F8","Coefficient apartments with condenser water services",null,null,null,null,null,2669.2040701284]
["GN10","Apartments not serviced by AC",null,null,null,null,null,{"$f":"NoCentralACAprt","v":0}]
["F9","Coefficient apartments no AC serviced",null,null,null,null,null,0]
["GN13","Number of lift serviced apartments",null,null,null,null,null,{"$f":"LiftAprt","v":0}]
["D12","Coefficient lift serivces",null,null,null,null,null,714.83459060033601]
["GN15","Pool",null,null,null,null,null,{"$f":"Pool","v":{"$error":"#NAME?"}}]
["D17","Coeff Pool only",null,null,null,null,null,662.303]
["GN15","Heated Pool",null,null,null,null,null,{"$f":"HeatedPool","v":{"$error":"#NAME?"}}]
["D16","Coeff heated Pool",null,null,null,null,null,1040.58055956421]
["GN19","Gym",null,null,null,null,null,{"$f":"Gym","v":{"$error":"#NAME?"}}]
["D19","Coeff Gym",null,null,null,null,null,470.071920647561]
["GN12","Number of Mechanically Ventilated Car Parking Spaces",null,null,null,null,null,{"$f":"MVCarParks","v":0}]
[null,"Corrected number of MVCP",null,null,null,null,null,{"$f":"MIN(2*NoofAprts,MVCarParks)","v":0}]
["D22","Coeff MVCP",null,null,null,null,null,652.65629472558703]
["GN11","Number of Naturally Ventilated Car Parking Spaces",null,null,null,null,null,{"$f":"NVCarParks","v":0}]
[null,"Corrected number of NVCP",null,null,null,null,null,{"$f":"MIN(NVCarParks,2*NoofAprts-H118)","v":0}]
["D23","Coeff NVCP",null,null,null,null,null,0.245251218239256]
[]
[null,"Predicted Energy Emissions Final Algorithm"]
["APCOF05","Intercept",null,null,null,null,null,{"$f":"H100","v":39.326700334909603},39.326999999999998]
["PCFF7","Central AC Value",null,null,null,null,null,{"$f":"CentralACAprts*H104/NoofAprts","v":{"$error":"#DIV/0!"}},608.09900000000005]
["PCFF8","Condenser Water Value",null,null,null,null,null,{"$f":"CondWaterAprt*H106/NoofAprts","v":{"$error":"#DIV/0!"}},1067.682]
["PCFD12","No Central Services",null,null,null,null,null,0]
[null,"Lifts",null,null,null,null,null,{"$f":"H110*LiftAprt/NoofAprts","v":{"$error":"#DIV/0!"}},357.41699999999997]
["PCFD16","Heated Pool",null,null,null,null,null,{"$f":"IF(H35=\"Temperature controlled pool\",H114,0)","v":0}]
["PCFD17","Unheated Pool",null,null,null,null,null,{"$f":"IF(H35=\"Unheated pool\",H112,0)","v":0},622.30399999999997]
["PCFD19","Gym",null,null,null,null,null,{"$f":"IF(H36=\"Yes\",H116,0)","v":0},470.072]
["PCFD23","Car Park",null,null,null,null,null,{"$f":"(H118*H119+H121*H122*H119)/NoofAprts","v":{"$error":"#DIV/0!"}},1305.3130000000001]
[null,"A State Specific Coefficient",null,null,null,null,null,0.95]
[]
[null,"Total Predicted Energy Emissions per apartment",null,null,null,null,null,{"$f":"SUM(H125:H133)*H134","v":{"$error":"#DIV/0!"}}]
[null,"Actual/predicted emissions ratio at target star rating",null,null,null,null,null,{"$f":"VLOOKUP(D13,'Rating Bands'!$B$18:$C$618,2,FALSE)-1E-21","v":185.5}]
[]
[null,"Actual NABERS Energy Result"]
[null,"Actual GHG/apartment",null,null,null,null,null,{"$f":"H137*H136/100","v":{"$error":"#DIV/0!"}}]
[null,"Actual GHG, kgCO2",null,null,null,null,null,{"$f":"H140*H101","v":{"$error":"#DIV/0!"}}]
[null,"Actual GHG, kgCO2 (Electricity)",null,null,null,null,null,{"$f":"$H$141*Elec","v":{"$error":"#DIV/0!"}}]
[null,"Actual GHG, kgCO2 (Gas)",null,null,null,null,null,{"$f":"$H$141*(1-Elec)","v":{"$error":"#DIV/0!"}}]
[null,"Actual GHG, kgCO2 (Diesel)",null,null,null,null,null,{"$f":"$H$141*Diesel","v":{"$error":"#DIV/0!"}}]
[null,"Electricity (kWh)",null,null,null,null,null,{"$f":"IF(ISERROR(H142/H95),0,H142/H95)","v":0}]
[null,"Gas (MJ)",null,null,null,null,null,{"$f":"IF(ISERROR(H143/J96),0,H143/J96)","v":0}]
[null,"Diesel (kL)",null,null,null,null,null,{"$f":"IF(ISERROR(H144/H97),0,H144/H97)","v":0}]
[null,"Effective GHG Coefficient",null,null,null,null,null,{"$f":"(H53*J95+H54*J96+H55*J97)","v":0},"kgCO2/MJ"]
[null,"Actual energy consumption MJ",null,null,null,null,null,{"$f":"H141/H148","v":{"$error":"#DIV/0!"}}]
[]
[null,"Raw emission calculations (NGA 2020)",null,null,null,null,null,"Scope 1, 2& 3","Scope 1 & 2"]
[null,"State",null,null,null,null,null,{"$f":"VLOOKUP(H24,'Climate by postcode'!$A$4:$E$3730,5,FALSE)","v":{"$error":"#N/A"}}]
[null,"Elec GHG Coeff 2019",null,null,null,null,null,{"$f":"VLOOKUP(K153,'NGA Factors 2020'!$C$2:$L$20,9,FALSE)","v":{"$error":"#N/A"}},{"$f":"VLOOKUP(K153,'NGA Factors 2020'!$C$2:$L$20,8,FALSE)","v":{"$error":"#N/A"}},"kgCO2/kWh",{"$f":"CONCATENATE(H152,F53)","v":{"$error":"#N/A"}}]
[null,"Gas GHG Coeff 2019",null,null,null,null,null,{"$f":"VLOOKUP(K154,'NGA Factors 2020'!$C$2:$L$20,9,FALSE)","v":{"$error":"#N/A"}},{"$f":"VLOOKUP(K154,'NGA Factors 2020'!$C$2:$L$20,8,FALSE)","v":{"$error":"#N/A"}},"kgCO2/MJ",{"$f":"CONCATENATE(H152,F54)","v":{"$error":"#N/A"}}]
[null,"Diesel GHG Coeff 2019",null,null,null,null,null,{"$f":"'NGA Factors 2020'!K19","v":2.8486799999999999},{"$f":"'NGA Factors 2020'!J19","v":2.7097200000000004},"kgCO2/L",{"$f":"CONCATENATE(H152,F55)","v":{"$error":"#N/A"}}]
[]
[null,"Conversion Factors"]
[null,"Electricity",null,null,null,null,null,3.6,"MJ/kWh"]
[null,"Coal",null,null,null,null,null,22.1,"MJ/kg"]
[null,"Oil",null,null,null,null,null,38.6,"MJ/L"]
[]
[null,"WATER"]
[null,"Number of apartmetnts and flags"]
["GN21","Total number of central water meter serviced apartments",null,null,null,null,null,{"$f":"ColdWaterAprt","v":0}]
["GN23","Total number of apartments own water, supplied by central domestic hot water",null,null,null,null,null,{"$f":"ColdWaterCentralDHW","v":0}]
["GN25","Total number of apartments own water, not supplied by central domestic hot water",null,null,null,null,null,{"$f":"ColdWaterCentralNoDHW","v":0}]
["GN27","Number of apartments that are central air-conditioning serviced (Water)",null,null,null,null,null,{"$f":"CentralACWater","v":0}]
["D31RAF","Single water meter with central services flag",null,null,null,null,null,{"$f":"IF(AND(H164>0,H167>0),1,0)","v":0}]
["D32RAF","Single water meter no central services flag",null,null,null,null,null,{"$f":"IF(AND(H164>0,H167<NoofAprts),1,0)","v":0}]
["D33RAF","Apt water meters, DHW, central services flag",null,null,null,null,null,{"$f":"IF(AND(H165>0,H167>0),1,0)","v":0}]
["D34RAF","Apt water meters, DHW, no central services flag",null,null,null,null,null,{"$f":"IF(AND(H165>0,H167<NoofAprts),1,0)","v":0}]
["D35RAF","Apt water meters, no DHW, central services flag",null,null,null,null,null,{"$f":"IF(AND(H166>0,H167>0),1,0)","v":0}]
["D36RAF","Apt water meters, no DHW, no central services flag",null,null,null,null,null,{"$f":"IF(AND(H166>0,H167<NoofAprts),1,0)","v":0}]
[]
[null,"Water Algorithm inputs"]
["E31","Single Water Meter with Central Services ",null,null,null,null,null,{"$f":"ColdWaterAprt*CentralACWater/NoofAprts","v":{"$error":"#DIV/0!"}}]
["F31","Single Water Meter with Central Services Coefficient",null,null,null,null,null,190]
["E32","Single water meter no central services",null,null,null,null,null,{"$f":"ColdWaterAprt*(NoofAprts-CentralACWater)/NoofAprts","v":{"$error":"#DIV/0!"}}]
["F32","Single water meter no central services Coefficient",null,null,null,null,null,144]
["E33","Apt water meters, DHW, central services",null,null,null,null,null,{"$f":"ColdWaterCentralDHW*CentralACWater/NoofAprts","v":{"$error":"#DIV/0!"}}]
["F33","Apt water meters, DHW, central services Coefficient",null,null,null,null,null,156]
["E34","Apt water meters, DHW, no central services",null,null,null,null,null,{"$f":"ColdWaterCentralDHW*(NoofAprts-CentralACWater)/NoofAprts","v":{"$error":"#DIV/0!"}}]
["F34","Apt water meters, DHW, no central services Coefficient",null,null,null,null,null,110]
["E35","Apt water meters, no DHW, central services",null,null,null,null,null,{"$f":"ColdWaterCentralNoDHW*CentralACWater/NoofAprts","v":{"$error":"#DIV/0!"}}]
["F35","Apt water meters, no DHW, central services Coefficient",null,null,null,null,null,138]
["E36","Apt water meters, no DHW, no central services ",null,null,null,null,null,{"$f":"ColdWaterCentralNoDHW*(NoofAprts-CentralACWater)/NoofAprts","v":{"$error":"#DIV/0!"}}]
["F36","Apt water meters, no DHW, no central services Coefficient ",null,null,null,null,null,92]
[]
[null,"Water Algorithm formula"]
["PCFD31","Single water meter with central services",null,null,null,null,null,{"$f":"H177*H168*H176/NoofAprts","v":{"$error":"#DIV/0!"}}]
["PCFD32","Single water meter no central services",null,null,null,null,null,{"$f":"H179*H169*H178/NoofAprts","v":{"$error":"#DIV/0!"}}]
["PCFD33","Apt water meters, DHW, central services",null,null,null,null,null,{"$f":"H181*H170*H180/NoofAprts","v":{"$error":"#DIV/0!"}}]
["PCFD34","Apt water meters, DHW, no central services",null,null,null,null,null,{"$f":"H183*H171*H182/NoofAprts","v":{"$error":"#DIV/0!"}}]
["PCFD35","Apt water meters, no DHW, central services",null,null,null,null,null,{"$f":"H185*H172*H184/NoofAprts","v":{"$error":"#DIV/0!"}}]
["PCFD36","Apt water meters, no DHW, no central services",null,null,null,null,null,{"$f":"H187*H173*H186/NoofAprts","v":{"$error":"#DIV/0!"}}]
[]
[null,"Total Predicted Water Consumption per apartment",null,null,null,null,null,{"$f":"SUM(H190:H195)","v":{"$error":"#DIV/0!"}}]
[null,"Actual/predicted water ratio at target star rating",null,null,null,null,null,{"$f":"VLOOKUP(D17,'Rating Bands'!$B$18:$C$618,2,FALSE)-1E-21","v":185.5}]
[]
[null,"Actual NABERS Water Result"]
[null,"Total Actual Water Consumption per apartment",null,null,null,null,null,{"$f":"(H198*H197)/100","v":{"$error":"#DIV/0!"}}]
[null,"Total Actual Water Consumption (kL)",null,null,null,null,null,{"$f":"H201*H101","v":{"$error":"#DIV/0!"}}]

{"sheet":"Climate by postcode","index":10,"n_rows":3730,"n_cols":5,"rows_kept":3730,"cut":false,"hidden":true,"merged":[]}
["Postcode and Climate Zone reference for calculating climate correction factors"]
[]
["Postcode","Climate_zone","HDD","CDD","State"]
[200,64,2186,80,"ACT"]
[211,64,2186,80,"ACT"]
[212,64,2186,80,"ACT"]
[221,64,2186,80,"ACT"]
[230,64,2186,80,"ACT"]
[237,64,2186,80,"ACT"]
[238,64,2186,80,"ACT"]
[239,64,2186,80,"ACT"]
[240,64,2186,80,"ACT"]
[241,64,2186,80,"ACT"]
[242,64,2186,80,"ACT"]
[243,64,2186,80,"ACT"]
[244,64,2186,80,"ACT"]
[245,64,2186,80,"ACT"]
[246,64,2186,80,"ACT"]
[247,64,2186,80,"ACT"]
[248,64,2186,80,"ACT"]
[249,64,2186,80,"ACT"]
[250,64,2186,80,"ACT"]
[251,64,2186,80,"ACT"]
[252,64,2186,80,"ACT"]
[253,64,2186,80,"ACT"]
[254,64,2186,80,"ACT"]
[255,64,2186,80,"ACT"]
[256,64,2186,80,"ACT"]
[257,64,2186,80,"ACT"]
[258,64,2186,80,"ACT"]
[259,64,2186,80,"ACT"]
[260,64,2186,80,"ACT"]
[261,64,2186,80,"ACT"]
[262,64,2186,80,"ACT"]
[263,64,2186,80,"ACT"]
[264,64,2186,80,"ACT"]
[266,64,2186,80,"ACT"]
[267,64,2186,80,"ACT"]
[268,64,2186,80,"ACT"]
[269,64,2186,80,"ACT"]
[270,64,2186,80,"ACT"]
[271,64,2186,80,"ACT"]
[272,64,2186,80,"ACT"]
[273,64,2186,80,"ACT"]
[274,64,2186,80,"ACT"]
[275,64,2186,80,"ACT"]
[276,64,2186,80,"ACT"]
[277,64,2186,80,"ACT"]
[278,64,2186,80,"ACT"]
[279,64,2186,80,"ACT"]
[280,64,2186,80,"ACT"]
[281,64,2186,80,"ACT"]
[282,64,2186,80,"ACT"]
[283,64,2186,80,"ACT"]
[284,64,2186,80,"ACT"]
[285,64,2186,80,"ACT"]
[286,64,2186,80,"ACT"]
[287,64,2186,80,"ACT"]
[288,64,2186,80,"ACT"]
[289,64,2186,80,"ACT"]
[290,64,2186,80,"ACT"]
[291,64,2186,80,"ACT"]
[293,64,2186,80,"ACT"]
[294,64,2186,80,"ACT"]
[295,64,2186,80,"ACT"]
[296,64,2186,80,"ACT"]
[297,64,2186,80,"ACT"]
[298,64,2186,80,"ACT"]
[299,64,2186,80,"ACT"]
[800,66,0,2895,"NT"]
[801,66,0,2895,"NT"]
[804,66,0,2895,"NT"]
[810,66,0,2895,"NT"]
[811,66,0,2895,"NT"]
[812,66,0,2895,"NT"]
[813,66,0,2895,"NT"]
[814,66,0,2895,"NT"]
[815,66,0,2895,"NT"]
[820,66,0,2895,"NT"]
[821,66,0,2895,"NT"]
[822,66,0,2895,"NT"]
[828,66,0,2895,"NT"]
[830,66,0,2895,"NT"]
[831,66,0,2895,"NT"]
[832,66,0,2895,"NT"]
[835,66,0,2895,"NT"]
[836,66,0,2895,"NT"]
[837,66,0,2895,"NT"]
[840,66,0,2895,"NT"]
[845,66,0,2895,"NT"]
[846,66,0,2895,"NT"]
[847,66,0,2895,"NT"]
[850,66,0,2895,"NT"]
[851,66,0,2895,"NT"]
[852,66,0,2895,"NT"]
[853,66,0,2895,"NT"]
[854,66,0,2895,"NT"]
[860,70,79,958,"NT"]
[861,70,79,958,"NT"]
[862,70,79,958,"NT"]
[870,71,660,379,"NT"]
[871,71,660,379,"NT"]
[872,71,660,379,"NT"]
[880,67,0,3344,"NT"]
[881,67,0,3344,"NT"]
[885,67,0,3344,"NT"]
[886,66,0,2895,"NT"]
[909,66,0,2895,"NT"]
[1001,63,642,541,"NSW"]
[1002,63,642,541,"NSW"]
[1003,63,642,541,"NSW"]
[1004,63,642,541,"NSW"]
[1005,63,642,541,"NSW"]
[1006,63,642,541,"NSW"]
[1007,63,642,541,"NSW"]
[1008,63,642,541,"NSW"]
[1009,63,642,541,"NSW"]
[1010,63,642,541,"NSW"]
[1011,63,642,541,"NSW"]
[1012,63,642,541,"NSW"]
[1013,63,642,541,"NSW"]
[1015,63,642,541,"NSW"]
[1016,63,642,541,"NSW"]
[1017,63,642,541,"NSW"]
[1018,63,642,541,"NSW"]
[1019,63,642,541,"NSW"]
[1020,63,642,541,"NSW"]
[1021,63,642,541,"NSW"]
[1022,63,642,541,"NSW"]
[1023,63,642,541,"NSW"]
[1024,63,642,541,"NSW"]
[1025,63,642,541,"NSW"]
[1026,63,642,541,"NSW"]
[1027,63,642,541,"NSW"]
[1028,63,642,541,"NSW"]
[1029,63,642,541,"NSW"]
[1030,63,642,541,"NSW"]
[1031,63,642,541,"NSW"]
[1032,63,642,541,"NSW"]
[1033,63,642,541,"NSW"]
[1034,63,642,541,"NSW"]
[1035,63,642,541,"NSW"]
[1036,63,642,541,"NSW"]
[1037,63,642,541,"NSW"]
[1038,63,642,541,"NSW"]
[1039,63,642,541,"NSW"]
[1040,63,642,541,"NSW"]
[1041,63,642,541,"NSW"]
[1042,63,642,541,"NSW"]
[1043,63,642,541,"NSW"]
[1044,63,642,541,"NSW"]
[1045,63,642,541,"NSW"]
[1046,63,642,541,"NSW"]
[1047,63,642,541,"NSW"]
[1048,63,642,541,"NSW"]
[1049,63,642,541,"NSW"]
[1050,63,642,541,"NSW"]
[1051,63,642,541,"NSW"]
[1052,63,642,541,"NSW"]
[1053,63,642,541,"NSW"]
[1054,63,642,541,"NSW"]
[1055,63,642,541,"NSW"]
[1056,63,642,541,"NSW"]
[1057,63,642,541,"NSW"]
[1058,63,642,541,"NSW"]
[1059,63,642,541,"NSW"]
[1060,63,642,541,"NSW"]
[1061,63,642,541,"NSW"]
[1062,63,642,541,"NSW"]
[1063,63,642,541,"NSW"]
[1064,63,642,541,"NSW"]
[1065,63,642,541,"NSW"]
[1066,63,642,541,"NSW"]
[1067,63,642,541,"NSW"]
[1068,63,642,541,"NSW"]
[1069,63,642,541,"NSW"]
[1070,63,642,541,"NSW"]
[1071,63,642,541,"NSW"]
[1072,63,642,541,"NSW"]
[1073,63,642,541,"NSW"]
[1074,63,642,541,"NSW"]
[1075,63,642,541,"NSW"]
[1076,63,642,541,"NSW"]
[1077,63,642,541,"NSW"]
[1078,63,642,541,"NSW"]
[1079,63,642,541,"NSW"]
[1080,63,642,541,"NSW"]
[1081,63,642,541,"NSW"]
[1082,63,642,541,"NSW"]
[1083,63,642,541,"NSW"]
[1084,63,642,541,"NSW"]
[1085,63,642,541,"NSW"]
[1086,63,642,541,"NSW"]
[1087,63,642,541,"NSW"]
[1088,63,642,541,"NSW"]
[1089,63,642,541,"NSW"]
[1090,63,642,541,"NSW"]
[1091,63,642,541,"NSW"]
[1092,63,642,541,"NSW"]
[1093,63,642,541,"NSW"]
[1094,63,642,541,"NSW"]
[1095,63,642,541,"NSW"]
[1096,63,642,541,"NSW"]
[1097,63,642,541,"NSW"]
[1098,63,642,541,"NSW"]
[1099,63,642,541,"NSW"]
[1100,63,642,541,"NSW"]
[1101,63,642,541,"NSW"]
[1102,63,642,541,"NSW"]
[1103,63,642,541,"NSW"]
[1104,63,642,541,"NSW"]
[1105,63,642,541,"NSW"]
[1106,63,642,541,"NSW"]
[1107,63,642,541,"NSW"]
[1108,63,642,541,"NSW"]
[1109,63,642,541,"NSW"]
[1110,63,642,541,"NSW"]
[1112,63,642,541,"NSW"]
[1113,63,642,541,"NSW"]
[1114,63,642,541,"NSW"]
[1115,63,642,541,"NSW"]
[1116,63,642,541,"NSW"]
[1118,63,642,541,"NSW"]
[1119,63,642,541,"NSW"]
[1120,63,642,541,"NSW"]
[1121,63,642,541,"NSW"]
[1122,63,642,541,"NSW"]
[1123,63,642,541,"NSW"]
[1124,63,642,541,"NSW"]
[1125,63,642,541,"NSW"]
[1126,63,642,541,"NSW"]
[1127,63,642,541,"NSW"]
[1128,63,642,541,"NSW"]
[1129,63,642,541,"NSW"]
[1130,63,642,541,"NSW"]
[1131,63,642,541,"NSW"]
[1132,63,642,541,"NSW"]
[1133,63,642,541,"NSW"]
[1134,63,642,541,"NSW"]
[1135,63,642,541,"NSW"]
[1136,63,642,541,"NSW"]
[1137,63,642,541,"NSW"]
[1138,63,642,541,"NSW"]
[1139,63,642,541,"NSW"]
[1140,63,642,541,"NSW"]
[1141,63,642,541,"NSW"]
[1142,63,642,541,"NSW"]
[1143,63,642,541,"NSW"]
[1144,63,642,541,"NSW"]
[1145,63,642,541,"NSW"]
[1146,63,642,541,"NSW"]
[1147,63,642,541,"NSW"]
[1148,63,642,541,"NSW"]
[1149,63,642,541,"NSW"]
[1150,63,642,541,"NSW"]
[1151,63,642,541,"NSW"]
[1152,63,642,541,"NSW"]
[1153,63,642,541,"NSW"]
[1154,63,642,541,"NSW"]
[1155,63,642,541,"NSW"]
[1156,63,642,541,"NSW"]
[1157,63,642,541,"NSW"]
[1158,63,642,541,"NSW"]
[1159,63,642,541,"NSW"]
[1160,63,642,541,"NSW"]
[1161,63,642,541,"NSW"]
[1162,63,642,541,"NSW"]
[1163,63,642,541,"NSW"]
[1164,63,642,541,"NSW"]
[1165,63,642,541,"NSW"]
[1166,63,642,541,"NSW"]
[1167,63,642,541,"NSW"]
[1168,63,642,541,"NSW"]
[1169,63,642,541,"NSW"]
[1170,63,642,541,"NSW"]
[1171,63,642,541,"NSW"]
[1172,63,642,541,"NSW"]
[1173,63,642,541,"NSW"]
[1174,63,642,541,"NSW"]
[1175,63,642,541,"NSW"]
[1176,63,642,541,"NSW"]
[1177,63,642,541,"NSW"]
[1178,63,642,541,"NSW"]
[1179,63,642,541,"NSW"]
[1180,63,642,541,"NSW"]
[1181,63,642,541,"NSW"]
[1182,63,642,541,"NSW"]
[1183,63,642,541,"NSW"]
[1184,63,642,541,"NSW"]
[1185,63,642,541,"NSW"]
[1186,63,642,541,"NSW"]
[1187,63,642,541,"NSW"]
[1188,63,642,541,"NSW"]
[1189,63,642,541,"NSW"]
[1190,63,642,541,"NSW"]
[1191,63,642,541,"NSW"]
[1192,63,642,541,"NSW"]
[1193,63,642,541,"NSW"]
[1194,63,642,541,"NSW"]
[1195,63,642,541,"NSW"]
[1196,63,642,541,"NSW"]
[1197,63,642,541,"NSW"]
[1198,63,642,541,"NSW"]
[1199,63,642,541,"NSW"]
[1200,63,642,541,"NSW"]
[1201,63,642,541,"NSW"]
[1202,63,642,541,"NSW"]
[1203,63,642,541,"NSW"]
[1204,63,642,541,"NSW"]
[1205,63,642,541,"NSW"]
[1206,63,642,541,"NSW"]
[1207,63,642,541,"NSW"]
[1208,63,642,541,"NSW"]
[1209,63,642,541,"NSW"]
[1210,63,642,541,"NSW"]
[1211,63,642,541,"NSW"]
[1212,63,642,541,"NSW"]
[1213,63,642,541,"NSW"]
[1214,63,642,541,"NSW"]
[1215,63,642,541,"NSW"]
[1216,63,642,541,"NSW"]
[1217,63,642,541,"NSW"]
[1218,63,642,541,"NSW"]
[1219,63,642,541,"NSW"]
[1220,63,642,541,"NSW"]
[1221,63,642,541,"NSW"]
[1222,63,642,541,"NSW"]
[1223,63,642,541,"NSW"]
[1224,63,642,541,"NSW"]
[1225,63,642,541,"NSW"]
[1226,63,642,541,"NSW"]
[1227,63,642,541,"NSW"]
[1228,63,642,541,"NSW"]
[1229,63,642,541,"NSW"]
[1230,63,642,541,"NSW"]
[1231,63,642,541,"NSW"]
[1232,63,642,541,"NSW"]
[1233,63,642,541,"NSW"]
[1234,63,642,541,"NSW"]
[1235,63,642,541,"NSW"]
[1236,63,642,541,"NSW"]
[1237,63,642,541,"NSW"]
[1238,63,642,541,"NSW"]
[1239,63,642,541,"NSW"]
[1240,63,642,541,"NSW"]
[1241,63,642,541,"NSW"]
[1242,63,642,541,"NSW"]
[1243,63,642,541,"NSW"]
[1244,63,642,541,"NSW"]
[1245,63,642,541,"NSW"]
[1246,63,642,541,"NSW"]
[1247,63,642,541,"NSW"]
[1248,63,642,541,"NSW"]
[1249,63,642,541,"NSW"]
[1250,63,642,541,"NSW"]
[1251,63,642,541,"NSW"]
[1252,63,642,541,"NSW"]
[1253,63,642,541,"NSW"]
[1254,63,642,541,"NSW"]
[1255,63,642,541,"NSW"]
[1256,63,642,541,"NSW"]
[1257,63,642,541,"NSW"]
[1258,63,642,541,"NSW"]
[1259,63,642,541,"NSW"]
[1260,63,642,541,"NSW"]
[1262,63,642,541,"NSW"]
[1263,63,642,541,"NSW"]
[1264,63,642,541,"NSW"]
[1265,63,642,541,"NSW"]
[1266,63,642,541,"NSW"]
[1267,63,642,541,"NSW"]
[1268,63,642,541,"NSW"]
[1269,63,642,541,"NSW"]
[1270,63,642,541,"NSW"]
[1272,63,642,541,"NSW"]
[1273,63,642,541,"NSW"]
[1274,63,642,541,"NSW"]
[1275,63,642,541,"NSW"]
[1276,63,642,541,"NSW"]
[1277,63,642,541,"NSW"]
[1278,63,642,541,"NSW"]
[1279,63,642,541,"NSW"]
[1280,63,642,541,"NSW"]
[1281,63,642,541,"NSW"]
[1282,63,642,541,"NSW"]
[1283,63,642,541,"NSW"]
[1284,63,642,541,"NSW"]
[1285,63,642,541,"NSW"]
[1286,63,642,541,"NSW"]
[1287,63,642,541,"NSW"]
[1288,63,642,541,"NSW"]
[1289,63,642,541,"NSW"]
[1290,63,642,541,"NSW"]
[1291,63,642,541,"NSW"]
[1292,63,642,541,"NSW"]
[1293,63,642,541,"NSW"]
[1294,63,642,541,"NSW"]
[1295,63,642,541,"NSW"]
[1296,63,642,541,"NSW"]
[1297,63,642,541,"NSW"]
[1298,63,642,541,"NSW"]
[1299,63,642,541,"NSW"]
[1300,63,642,541,"NSW"]
[1301,63,642,541,"NSW"]
[1302,63,642,541,"NSW"]
[1303,63,642,541,"NSW"]
[1304,63,642,541,"NSW"]
[1305,63,642,541,"NSW"]
[1306,63,642,541,"NSW"]
[1307,63,642,541,"NSW"]
[1308,63,642,541,"NSW"]
[1309,63,642,541,"NSW"]
[1310,63,642,541,"NSW"]
[1311,63,642,541,"NSW"]
[1312,63,642,541,"NSW"]
[1313,63,642,541,"NSW"]
[1314,63,642,541,"NSW"]
[1315,63,642,541,"NSW"]
[1316,63,642,541,"NSW"]
[1317,63,642,541,"NSW"]
[1318,63,642,541,"NSW"]
[1319,63,642,541,"NSW"]
[1320,63,642,541,"NSW"]
[1321,63,642,541,"NSW"]
[1322,63,642,541,"NSW"]
[1323,63,642,541,"NSW"]
[1324,63,642,541,"NSW"]
[1325,63,642,541,"NSW"]
[1326,63,642,541,"NSW"]
[1327,63,642,541,"NSW"]
[1328,63,642,541,"NSW"]
[1329,63,642,541,"NSW"]
[1330,63,642,541,"NSW"]
[1331,63,642,541,"NSW"]
[1332,63,642,541,"NSW"]
[1333,63,642,541,"NSW"]
[1334,63,642,541,"NSW"]
[1335,63,642,541,"NSW"]
[1336,63,642,541,"NSW"]
[1337,63,642,541,"NSW"]
[1338,63,642,541,"NSW"]
[1339,63,642,541,"NSW"]
[1340,63,642,541,"NSW"]
[1341,63,642,541,"NSW"]
[1342,63,642,541,"NSW"]
[1343,63,642,541,"NSW"]
[1344,63,642,541,"NSW"]
[1345,63,642,541,"NSW"]
[1346,63,642,541,"NSW"]
[1347,63,642,541,"NSW"]
[1348,63,642,541,"NSW"]
[1349,63,642,541,"NSW"]
[1350,63,642,541,"NSW"]
[1355,63,642,541,"NSW"]
[1356,63,642,541,"NSW"]
[1357,63,642,541,"NSW"]
[1358,63,642,541,"NSW"]
[1359,63,642,541,"NSW"]
[1360,63,642,541,"NSW"]
[1362,63,642,541,"NSW"]
[1363,63,642,541,"NSW"]
[1400,63,642,541,"NSW"]
[1401,63,642,541,"NSW"]
[1402,63,642,541,"NSW"]
[1403,63,642,541,"NSW"]
[1404,63,642,541,"NSW"]
[1405,63,642,541,"NSW"]
[1406,63,642,541,"NSW"]
[1407,63,642,541,"NSW"]
[1408,63,642,541,"NSW"]
[1409,63,642,541,"NSW"]
[1410,63,642,541,"NSW"]
[1411,63,642,541,"NSW"]
[1412,63,642,541,"NSW"]
[1413,63,642,541,"NSW"]
[1414,63,642,541,"NSW"]
[1415,63,642,541,"NSW"]
[1416,63,642,541,"NSW"]
[1417,63,642,541,"NSW"]
[1418,63,642,541,"NSW"]
[1419,63,642,541,"NSW"]
[1420,63,642,541,"NSW"]
[1421,63,642,541,"NSW"]
[1422,63,642,541,"NSW"]
[1423,63,642,541,"NSW"]
[1424,63,642,541,"NSW"]
[1425,63,642,541,"NSW"]
[1426,63,642,541,"NSW"]
[1427,63,642,541,"NSW"]
[1428,63,642,541,"NSW"]
[1429,63,642,541,"NSW"]
[1430,63,642,541,"NSW"]
[1431,63,642,541,"NSW"]
[1432,63,642,541,"NSW"]
[1433,63,642,541,"NSW"]
[1434,63,642,541,"NSW"]
[1435,63,642,541,"NSW"]
[1436,63,642,541,"NSW"]
[1437,63,642,541,"NSW"]
[1438,63,642,541,"NSW"]
[1439,63,642,541,"NSW"]
[1440,63,642,541,"NSW"]
[1441,63,642,541,"NSW"]
[1442,63,642,541,"NSW"]
[1443,63,642,541,"NSW"]
[1444,63,642,541,"NSW"]
[1445,63,642,541,"NSW"]
[1450,63,642,541,"NSW"]
[1452,63,642,541,"NSW"]
[1453,63,642,541,"NSW"]
[1454,63,642,541,"NSW"]
[1455,63,642,541,"NSW"]
[1456,63,642,541,"NSW"]
[1457,63,642,541,"NSW"]
[1458,63,642,541,"NSW"]
[1459,63,642,541,"NSW"]
[1460,63,642,541,"NSW"]
[1461,63,642,541,"NSW"]
[1462,63,642,541,"NSW"]
[1463,63,642,541,"NSW"]
[1465,63,642,541,"NSW"]
[1467,63,642,541,"NSW"]
[1468,63,642,541,"NSW"]
[1470,63,642,541,"NSW"]
[1472,63,642,541,"NSW"]
[1474,63,642,541,"NSW"]
[1475,63,642,541,"NSW"]
[1476,63,642,541,"NSW"]
[1477,63,642,541,"NSW"]
[1478,63,642,541,"NSW"]
[1479,63,642,541,"NSW"]
[1480,63,642,541,"NSW"]
[1481,63,642,541,"NSW"]
[1482,63,642,541,"NSW"]
[1484,63,642,541,"NSW"]
[1485,63,642,541,"NSW"]
[1487,63,642,541,"NSW"]
[1490,63,642,541,"NSW"]
[1493,63,642,541,"NSW"]
[1495,63,642,541,"NSW"]
[1499,63,642,541,"NSW"]
[1502,63,642,541,"NSW"]
[1503,63,642,541,"NSW"]
[1504,63,642,541,"NSW"]
[1505,63,642,541,"NSW"]
[1506,63,642,541,"NSW"]
[1507,63,642,541,"NSW"]
[1508,63,642,541,"NSW"]
[1509,63,642,541,"NSW"]
[1510,63,642,541,"NSW"]
[1511,63,642,541,"NSW"]
[1515,63,642,541,"NSW"]
[1516,63,642,541,"NSW"]
[1517,63,642,541,"NSW"]
[1544,63,642,541,"NSW"]
[1545,63,642,541,"NSW"]
[1546,63,642,541,"NSW"]
[1547,63,642,541,"NSW"]
[1549,63,642,541,"NSW"]
[1550,63,642,541,"NSW"]
[1551,63,642,541,"NSW"]
[1552,63,642,541,"NSW"]
[1553,63,642,541,"NSW"]
[1554,63,642,541,"NSW"]
[1555,63,642,541,"NSW"]
[1556,63,642,541,"NSW"]
[1557,63,642,541,"NSW"]
[1558,63,642,541,"NSW"]
[1559,63,642,541,"NSW"]
[1560,63,642,541,"NSW"]
[1565,63,642,541,"NSW"]
[1570,63,642,541,"NSW"]
[1571,63,642,541,"NSW"]
[1581,63,642,541,"NSW"]
[1582,63,642,541,"NSW"]
[1583,63,642,541,"NSW"]
[1584,63,642,541,"NSW"]
[1585,63,642,541,"NSW"]
[1586,63,642,541,"NSW"]
[1587,63,642,541,"NSW"]
[1588,63,642,541,"NSW"]
[1589,63,642,541,"NSW"]
[1590,63,642,541,"NSW"]
[1595,63,642,541,"NSW"]
[1596,63,642,541,"NSW"]
[1597,63,642,541,"NSW"]
[1598,63,642,541,"NSW"]
[1599,63,642,541,"NSW"]
[1600,63,642,541,"NSW"]
[1601,63,642,541,"NSW"]
[1602,63,642,541,"NSW"]
[1603,63,642,541,"NSW"]
[1604,63,642,541,"NSW"]
[1605,63,642,541,"NSW"]
[1606,63,642,541,"NSW"]
[1607,63,642,541,"NSW"]
[1608,63,642,541,"NSW"]
[1609,63,642,541,"NSW"]
[1610,63,642,541,"NSW"]
[1611,63,642,541,"NSW"]
[1627,63,642,541,"NSW"]
[1628,63,642,541,"NSW"]
[1629,63,642,541,"NSW"]
[1630,63,642,541,"NSW"]
[1631,63,642,541,"NSW"]
[1632,63,642,541,"NSW"]
[1633,63,642,541,"NSW"]
[1635,63,642,541,"NSW"]
[1636,63,642,541,"NSW"]
[1639,63,642,541,"NSW"]
[1640,63,642,541,"NSW"]
[1646,63,642,541,"NSW"]
[1648,63,642,541,"NSW"]
[1650,63,642,541,"NSW"]
[1651,63,642,541,"NSW"]
[1652,63,642,541,"NSW"]
[1653,63,642,541,"NSW"]
[1654,63,642,541,"NSW"]
[1655,63,642,541,"NSW"]
[1656,63,642,541,"NSW"]
[1657,63,642,541,"NSW"]
[1658,63,642,541,"NSW"]
[1659,63,642,541,"NSW"]
[1660,63,642,541,"NSW"]
[1670,63,642,541,"NSW"]
[1671,63,642,541,"NSW"]
[1672,63,642,541,"NSW"]
[1673,63,642,541,"NSW"]
[1674,63,642,541,"NSW"]
[1675,63,642,541,"NSW"]
[1676,63,642,541,"NSW"]
[1677,63,642,541,"NSW"]
[1678,63,642,541,"NSW"]
[1679,63,642,541,"NSW"]
[1680,63,642,541,"NSW"]
[1681,63,642,541,"NSW"]
[1682,63,642,541,"NSW"]
[1683,63,642,541,"NSW"]
[1684,63,642,541,"NSW"]
[1685,63,642,541,"NSW"]
[1686,63,642,541,"NSW"]
[1687,63,642,541,"NSW"]
[1688,63,642,541,"NSW"]
[1689,63,642,541,"NSW"]
[1690,63,642,541,"NSW"]
[1691,63,642,541,"NSW"]
[1692,63,642,541,"NSW"]
[1693,63,642,541,"NSW"]
[1694,63,642,541,"NSW"]
[1695,63,642,541,"NSW"]
[1696,63,642,541,"NSW"]
[1697,63,642,541,"NSW"]
[1698,63,642,541,"NSW"]
[1699,63,642,541,"NSW"]
[1700,63,642,541,"NSW"]
[1701,63,642,541,"NSW"]
[1707,63,642,541,"NSW"]
[1708,63,642,541,"NSW"]
[1709,63,642,541,"NSW"]
[1710,63,642,541,"NSW"]
[1711,63,642,541,"NSW"]
[1712,63,642,541,"NSW"]
[1713,63,642,541,"NSW"]
[1714,63,642,541,"NSW"]
[1715,63,642,541,"NSW"]
[1725,63,642,541,"NSW"]
[1726,63,642,541,"NSW"]
[1727,63,642,541,"NSW"]
[1728,63,642,541,"NSW"]
[1730,63,642,541,"NSW"]
[1738,63,642,541,"NSW"]
[1739,63,642,541,"NSW"]
[1740,63,642,541,"NSW"]
[1741,63,642,541,"NSW"]
[1742,63,642,541,"NSW"]
[1743,63,642,541,"NSW"]
[1744,63,642,541,"NSW"]
[1745,63,642,541,"NSW"]
[1746,63,642,541,"NSW"]
[1747,63,642,541,"NSW"]
[1748,63,642,541,"NSW"]
[1749,63,642,541,"NSW"]
[1750,63,642,541,"NSW"]
[1755,63,642,541,"NSW"]
[1764,63,642,541,"NSW"]
[1765,63,642,541,"NSW"]
[1771,63,642,541,"NSW"]
[1772,63,642,541,"NSW"]
[1773,63,642,541,"NSW"]
[1774,63,642,541,"NSW"]
[1775,63,642,541,"NSW"]
[1776,63,642,541,"NSW"]
[1777,63,642,541,"NSW"]
[1778,63,642,541,"NSW"]
[1779,63,642,541,"NSW"]
[1780,63,642,541,"NSW"]
[1781,63,642,541,"NSW"]
[1783,63,642,541,"NSW"]
[1784,63,642,541,"NSW"]
[1785,63,642,541,"NSW"]
[1786,63,642,541,"NSW"]
[1787,63,642,541,"NSW"]
[1788,63,642,541,"NSW"]
[1789,63,642,541,"NSW"]
[1790,63,642,541,"NSW"]
[1795,63,642,541,"NSW"]
[1796,63,642,541,"NSW"]
[1797,63,642,541,"NSW"]
[1798,63,642,541,"NSW"]
[1800,63,642,541,"NSW"]
[1801,63,642,541,"NSW"]
[1802,63,642,541,"NSW"]
[1803,63,642,541,"NSW"]
[1804,63,642,541,"NSW"]
[1805,63,642,541,"NSW"]
[1806,63,642,541,"NSW"]
[1807,63,642,541,"NSW"]
[1808,63,642,541,"NSW"]
[1809,63,642,541,"NSW"]
[1811,63,642,541,"NSW"]
[1812,63,642,541,"NSW"]
[1813,63,642,541,"NSW"]
[1814,63,642,541,"NSW"]
[1815,63,642,541,"NSW"]
[1816,63,642,541,"NSW"]
[1817,63,642,541,"NSW"]
[1818,63,642,541,"NSW"]
[1819,63,642,541,"NSW"]
[1820,63,642,541,"NSW"]
[1821,63,642,541,"NSW"]
[1822,63,642,541,"NSW"]
[1823,63,642,541,"NSW"]
[1824,63,642,541,"NSW"]
[1825,63,642,541,"NSW"]
[1826,63,642,541,"NSW"]
[1827,63,642,541,"NSW"]
[1828,63,642,541,"NSW"]
[1829,63,642,541,"NSW"]
[1830,63,642,541,"NSW"]
[1831,63,642,541,"NSW"]
[1832,63,642,541,"NSW"]
[1833,63,642,541,"NSW"]
[1834,63,642,541,"NSW"]
[1835,63,642,541,"NSW"]
[1836,63,642,541,"NSW"]
[1837,63,642,541,"NSW"]
[1838,63,642,541,"NSW"]
[1839,63,642,541,"NSW"]
[1842,63,642,541,"NSW"]
[1843,63,642,541,"NSW"]
[1844,63,642,541,"NSW"]
[1845,63,642,541,"NSW"]
[1846,63,642,541,"NSW"]
[1847,63,642,541,"NSW"]
[1848,63,642,541,"NSW"]
[1849,63,642,541,"NSW"]
[1850,63,642,541,"NSW"]
[1851,63,642,541,"NSW"]
[1852,63,642,541,"NSW"]
[1853,63,642,541,"NSW"]
[1854,63,642,541,"NSW"]
[1855,63,642,541,"NSW"]
[1856,63,642,541,"NSW"]
[1857,63,642,541,"NSW"]
[1858,63,642,541,"NSW"]
[1859,63,642,541,"NSW"]
[1860,63,642,541,"NSW"]
[1861,63,642,541,"NSW"]
[1862,63,642,541,"NSW"]
[1863,63,642,541,"NSW"]
[1864,63,642,541,"NSW"]
[1867,63,642,541,"NSW"]
[1868,63,642,541,"NSW"]
[1869,63,642,541,"NSW"]
[1870,63,642,541,"NSW"]
[1871,63,642,541,"NSW"]
[1872,63,642,541,"NSW"]
[1873,63,642,541,"NSW"]
[1874,63,642,541,"NSW"]
[1875,63,642,541,"NSW"]
[1876,63,642,541,"NSW"]
[1877,63,642,541,"NSW"]
[1878,63,642,541,"NSW"]
[1879,63,642,541,"NSW"]
[1880,63,642,541,"NSW"]
[1881,63,642,541,"NSW"]
[1882,63,642,541,"NSW"]
[1883,63,642,541,"NSW"]
[1884,63,642,541,"NSW"]
[1885,63,642,541,"NSW"]
[1886,63,642,541,"NSW"]
[1887,63,642,541,"NSW"]
[1888,63,642,541,"NSW"]
[1890,63,642,541,"NSW"]
[1891,63,642,541,"NSW"]
[1894,63,642,541,"NSW"]
[1895,63,642,541,"NSW"]
[1896,63,642,541,"NSW"]
[1897,63,642,541,"NSW"]
[1898,63,642,541,"NSW"]
[1900,63,642,541,"NSW"]
[1902,63,642,541,"NSW"]
[1903,63,642,541,"NSW"]
[1920,63,642,541,"NSW"]
[2000,63,642,541,"NSW"]
[2001,63,642,541,"NSW"]
[2004,63,642,541,"NSW"]
[2005,63,642,541,"NSW"]
[2006,63,642,541,"NSW"]
[2007,63,642,541,"NSW"]
[2008,63,642,541,"NSW"]
[2009,63,642,541,"NSW"]
[2010,63,642,541,"NSW"]
[2011,63,642,541,"NSW"]
[2012,63,642,541,"NSW"]
[2013,63,642,541,"NSW"]
[2014,63,642,541,"NSW"]
[2015,63,642,541,"NSW"]
[2016,63,642,541,"NSW"]
[2017,63,642,541,"NSW"]
[2018,63,642,541,"NSW"]
[2019,63,642,541,"NSW"]
[2020,63,642,541,"NSW"]
[2021,63,642,541,"NSW"]
[2022,63,642,541,"NSW"]
[2023,63,642,541,"NSW"]
[2024,63,642,541,"NSW"]
[2025,63,642,541,"NSW"]
[2026,63,642,541,"NSW"]
[2027,63,642,541,"NSW"]
[2028,63,642,541,"NSW"]
[2029,63,642,541,"NSW"]
[2030,63,642,541,"NSW"]
[2031,63,642,541,"NSW"]
[2032,63,642,541,"NSW"]
[2033,63,642,541,"NSW"]
[2034,63,642,541,"NSW"]
[2035,63,642,541,"NSW"]
[2036,63,642,541,"NSW"]
[2037,63,642,541,"NSW"]
[2038,63,642,541,"NSW"]
[2039,63,642,541,"NSW"]
[2040,63,642,541,"NSW"]
[2041,63,642,541,"NSW"]
[2042,63,642,541,"NSW"]
[2043,63,642,541,"NSW"]
[2044,63,642,541,"NSW"]
[2045,63,642,541,"NSW"]
[2046,63,642,541,"NSW"]
[2047,63,642,541,"NSW"]
[2048,63,642,541,"NSW"]
[2049,63,642,541,"NSW"]
[2050,63,642,541,"NSW"]
[2051,63,642,541,"NSW"]
[2052,63,642,541,"NSW"]
[2055,63,642,541,"NSW"]
[2056,63,642,541,"NSW"]
[2057,63,642,541,"NSW"]
[2058,63,642,541,"NSW"]
[2059,63,642,541,"NSW"]
[2060,63,642,541,"NSW"]
[2061,63,642,541,"NSW"]
[2062,63,642,541,"NSW"]
[2063,63,642,541,"NSW"]
[2064,63,642,541,"NSW"]
[2065,63,642,541,"NSW"]
[2066,63,642,541,"NSW"]
[2067,63,642,541,"NSW"]
[2068,63,642,541,"NSW"]
[2069,63,642,541,"NSW"]
[2070,63,642,541,"NSW"]
[2071,63,642,541,"NSW"]
[2072,63,642,541,"NSW"]
[2073,63,642,541,"NSW"]
[2074,63,642,541,"NSW"]
[2075,63,642,541,"NSW"]
[2076,63,642,541,"NSW"]
[2077,63,642,541,"NSW"]
[2079,63,642,541,"NSW"]
[2080,63,642,541,"NSW"]
[2081,63,642,541,"NSW"]
[2082,63,642,541,"NSW"]
[2083,63,642,541,"NSW"]
[2084,63,642,541,"NSW"]
[2085,63,642,541,"NSW"]
[2086,63,642,541,"NSW"]
[2087,63,642,541,"NSW"]
[2088,63,642,541,"NSW"]
[2089,63,642,541,"NSW"]
[2090,63,642,541,"NSW"]
[2091,63,642,541,"NSW"]
[2092,63,642,541,"NSW"]
[2093,63,642,541,"NSW"]
[2094,63,642,541,"NSW"]
[2095,63,642,541,"NSW"]
[2096,63,642,541,"NSW"]
[2097,63,642,541,"NSW"]
[2099,63,642,541,"NSW"]
[2100,63,642,541,"NSW"]
[2101,63,642,541,"NSW"]
[2102,63,642,541,"NSW"]
[2103,63,642,541,"NSW"]
[2104,63,642,541,"NSW"]
[2105,63,642,541,"NSW"]
[2106,63,642,541,"NSW"]
[2107,63,642,541,"NSW"]
[2108,63,642,541,"NSW"]
[2109,63,642,541,"NSW"]
[2110,63,642,541,"NSW"]
[2111,63,642,541,"NSW"]
[2112,63,642,541,"NSW"]
[2113,63,642,541,"NSW"]
[2114,63,642,541,"NSW"]
[2115,63,642,541,"NSW"]
[2116,63,642,541,"NSW"]
[2117,63,642,541,"NSW"]
[2118,63,642,541,"NSW"]
[2119,63,642,541,"NSW"]
[2120,63,642,541,"NSW"]
[2121,63,642,541,"NSW"]
[2122,63,642,541,"NSW"]
[2123,63,642,541,"NSW"]
[2124,63,642,541,"NSW"]
[2125,63,642,541,"NSW"]
[2126,63,642,541,"NSW"]
[2127,63,642,541,"NSW"]
[2128,63,642,541,"NSW"]
[2129,63,642,541,"NSW"]
[2130,63,642,541,"NSW"]
[2131,63,642,541,"NSW"]
[2132,63,642,541,"NSW"]
[2133,63,642,541,"NSW"]
[2134,63,642,541,"NSW"]
[2135,63,642,541,"NSW"]
[2136,63,642,541,"NSW"]
[2137,63,642,541,"NSW"]
[2138,63,642,541,"NSW"]
[2139,63,642,541,"NSW"]
[2140,63,642,541,"NSW"]
[2141,63,642,541,"NSW"]
[2142,63,642,541,"NSW"]
[2143,63,642,541,"NSW"]
[2144,63,642,541,"NSW"]
[2145,63,642,541,"NSW"]
[2146,63,642,541,"NSW"]
[2147,63,642,541,"NSW"]
[2148,63,642,541,"NSW"]
[2150,63,642,541,"NSW"]
[2151,63,642,541,"NSW"]
[2152,63,642,541,"NSW"]
[2153,63,642,541,"NSW"]
[2154,63,642,541,"NSW"]
[2155,63,642,541,"NSW"]
[2156,63,642,541,"NSW"]
[2157,63,642,541,"NSW"]
[2158,63,642,541,"NSW"]
[2159,63,642,541,"NSW"]
[2160,63,642,541,"NSW"]
[2161,63,642,541,"NSW"]
[2162,63,642,541,"NSW"]
[2163,63,642,541,"NSW"]
[2164,63,642,541,"NSW"]
[2165,63,642,541,"NSW"]
[2166,63,642,541,"NSW"]
[2167,63,642,541,"NSW"]
[2168,63,642,541,"NSW"]
[2169,63,642,541,"NSW"]
[2170,63,642,541,"NSW"]
[2171,63,642,541,"NSW"]
[2173,63,642,541,"NSW"]
[2174,63,642,541,"NSW"]
[2176,63,642,541,"NSW"]
[2177,63,642,541,"NSW"]
[2190,63,642,541,"NSW"]
[2191,63,642,541,"NSW"]
[2192,63,642,541,"NSW"]
[2193,63,642,541,"NSW"]
[2194,63,642,541,"NSW"]
[2195,63,642,541,"NSW"]
[2196,63,642,541,"NSW"]
[2197,63,642,541,"NSW"]
[2198,63,642,541,"NSW"]
[2199,63,642,541,"NSW"]
[2200,63,642,541,"NSW"]
[2201,63,642,541,"NSW"]
[2202,63,642,541,"NSW"]
[2203,63,642,541,"NSW"]
[2204,63,642,541,"NSW"]
[2205,63,642,541,"NSW"]
[2206,63,642,541,"NSW"]
[2207,63,642,541,"NSW"]
[2208,63,642,541,"NSW"]
[2209,63,642,541,"NSW"]
[2210,63,642,541,"NSW"]
[2211,63,642,541,"NSW"]
[2212,63,642,541,"NSW"]
[2213,63,642,541,"NSW"]
[2214,63,642,541,"NSW"]
[2215,63,642,541,"NSW"]
[2216,63,642,541,"NSW"]
[2217,63,642,541,"NSW"]
[2218,63,642,541,"NSW"]
[2219,63,642,541,"NSW"]
[2220,63,642,541,"NSW"]
[2221,63,642,541,"NSW"]
[2222,63,642,541,"NSW"]
[2223,63,642,541,"NSW"]
[2224,63,642,541,"NSW"]
[2225,63,642,541,"NSW"]
[2226,63,642,541,"NSW"]
[2227,63,642,541,"NSW"]
[2228,63,642,541,"NSW"]
[2229,63,642,541,"NSW"]
[2230,63,642,541,"NSW"]
[2231,63,642,541,"NSW"]
[2232,63,642,541,"NSW"]
[2233,63,642,541,"NSW"]
[2234,63,642,541,"NSW"]
[2250,61,616,653,"NSW"]
[2251,61,616,653,"NSW"]
[2252,61,616,653,"NSW"]
[2256,61,616,653,"NSW"]
[2257,61,616,653,"NSW"]
[2258,61,616,653,"NSW"]
[2259,61,616,653,"NSW"]
[2260,61,616,653,"NSW"]
[2261,61,616,653,"NSW"]
[2262,61,616,653,"NSW"]
[2263,61,616,653,"NSW"]
[2264,61,616,653,"NSW"]
[2265,61,616,653,"NSW"]
[2267,61,616,653,"NSW"]
[2278,61,616,653,"NSW"]
[2280,61,616,653,"NSW"]
[2281,61,616,653,"NSW"]
[2282,61,616,653,"NSW"]
[2283,61,616,653,"NSW"]
[2284,61,616,653,"NSW"]
[2285,61,616,653,"NSW"]
[2286,61,616,653,"NSW"]
[2287,61,616,653,"NSW"]
[2289,61,616,653,"NSW"]
[2290,61,616,653,"NSW"]
[2291,61,616,653,"NSW"]
[2292,61,616,653,"NSW"]
[2293,61,616,653,"NSW"]
[2294,61,616,653,"NSW"]
[2295,61,616,653,"NSW"]
[2296,61,616,653,"NSW"]
[2297,61,616,653,"NSW"]
[2298,61,616,653,"NSW"]
[2299,61,616,653,"NSW"]
[2300,61,616,653,"NSW"]
[2302,61,616,653,"NSW"]
[2303,61,616,653,"NSW"]
[2304,61,616,653,"NSW"]
[2305,61,616,653,"NSW"]
[2306,61,616,653,"NSW"]
[2307,61,616,653,"NSW"]
[2308,61,616,653,"NSW"]
[2309,61,616,653,"NSW"]
[2310,61,616,653,"NSW"]
[2311,61,616,653,"NSW"]
[2312,61,616,653,"NSW"]
[2314,61,616,653,"NSW"]
[2315,61,616,653,"NSW"]
[2316,61,616,653,"NSW"]
[2317,61,616,653,"NSW"]
[2318,61,616,653,"NSW"]
[2319,61,616,653,"NSW"]
[2320,61,616,653,"NSW"]
[2321,61,616,653,"NSW"]
[2322,61,616,653,"NSW"]
[2323,61,616,653,"NSW"]
[2324,61,616,653,"NSW"]
[2325,61,616,653,"NSW"]
[2326,61,616,653,"NSW"]
[2327,61,616,653,"NSW"]
[2328,61,616,653,"NSW"]
[2329,61,616,653,"NSW"]
[2330,61,616,653,"NSW"]
[2331,61,616,653,"NSW"]
[2333,61,616,653,"NSW"]
[2334,61,616,653,"NSW"]
[2335,61,616,653,"NSW"]
[2336,61,616,653,"NSW"]
[2337,61,616,653,"NSW"]
[2338,61,616,653,"NSW"]
[2339,61,616,653,"NSW"]
[2340,55,944,470,"NSW"]
[2341,55,944,470,"NSW"]
[2342,55,944,470,"NSW"]
[2343,55,944,470,"NSW"]
[2344,55,944,470,"NSW"]
[2345,55,944,470,"NSW"]
[2346,55,944,470,"NSW"]
[2347,55,944,470,"NSW"]
[2348,55,944,470,"NSW"]
[2350,59,1769,206,"NSW"]
[2351,59,1769,206,"NSW"]
[2352,55,944,470,"NSW"]
[2353,55,944,470,"NSW"]
[2354,59,1769,206,"NSW"]
[2355,55,944,470,"NSW"]
[2356,56,1164,283,"NSW"]
[2357,56,1164,283,"NSW"]
[2358,59,1769,206,"NSW"]
[2359,59,1769,206,"NSW"]
[2360,59,1769,206,"NSW"]
[2361,55,944,470,"NSW"]
[2365,59,1769,206,"NSW"]
[2369,59,1769,206,"NSW"]
[2370,59,1769,206,"NSW"]
[2371,59,1769,206,"NSW"]
[2372,59,1769,206,"NSW"]
[2379,55,944,470,"NSW"]
[2380,55,944,470,"NSW"]
[2381,55,944,470,"NSW"]
[2382,55,944,470,"NSW"]
[2386,55,944,470,"NSW"]
[2387,55,944,470,"NSW"]
[2388,55,944,470,"NSW"]
[2390,55,944,470,"NSW"]
[2395,56,1164,283,"NSW"]
[2396,55,944,470,"NSW"]
[2397,55,944,470,"NSW"]
[2398,55,944,470,"NSW"]
[2399,55,944,470,"NSW"]
[2400,55,944,470,"NSW"]
[2401,55,944,470,"NSW"]
[2402,55,944,470,"NSW"]
[2403,55,944,470,"NSW"]
[2404,55,944,470,"NSW"]
[2405,55,944,470,"NSW"]
[2406,55,944,470,"NSW"]
[2408,55,944,470,"NSW"]
[2409,55,944,470,"NSW"]
[2410,55,944,470,"NSW"]
[2411,55,944,470,"NSW"]
[2415,61,616,653,"NSW"]
[2420,61,616,653,"NSW"]
[2421,61,616,653,"NSW"]
[2422,60,596,853,"NSW"]
[2423,60,596,853,"NSW"]
[2424,60,596,853,"NSW"]
[2425,61,616,653,"NSW"]
[2426,60,596,853,"NSW"]
[2427,60,596,853,"NSW"]
[2428,60,596,853,"NSW"]
[2429,60,596,853,"NSW"]
[2430,60,596,853,"NSW"]
[2431,60,596,853,"NSW"]
[2439,60,596,853,"NSW"]
[2440,60,596,853,"NSW"]
[2441,60,596,853,"NSW"]
[2442,60,596,853,"NSW"]
[2443,60,596,853,"NSW"]
[2444,60,596,853,"NSW"]
[2445,60,596,853,"NSW"]
[2446,60,596,853,"NSW"]
[2447,60,596,853,"NSW"]
[2448,60,596,853,"NSW"]
[2449,60,596,853,"NSW"]
[2450,60,596,853,"NSW"]
[2452,60,596,853,"NSW"]
[2453,60,596,853,"NSW"]
[2454,60,596,853,"NSW"]
[2455,60,596,853,"NSW"]
[2456,60,596,853,"NSW"]
[2460,58,401,1122,"NSW"]
[2462,58,401,1122,"NSW"]
[2463,58,401,1122,"NSW"]
[2464,58,401,1122,"NSW"]
[2465,58,401,1122,"NSW"]
[2466,58,401,1122,"NSW"]
[2468,58,401,1122,"NSW"]
[2469,58,401,1122,"NSW"]
[2470,58,401,1122,"NSW"]
[2471,58,401,1122,"NSW"]
[2472,58,401,1122,"NSW"]
[2473,58,401,1122,"NSW"]
[2474,58,401,1122,"NSW"]
[2475,59,1769,206,"NSW"]
[2476,59,1769,206,"NSW"]
[2477,58,401,1122,"NSW"]
[2478,58,401,1122,"NSW"]
[2479,58,401,1122,"NSW"]
[2480,58,401,1122,"NSW"]
[2481,58,401,1122,"NSW"]
[2482,58,401,1122,"NSW"]
[2483,58,401,1122,"NSW"]
[2484,58,401,1122,"NSW"]
[2485,58,401,1122,"NSW"]
[2486,58,401,1122,"NSW"]
[2487,58,401,1122,"NSW"]
[2488,58,401,1122,"NSW"]
[2489,58,401,1122,"NSW"]
[2490,58,401,1122,"NSW"]
[2500,65,690,577,"NSW"]
[2502,65,690,577,"NSW"]
[2505,65,690,577,"NSW"]
[2506,65,690,577,"NSW"]
[2508,65,690,577,"NSW"]
[2515,65,690,577,"NSW"]
[2516,65,690,577,"NSW"]
[2517,65,690,577,"NSW"]
[2518,65,690,577,"NSW"]
[2519,65,690,577,"NSW"]
[2520,65,690,577,"NSW"]
[2521,65,690,577,"NSW"]
[2522,65,690,577,"NSW"]
[2525,65,690,577,"NSW"]
[2526,65,690,577,"NSW"]
[2527,65,690,577,"NSW"]
[2528,65,690,577,"NSW"]
[2529,65,690,577,"NSW"]
[2530,65,690,577,"NSW"]
[2533,65,690,577,"NSW"]
[2534,65,690,577,"NSW"]
[2535,65,690,577,"NSW"]
[2536,65,690,577,"NSW"]
[2537,65,690,577,"NSW"]
[2538,65,690,577,"NSW"]
[2539,65,690,577,"NSW"]
[2540,65,690,577,"NSW"]
[2541,65,690,577,"NSW"]
[2545,65,690,577,"NSW"]
[2546,65,690,577,"NSW"]
[2548,65,690,577,"NSW"]
[2549,65,690,577,"NSW"]
[2550,65,690,577,"NSW"]
[2551,65,690,577,"NSW"]
[2558,63,642,541,"NSW"]
[2559,63,642,541,"NSW"]
[2560,63,642,541,"NSW"]
[2563,63,642,541,"NSW"]
[2564,63,642,541,"NSW"]
[2565,63,642,541,"NSW"]
[2566,63,642,541,"NSW"]
[2567,63,642,541,"NSW"]
[2568,63,642,541,"NSW"]
[2569,63,642,541,"NSW"]
[2570,63,642,541,"NSW"]
[2571,63,642,541,"NSW"]
[2572,63,642,541,"NSW"]
[2573,63,642,541,"NSW"]
[2574,63,642,541,"NSW"]
[2575,65,690,577,"NSW"]
[2576,65,690,577,"NSW"]
[2577,65,690,577,"NSW"]
[2578,65,690,577,"NSW"]
[2579,65,690,577,"NSW"]
[2580,64,2186,80,"NSW"]
[2581,64,2186,80,"NSW"]
[2582,64,2186,80,"NSW"]
[2583,64,2186,80,"NSW"]
[2584,57,1608,219,"NSW"]
[2585,57,1608,219,"NSW"]
[2586,57,1608,219,"NSW"]
[2587,57,1608,219,"NSW"]
[2588,57,1608,219,"NSW"]
[2589,64,2186,80,"NSW"]
[2590,57,1608,219,"NSW"]
[2594,57,1608,219,"NSW"]
[2600,64,2186,80,"ACT"]
[2601,64,2186,80,"ACT"]
[2602,64,2186,80,"ACT"]
[2603,64,2186,80,"ACT"]
[2604,64,2186,80,"ACT"]
[2605,64,2186,80,"ACT"]
[2606,64,2186,80,"ACT"]
[2607,64,2186,80,"ACT"]
[2608,64,2186,80,"ACT"]
[2609,64,2186,80,"ACT"]
[2610,64,2186,80,"ACT"]
[2611,64,2186,80,"ACT"]
[2612,64,2186,80,"ACT"]
[2614,64,2186,80,"ACT"]
[2615,64,2186,80,"ACT"]
[2616,64,2186,80,"ACT"]
[2617,64,2186,80,"ACT"]
[2618,64,2186,80,"ACT"]
[2619,64,2186,80,"NSW"]
[2620,64,2186,80,"NSW"]
[2621,64,2186,80,"NSW"]
[2622,64,2186,80,"NSW"]
[2623,64,2186,80,"NSW"]
[2624,57,1608,219,"NSW"]
[2625,57,1608,219,"NSW"]
[2626,64,2186,80,"NSW"]
[2627,64,2186,80,"NSW"]
[2628,64,2186,80,"NSW"]
[2630,64,2186,80,"NSW"]
[2631,64,2186,80,"NSW"]
[2632,64,2186,80,"NSW"]
[2633,64,2186,80,"NSW"]
[2640,57,1608,219,"NSW"]
[2641,57,1608,219,"NSW"]
[2642,57,1608,219,"NSW"]
[2643,57,1608,219,"NSW"]
[2644,57,1608,219,"NSW"]
[2645,54,1330,358,"NSW"]
[2646,54,1330,358,"NSW"]
[2647,54,1330,358,"NSW"]
[2648,53,1112,230,"NSW"]
[2649,57,1608,219,"NSW"]
[2650,57,1608,219,"NSW"]
[2651,57,1608,219,"NSW"]
[2652,54,1330,358,"NSW"]
[2653,57,1608,219,"NSW"]
[2655,54,1330,358,"NSW"]
[2656,54,1330,358,"NSW"]
[2658,54,1330,358,"NSW"]
[2659,54,1330,358,"NSW"]
[2660,54,1330,358,"NSW"]
[2661,54,1330,358,"NSW"]
[2663,54,1330,358,"NSW"]
[2665,54,1330,358,"NSW"]
[2666,57,1608,219,"NSW"]
[2668,57,1608,219,"NSW"]
[2669,56,1164,283,"NSW"]
[2671,56,1164,283,"NSW"]
[2672,54,1330,358,"NSW"]
[2675,54,1330,358,"NSW"]
[2678,54,1330,358,"NSW"]
[2680,54,1330,358,"NSW"]
[2681,54,1330,358,"NSW"]
[2700,54,1330,358,"NSW"]
[2701,54,1330,358,"NSW"]
[2702,54,1330,358,"NSW"]
[2703,54,1330,358,"NSW"]
[2705,54,1330,358,"NSW"]
[2706,54,1330,358,"NSW"]
[2707,54,1330,358,"NSW"]
[2708,54,1330,358,"NSW"]
[2710,54,1330,358,"NSW"]
[2711,54,1330,358,"NSW"]
[2712,54,1330,358,"NSW"]
[2713,54,1330,358,"NSW"]
[2714,54,1330,358,"NSW"]
[2715,54,1330,358,"NSW"]
[2716,54,1330,358,"NSW"]
[2717,53,1112,230,"NSW"]
[2720,57,1608,219,"NSW"]
[2721,57,1608,219,"NSW"]
[2722,57,1608,219,"NSW"]
[2725,57,1608,219,"NSW"]
[2726,57,1608,219,"NSW"]
[2727,57,1608,219,"NSW"]
[2729,57,1608,219,"NSW"]
[2730,57,1608,219,"NSW"]
[2731,54,1330,358,"NSW"]
[2732,54,1330,358,"NSW"]
[2733,54,1330,358,"NSW"]
[2734,54,1330,358,"NSW"]
[2735,54,1330,358,"NSW"]
[2736,54,1330,358,"NSW"]
[2737,53,1112,230,"NSW"]
[2738,53,1112,230,"NSW"]
[2739,53,1112,230,"NSW"]
[2740,63,642,541,"NSW"]
[2745,63,642,541,"NSW"]
[2746,63,642,541,"NSW"]
[2747,63,642,541,"NSW"]
[2748,63,642,541,"NSW"]
[2749,63,642,541,"NSW"]
[2750,63,642,541,"NSW"]
[2751,63,642,541,"NSW"]
[2752,63,642,541,"NSW"]
[2753,63,642,541,"NSW"]
[2754,63,642,541,"NSW"]
[2755,63,642,541,"NSW"]
[2756,63,642,541,"NSW"]
[2757,63,642,541,"NSW"]
[2758,63,642,541,"NSW"]
[2759,63,642,541,"NSW"]
[2760,63,642,541,"NSW"]
[2761,63,642,541,"NSW"]
[2762,63,642,541,"NSW"]
[2763,63,642,541,"NSW"]
[2764,63,642,541,"NSW"]
[2765,63,642,541,"NSW"]
[2766,63,642,541,"NSW"]
[2767,63,642,541,"NSW"]
[2768,63,642,541,"NSW"]
[2770,63,642,541,"NSW"]
[2773,63,642,541,"NSW"]
[2774,63,642,541,"NSW"]
[2775,63,642,541,"NSW"]
[2776,63,642,541,"NSW"]
[2777,63,642,541,"NSW"]
[2778,63,642,541,"NSW"]
[2779,63,642,541,"NSW"]
[2780,63,642,541,"NSW"]
[2781,63,642,541,"NSW"]
[2782,63,642,541,"NSW"]
[2783,63,642,541,"NSW"]
[2784,63,642,541,"NSW"]
[2785,63,642,541,"NSW"]
[2786,63,642,541,"NSW"]
[2787,62,2023,89,"NSW"]
[2790,62,2023,89,"NSW"]
[2791,62,2023,89,"NSW"]
[2792,62,2023,89,"NSW"]
[2793,62,2023,89,"NSW"]
[2794,62,2023,89,"NSW"]
[2795,62,2023,89,"NSW"]
[2796,62,2023,89,"NSW"]
[2797,62,2023,89,"NSW"]
[2798,62,2023,89,"NSW"]
[2799,62,2023,89,"NSW"]
[2800,62,2023,89,"NSW"]
[2803,56,1164,283,"NSW"]
[2804,62,2023,89,"NSW"]
[2805,62,2023,89,"NSW"]
[2806,56,1164,283,"NSW"]
[2807,56,1164,283,"NSW"]
[2808,62,2023,89,"NSW"]
[2809,56,1164,283,"NSW"]
[2810,56,1164,283,"NSW"]
[2820,56,1164,283,"NSW"]
[2821,56,1164,283,"NSW"]
[2823,56,1164,283,"NSW"]
[2824,56,1164,283,"NSW"]
[2825,56,1164,283,"NSW"]
[2826,56,1164,283,"NSW"]
[2827,56,1164,283,"NSW"]
[2828,56,1164,283,"NSW"]
[2829,56,1164,283,"NSW"]
[2830,56,1164,283,"NSW"]
[2831,56,1164,283,"NSW"]
[2832,55,944,470,"NSW"]
[2833,55,944,470,"NSW"]
[2834,52,813,523,"NSW"]
[2835,52,813,523,"NSW"]
[2836,52,813,523,"NSW"]
[2839,52,813,523,"NSW"]
[2840,52,813,523,"NSW"]
[2842,56,1164,283,"NSW"]
[2843,56,1164,283,"NSW"]
[2844,56,1164,283,"NSW"]
[2845,62,2023,89,"NSW"]
[2846,62,2023,89,"NSW"]
[2847,62,2023,89,"NSW"]
[2848,62,2023,89,"NSW"]
[2849,62,2023,89,"NSW"]
[2850,62,2023,89,"NSW"]
[2852,62,2023,89,"NSW"]
[2864,56,1164,283,"NSW"]
[2865,56,1164,283,"NSW"]
[2866,62,2023,89,"NSW"]
[2867,62,2023,89,"NSW"]
[2868,56,1164,283,"NSW"]
[2869,56,1164,283,"NSW"]
[2870,56,1164,283,"NSW"]
[2871,56,1164,283,"NSW"]
[2873,56,1164,283,"NSW"]
[2874,56,1164,283,"NSW"]
[2875,56,1164,283,"NSW"]
[2876,56,1164,283,"NSW"]
[2877,56,1164,283,"NSW"]
[2878,52,813,523,"NSW"]
[2879,53,1112,230,"NSW"]
[2880,53,1112,230,"NSW"]
[2890,63,642,541,"NSW"]
[2891,63,642,541,"NSW"]
[2898,63,642,541,"NSW"]
[2899,63,642,541,"NSW"]
[2900,64,2186,80,"ACT"]
[2901,64,2186,80,"ACT"]
[2902,64,2186,80,"ACT"]
[2903,64,2186,80,"ACT"]
[2904,64,2186,80,"ACT"]
[2905,64,2186,80,"ACT"]
[2906,64,2186,80,"ACT"]
[2911,64,2186,80,"ACT"]
[2912,64,2186,80,"ACT"]
[2913,64,2186,80,"ACT"]
[2914,64,2186,80,"ACT"]
[3000,18,1590,100,"VIC"]
[3001,18,1590,100,"VIC"]
[3002,18,1590,100,"VIC"]
[3003,18,1590,100,"VIC"]
[3004,18,1590,100,"VIC"]
[3005,18,1590,100,"VIC"]
[3006,18,1590,100,"VIC"]
[3008,18,1590,100,"VIC"]
[3010,18,1590,100,"VIC"]
[3011,18,1590,100,"VIC"]
[3012,18,1590,100,"VIC"]
[3013,18,1590,100,"VIC"]
[3015,18,1590,100,"VIC"]
[3016,18,1590,100,"VIC"]
[3018,18,1590,100,"VIC"]
[3019,18,1590,100,"VIC"]
[3020,18,1590,100,"VIC"]
[3021,18,1590,100,"VIC"]
[3022,18,1590,100,"VIC"]
[3023,18,1590,100,"VIC"]
[3024,18,1590,100,"VIC"]
[3025,18,1590,100,"VIC"]
[3026,18,1590,100,"VIC"]
[3028,18,1590,100,"VIC"]
[3029,18,1590,100,"VIC"]
[3030,18,1590,100,"VIC"]
[3031,18,1590,100,"VIC"]
[3032,18,1590,100,"VIC"]
[3033,18,1590,100,"VIC"]
[3034,18,1590,100,"VIC"]
[3036,18,1590,100,"VIC"]
[3037,18,1590,100,"VIC"]
[3038,18,1590,100,"VIC"]
[3039,18,1590,100,"VIC"]
[3040,18,1590,100,"VIC"]
[3041,18,1590,100,"VIC"]
[3042,18,1590,100,"VIC"]
[3043,18,1590,100,"VIC"]
[3044,18,1590,100,"VIC"]
[3045,18,1590,100,"VIC"]
[3046,18,1590,100,"VIC"]
[3047,18,1590,100,"VIC"]
[3048,18,1590,100,"VIC"]
[3049,18,1590,100,"VIC"]
[3050,18,1590,100,"VIC"]
[3051,18,1590,100,"VIC"]
[3052,18,1590,100,"VIC"]
[3053,18,1590,100,"VIC"]
[3054,18,1590,100,"VIC"]
[3055,18,1590,100,"VIC"]
[3056,18,1590,100,"VIC"]
[3057,18,1590,100,"VIC"]
[3058,18,1590,100,"VIC"]
[3059,18,1590,100,"VIC"]
[3060,18,1590,100,"VIC"]
[3061,18,1590,100,"VIC"]
[3062,18,1590,100,"VIC"]
[3063,18,1590,100,"VIC"]
[3064,18,1590,100,"VIC"]
[3065,18,1590,100,"VIC"]
[3066,18,1590,100,"VIC"]
[3067,18,1590,100,"VIC"]
[3068,18,1590,100,"VIC"]
[3070,18,1590,100,"VIC"]
[3071,18,1590,100,"VIC"]
[3072,18,1590,100,"VIC"]
[3073,18,1590,100,"VIC"]
[3074,18,1590,100,"VIC"]
[3075,18,1590,100,"VIC"]
[3076,18,1590,100,"VIC"]
[3078,18,1590,100,"VIC"]
[3079,18,1590,100,"VIC"]
[3081,18,1590,100,"VIC"]
[3082,18,1590,100,"VIC"]
[3083,18,1590,100,"VIC"]
[3084,18,1590,100,"VIC"]
[3085,18,1590,100,"VIC"]
[3086,18,1590,100,"VIC"]
[3087,18,1590,100,"VIC"]
[3088,18,1590,100,"VIC"]
[3089,18,1590,100,"VIC"]
[3090,18,1590,100,"VIC"]
[3091,18,1590,100,"VIC"]
[3093,18,1590,100,"VIC"]
[3094,18,1590,100,"VIC"]
[3095,18,1590,100,"VIC"]
[3096,18,1590,100,"VIC"]
[3097,18,1590,100,"VIC"]
[3099,18,1590,100,"VIC"]
[3101,18,1590,100,"VIC"]
[3102,18,1590,100,"VIC"]
[3103,18,1590,100,"VIC"]
[3104,18,1590,100,"VIC"]
[3105,18,1590,100,"VIC"]
[3106,18,1590,100,"VIC"]
[3107,18,1590,100,"VIC"]
[3108,18,1590,100,"VIC"]
[3109,18,1590,100,"VIC"]
[3110,18,1590,100,"VIC"]
[3111,18,1590,100,"VIC"]
[3113,18,1590,100,"VIC"]
[3114,18,1590,100,"VIC"]
[3115,18,1590,100,"VIC"]
[3116,18,1590,100,"VIC"]
[3121,18,1590,100,"VIC"]
[3122,18,1590,100,"VIC"]
[3123,18,1590,100,"VIC"]
[3124,18,1590,100,"VIC"]
[3125,18,1590,100,"VIC"]
[3126,18,1590,100,"VIC"]
[3127,18,1590,100,"VIC"]
[3128,18,1590,100,"VIC"]
[3129,18,1590,100,"VIC"]
[3130,18,1590,100,"VIC"]
[3131,18,1590,100,"VIC"]
[3132,18,1590,100,"VIC"]
[3133,18,1590,100,"VIC"]
[3134,18,1590,100,"VIC"]
[3135,18,1590,100,"VIC"]
[3136,18,1590,100,"VIC"]
[3137,18,1590,100,"VIC"]
[3138,18,1590,100,"VIC"]
[3139,18,1590,100,"VIC"]
[3140,18,1590,100,"VIC"]
[3141,18,1590,100,"VIC"]
[3142,18,1590,100,"VIC"]
[3143,18,1590,100,"VIC"]
[3144,18,1590,100,"VIC"]
[3145,18,1590,100,"VIC"]
[3146,18,1590,100,"VIC"]
[3147,18,1590,100,"VIC"]
[3148,18,1590,100,"VIC"]
[3149,18,1590,100,"VIC"]
[3150,18,1590,100,"VIC"]
[3151,18,1590,100,"VIC"]
[3152,18,1590,100,"VIC"]
[3153,18,1590,100,"VIC"]
[3154,18,1590,100,"VIC"]
[3155,18,1590,100,"VIC"]
[3156,18,1590,100,"VIC"]
[3158,18,1590,100,"VIC"]
[3159,18,1590,100,"VIC"]
[3160,18,1590,100,"VIC"]
[3161,18,1590,100,"VIC"]
[3162,18,1590,100,"VIC"]
[3163,18,1590,100,"VIC"]
[3164,18,1590,100,"VIC"]
[3165,18,1590,100,"VIC"]
[3166,18,1590,100,"VIC"]
[3167,18,1590,100,"VIC"]
[3168,18,1590,100,"VIC"]
[3169,18,1590,100,"VIC"]
[3170,18,1590,100,"VIC"]
[3171,18,1590,100,"VIC"]
[3172,18,1590,100,"VIC"]
[3173,18,1590,100,"VIC"]
[3174,18,1590,100,"VIC"]
[3175,18,1590,100,"VIC"]
[3176,18,1590,100,"VIC"]
[3177,18,1590,100,"VIC"]
[3178,18,1590,100,"VIC"]
[3179,18,1590,100,"VIC"]
[3180,18,1590,100,"VIC"]
[3181,18,1590,100,"VIC"]
[3182,18,1590,100,"VIC"]
[3183,18,1590,100,"VIC"]
[3184,18,1590,100,"VIC"]
[3185,18,1590,100,"VIC"]
[3186,18,1590,100,"VIC"]
[3187,18,1590,100,"VIC"]
[3188,18,1590,100,"VIC"]
[3189,18,1590,100,"VIC"]
[3190,18,1590,100,"VIC"]
[3191,18,1590,100,"VIC"]
[3192,18,1590,100,"VIC"]
[3193,18,1590,100,"VIC"]
[3194,18,1590,100,"VIC"]
[3195,18,1590,100,"VIC"]
[3196,18,1590,100,"VIC"]
[3197,18,1590,100,"VIC"]
[3198,18,1590,100,"VIC"]
[3199,18,1590,100,"VIC"]
[3200,18,1590,100,"VIC"]
[3201,18,1590,100,"VIC"]
[3202,18,1590,100,"VIC"]
[3204,18,1590,100,"VIC"]
[3205,18,1590,100,"VIC"]
[3206,18,1590,100,"VIC"]
[3207,18,1590,100,"VIC"]
[3211,18,1590,100,"VIC"]
[3212,18,1590,100,"VIC"]
[3214,18,1590,100,"VIC"]
[3215,18,1590,100,"VIC"]
[3216,18,1590,100,"VIC"]
[3217,18,1590,100,"VIC"]
[3218,18,1590,100,"VIC"]
[3219,18,1590,100,"VIC"]
[3220,18,1590,100,"VIC"]
[3221,18,1590,100,"VIC"]
[3222,18,1590,100,"VIC"]
[3223,18,1590,100,"VIC"]
[3224,18,1590,100,"VIC"]
[3225,18,1590,100,"VIC"]
[3226,18,1590,100,"VIC"]
[3227,18,1590,100,"VIC"]
[3228,18,1590,100,"VIC"]
[3230,18,1590,100,"VIC"]
[3231,18,1590,100,"VIC"]
[3232,15,2049,104,"VIC"]
[3233,15,2049,104,"VIC"]
[3235,15,2049,104,"VIC"]
[3236,15,2049,104,"VIC"]
[3237,15,2049,104,"VIC"]
[3238,15,2049,104,"VIC"]
[3239,15,2049,104,"VIC"]
[3240,18,1590,100,"VIC"]
[3241,18,1590,100,"VIC"]
[3242,15,2049,104,"VIC"]
[3243,15,2049,104,"VIC"]
[3249,15,2049,104,"VIC"]
[3250,15,2049,104,"VIC"]
[3251,15,2049,104,"VIC"]
[3254,15,2049,104,"VIC"]
[3260,15,2049,104,"VIC"]
[3264,15,2049,104,"VIC"]
[3265,15,2049,104,"VIC"]
[3266,15,2049,104,"VIC"]
[3267,15,2049,104,"VIC"]
[3268,15,2049,104,"VIC"]
[3269,15,2049,104,"VIC"]
[3270,15,2049,104,"VIC"]
[3271,15,2049,104,"VIC"]
[3272,15,2049,104,"VIC"]
[3273,15,2049,104,"VIC"]
[3274,15,2049,104,"VIC"]
[3275,15,2049,104,"VIC"]
[3276,15,2049,104,"VIC"]
[3277,15,2049,104,"VIC"]
[3278,15,2049,104,"VIC"]
[3279,15,2049,104,"VIC"]
[3280,15,2049,104,"VIC"]
[3281,15,2049,104,"VIC"]
[3282,15,2049,104,"VIC"]
[3283,15,2049,104,"VIC"]
[3284,15,2049,104,"VIC"]
[3285,15,2049,104,"VIC"]
[3286,15,2049,104,"VIC"]
[3287,15,2049,104,"VIC"]
[3289,15,2049,104,"VIC"]
[3292,15,2049,104,"VIC"]
[3293,15,2049,104,"VIC"]
[3294,15,2049,104,"VIC"]
[3300,15,2049,104,"VIC"]
[3301,15,2049,104,"VIC"]
[3302,15,2049,104,"VIC"]
[3303,15,2049,104,"VIC"]
[3304,15,2049,104,"VIC"]
[3305,15,2049,104,"VIC"]
[3309,15,2049,104,"VIC"]
[3310,15,2049,104,"VIC"]
[3311,15,2049,104,"VIC"]
[3312,15,2049,104,"VIC"]
[3314,15,2049,104,"VIC"]
[3315,15,2049,104,"VIC"]
[3317,14,1610,120,"VIC"]
[3318,14,1610,120,"VIC"]
[3319,14,1610,120,"VIC"]
[3321,18,1590,100,"VIC"]
[3322,15,2049,104,"VIC"]
[3323,18,1590,100,"VIC"]
[3324,15,2049,104,"VIC"]
[3325,15,2049,104,"VIC"]
[3328,18,1590,100,"VIC"]
[3329,18,1590,100,"VIC"]
[3330,18,1590,100,"VIC"]
[3331,18,1590,100,"VIC"]
[3332,18,1590,100,"VIC"]
[3333,18,1590,100,"VIC"]
[3334,18,1590,100,"VIC"]
[3335,18,1590,100,"VIC"]
[3337,18,1590,100,"VIC"]
[3338,18,1590,100,"VIC"]
[3340,18,1590,100,"VIC"]
[3341,18,1590,100,"VIC"]
[3342,18,1590,100,"VIC"]
[3345,18,1590,100,"VIC"]
[3350,15,2049,104,"VIC"]
[3351,15,2049,104,"VIC"]
[3352,15,2049,104,"VIC"]
[3353,15,2049,104,"VIC"]
[3354,15,2049,104,"VIC"]
[3355,15,2049,104,"VIC"]
[3356,15,2049,104,"VIC"]
[3357,15,2049,104,"VIC"]
[3360,15,2049,104,"VIC"]
[3361,15,2049,104,"VIC"]
[3363,17,1846,145,"VIC"]
[3364,17,1846,145,"VIC"]
[3370,17,1846,145,"VIC"]
[3371,17,1846,145,"VIC"]
[3373,16,1595,248,"VIC"]
[3375,14,1610,120,"VIC"]
[3377,14,1610,120,"VIC"]
[3378,14,1610,120,"VIC"]
[3379,15,2049,104,"VIC"]
[3380,14,1610,120,"VIC"]
[3381,14,1610,120,"VIC"]
[3384,14,1610,120,"VIC"]
[3385,14,1610,120,"VIC"]
[3387,14,1610,120,"VIC"]
[3388,14,1610,120,"VIC"]
[3390,14,1610,120,"VIC"]
[3391,14,1610,120,"VIC"]
[3392,14,1610,120,"VIC"]
[3393,14,1610,120,"VIC"]
[3395,13,1160,201,"VIC"]
[3396,13,1160,201,"VIC"]
[3399,14,1610,120,"VIC"]
[3400,14,1610,120,"VIC"]
[3401,14,1610,120,"VIC"]
[3402,14,1610,120,"VIC"]
[3407,15,2049,104,"VIC"]
[3409,14,1610,120,"VIC"]
[3412,14,1610,120,"VIC"]
[3413,14,1610,120,"VIC"]
[3414,14,1610,120,"VIC"]
[3415,14,1610,120,"VIC"]
[3418,14,1610,120,"VIC"]
[3419,14,1610,120,"VIC"]
[3420,14,1610,120,"VIC"]
[3422,13,1160,201,"VIC"]
[3423,14,1610,120,"VIC"]
[3424,13,1160,201,"VIC"]
[3427,18,1590,100,"VIC"]
[3428,18,1590,100,"VIC"]
[3429,18,1590,100,"VIC"]
[3430,18,1590,100,"VIC"]
[3431,17,1846,145,"VIC"]
[3432,17,1846,145,"VIC"]
[3433,17,1846,145,"VIC"]
[3434,17,1846,145,"VIC"]
[3435,17,1846,145,"VIC"]
[3437,17,1846,145,"VIC"]
[3438,17,1846,145,"VIC"]
[3440,17,1846,145,"VIC"]
[3441,17,1846,145,"VIC"]
[3442,17,1846,145,"VIC"]
[3444,17,1846,145,"VIC"]
[3446,17,1846,145,"VIC"]
[3447,17,1846,145,"VIC"]
[3448,17,1846,145,"VIC"]
[3450,17,1846,145,"VIC"]
[3451,17,1846,145,"VIC"]
[3453,17,1846,145,"VIC"]
[3458,17,1846,145,"VIC"]
[3460,17,1846,145,"VIC"]
[3461,17,1846,145,"VIC"]
[3462,17,1846,145,"VIC"]
[3463,17,1846,145,"VIC"]
[3464,17,1846,145,"VIC"]
[3465,17,1846,145,"VIC"]
[3467,17,1846,145,"VIC"]
[3468,16,1595,248,"VIC"]
[3469,14,1610,120,"VIC"]
[3472,16,1595,248,"VIC"]
[3475,16,1595,248,"VIC"]
[3478,14,1610,120,"VIC"]
[3480,14,1610,120,"VIC"]
[3482,14,1610,120,"VIC"]
[3483,13,1160,201,"VIC"]
[3485,13,1160,201,"VIC"]
[3487,13,1160,201,"VIC"]
[3488,13,1160,201,"VIC"]
[3489,13,1160,201,"VIC"]
[3490,13,1160,201,"VIC"]
[3491,13,1160,201,"VIC"]
[3494,13,1160,201,"VIC"]
[3496,13,1160,201,"VIC"]
[3498,13,1160,201,"VIC"]
[3500,13,1160,201,"VIC"]
[3501,13,1160,201,"VIC"]
[3502,13,1160,201,"VIC"]
[3505,13,1160,201,"VIC"]
[3506,13,1160,201,"VIC"]
[3507,13,1160,201,"VIC"]
[3509,13,1160,201,"VIC"]
[3512,13,1160,201,"VIC"]
[3515,16,1595,248,"VIC"]
[3516,16,1595,248,"VIC"]
[3517,16,1595,248,"VIC"]
[3518,16,1595,248,"VIC"]
[3520,16,1595,248,"VIC"]
[3521,17,1846,145,"VIC"]
[3522,17,1846,145,"VIC"]
[3523,17,1846,145,"VIC"]
[3525,17,1846,145,"VIC"]
[3527,14,1610,120,"VIC"]
[3529,13,1160,201,"VIC"]
[3530,13,1160,201,"VIC"]
[3531,13,1160,201,"VIC"]
[3533,13,1160,201,"VIC"]
[3537,13,1160,201,"VIC"]
[3540,13,1160,201,"VIC"]
[3542,13,1160,201,"VIC"]
[3544,13,1160,201,"VIC"]
[3546,13,1160,201,"VIC"]
[3549,13,1160,201,"VIC"]
[3550,16,1595,248,"VIC"]
[3551,16,1595,248,"VIC"]
[3552,16,1595,248,"VIC"]
[3554,16,1595,248,"VIC"]
[3555,16,1595,248,"VIC"]
[3556,16,1595,248,"VIC"]
[3557,16,1595,248,"VIC"]
[3558,16,1595,248,"VIC"]
[3559,16,1595,248,"VIC"]
[3561,16,1595,248,"VIC"]
[3562,16,1595,248,"VIC"]
[3563,16,1595,248,"VIC"]
[3564,16,1595,248,"VIC"]
[3565,16,1595,248,"VIC"]
[3566,16,1595,248,"VIC"]
[3567,16,1595,248,"VIC"]
[3568,16,1595,248,"VIC"]
[3570,16,1595,248,"VIC"]
[3571,16,1595,248,"VIC"]
[3572,16,1595,248,"VIC"]
[3573,16,1595,248,"VIC"]
[3575,16,1595,248,"VIC"]
[3576,16,1595,248,"VIC"]
[3578,16,1595,248,"VIC"]
[3579,16,1595,248,"VIC"]
[3580,16,1595,248,"VIC"]
[3581,13,1160,201,"VIC"]
[3583,13,1160,201,"VIC"]
[3584,13,1160,201,"VIC"]
[3585,13,1160,201,"VIC"]
[3586,13,1160,201,"VIC"]
[3588,13,1160,201,"VIC"]
[3589,13,1160,201,"VIC"]
[3590,13,1160,201,"VIC"]
[3591,13,1160,201,"VIC"]
[3594,13,1160,201,"VIC"]
[3595,13,1160,201,"VIC"]
[3596,16,1595,248,"VIC"]
[3597,13,1160,201,"VIC"]
[3599,13,1160,201,"VIC"]
[3607,17,1846,145,"VIC"]
[3608,16,1595,248,"VIC"]
[3610,16,1595,248,"VIC"]
[3612,16,1595,248,"VIC"]
[3614,16,1595,248,"VIC"]
[3616,16,1595,248,"VIC"]
[3617,16,1595,248,"VIC"]
[3618,16,1595,248,"VIC"]
[3619,16,1595,248,"VIC"]
[3620,16,1595,248,"VIC"]
[3621,16,1595,248,"VIC"]
[3622,16,1595,248,"VIC"]
[3623,16,1595,248,"VIC"]
[3624,16,1595,248,"VIC"]
[3629,16,1595,248,"VIC"]
[3630,16,1595,248,"VIC"]
[3631,16,1595,248,"VIC"]
[3632,16,1595,248,"VIC"]
[3633,16,1595,248,"VIC"]
[3634,16,1595,248,"VIC"]
[3635,16,1595,248,"VIC"]
[3636,16,1595,248,"VIC"]
[3637,16,1595,248,"VIC"]
[3638,16,1595,248,"VIC"]
[3639,16,1595,248,"VIC"]
[3640,16,1595,248,"VIC"]
[3641,16,1595,248,"VIC"]
[3643,16,1595,248,"VIC"]
[3644,16,1595,248,"VIC"]
[3646,16,1595,248,"VIC"]
[3647,16,1595,248,"VIC"]
[3649,16,1595,248,"VIC"]
[3658,17,1846,145,"VIC"]
[3659,17,1846,145,"VIC"]
[3660,17,1846,145,"VIC"]
[3661,17,1846,145,"VIC"]
[3662,17,1846,145,"VIC"]
[3663,17,1846,145,"VIC"]
[3664,17,1846,145,"VIC"]
[3665,16,1595,248,"VIC"]
[3666,16,1595,248,"VIC"]
[3669,16,1595,248,"VIC"]
[3670,19,2031,194,"VIC"]
[3671,19,2031,194,"VIC"]
[3672,19,2031,194,"VIC"]
[3673,19,2031,194,"VIC"]
[3675,19,2031,194,"VIC"]
[3676,19,2031,194,"VIC"]
[3677,19,2031,194,"VIC"]
[3678,19,2031,194,"VIC"]
[3682,19,2031,194,"VIC"]
[3683,19,2031,194,"VIC"]
[3685,19,2031,194,"VIC"]
[3687,19,2031,194,"VIC"]
[3688,19,2031,194,"VIC"]
[3689,19,2031,194,"VIC"]
[3690,19,2031,194,"VIC"]
[3691,19,2031,194,"VIC"]
[3693,19,2031,194,"VIC"]
[3694,19,2031,194,"VIC"]
[3695,19,2031,194,"VIC"]
[3697,19,2031,194,"VIC"]
[3698,19,2031,194,"VIC"]
[3699,19,2031,194,"VIC"]
[3700,19,2031,194,"VIC"]
[3701,19,2031,194,"VIC"]
[3704,19,2031,194,"VIC"]
[3705,19,2031,194,"VIC"]
[3707,19,2031,194,"VIC"]
[3708,19,2031,194,"VIC"]
[3709,19,2031,194,"VIC"]
[3711,17,1846,145,"VIC"]
[3712,17,1846,145,"VIC"]
[3713,17,1846,145,"VIC"]
[3714,17,1846,145,"VIC"]
[3715,17,1846,145,"VIC"]
[3717,17,1846,145,"VIC"]
[3718,17,1846,145,"VIC"]
[3719,17,1846,145,"VIC"]
[3720,17,1846,145,"VIC"]
[3722,19,2031,194,"VIC"]
[3723,19,2031,194,"VIC"]
[3724,19,2031,194,"VIC"]
[3725,16,1595,248,"VIC"]
[3726,16,1595,248,"VIC"]
[3727,16,1595,248,"VIC"]
[3728,16,1595,248,"VIC"]
[3730,16,1595,248,"VIC"]
[3732,19,2031,194,"VIC"]
[3733,19,2031,194,"VIC"]
[3735,19,2031,194,"VIC"]
[3736,19,2031,194,"VIC"]
[3737,19,2031,194,"VIC"]
[3738,19,2031,194,"VIC"]
[3739,19,2031,194,"VIC"]
[3740,19,2031,194,"VIC"]
[3741,19,2031,194,"VIC"]
[3744,19,2031,194,"VIC"]
[3746,19,2031,194,"VIC"]
[3747,19,2031,194,"VIC"]
[3749,19,2031,194,"VIC"]
[3750,18,1590,100,"VIC"]
[3751,17,1846,145,"VIC"]
[3752,18,1590,100,"VIC"]
[3753,17,1846,145,"VIC"]
[3754,18,1590,100,"VIC"]
[3755,18,1590,100,"VIC"]
[3756,17,1846,145,"VIC"]
[3757,17,1846,145,"VIC"]
[3758,17,1846,145,"VIC"]
[3759,18,1590,100,"VIC"]
[3760,18,1590,100,"VIC"]
[3761,18,1590,100,"VIC"]
[3762,18,1590,100,"VIC"]
[3763,18,1590,100,"VIC"]
[3764,17,1846,145,"VIC"]
[3765,18,1590,100,"VIC"]
[3766,18,1590,100,"VIC"]
[3767,18,1590,100,"VIC"]
[3770,18,1590,100,"VIC"]
[3775,18,1590,100,"VIC"]
[3777,18,1590,100,"VIC"]
[3778,18,1590,100,"VIC"]
[3779,18,1590,100,"VIC"]
[3781,18,1590,100,"VIC"]
[3782,18,1590,100,"VIC"]
[3783,18,1590,100,"VIC"]
[3785,18,1590,100,"VIC"]
[3786,18,1590,100,"VIC"]
[3787,18,1590,100,"VIC"]
[3788,18,1590,100,"VIC"]
[3789,18,1590,100,"VIC"]
[3791,18,1590,100,"VIC"]
[3792,18,1590,100,"VIC"]
[3793,18,1590,100,"VIC"]
[3795,18,1590,100,"VIC"]
[3796,18,1590,100,"VIC"]
[3797,18,1590,100,"VIC"]
[3799,18,1590,100,"VIC"]
[3800,18,1590,100,"VIC"]
[3802,18,1590,100,"VIC"]
[3803,18,1590,100,"VIC"]
[3804,18,1590,100,"VIC"]
[3805,18,1590,100,"VIC"]
[3806,18,1590,100,"VIC"]
[3807,18,1590,100,"VIC"]
[3808,18,1590,100,"VIC"]
[3809,18,1590,100,"VIC"]
[3810,18,1590,100,"VIC"]
[3812,18,1590,100,"VIC"]
[3813,18,1590,100,"VIC"]
[3814,18,1590,100,"VIC"]
[3815,18,1590,100,"VIC"]
[3816,18,1590,100,"VIC"]
[3818,18,1590,100,"VIC"]
[3820,20,2021,136,"VIC"]
[3821,20,2021,136,"VIC"]
[3822,20,2021,136,"VIC"]
[3823,20,2021,136,"VIC"]
[3824,20,2021,136,"VIC"]
[3825,20,2021,136,"VIC"]
[3831,20,2021,136,"VIC"]
[3833,20,2021,136,"VIC"]
[3835,20,2021,136,"VIC"]
[3840,20,2021,136,"VIC"]
[3841,20,2021,136,"VIC"]
[3842,20,2021,136,"VIC"]
[3844,20,2021,136,"VIC"]
[3847,20,2021,136,"VIC"]
[3850,20,2021,136,"VIC"]
[3851,20,2021,136,"VIC"]
[3852,20,2021,136,"VIC"]
[3853,20,2021,136,"VIC"]
[3854,20,2021,136,"VIC"]
[3856,20,2021,136,"VIC"]
[3857,20,2021,136,"VIC"]
[3858,20,2021,136,"VIC"]
[3859,20,2021,136,"VIC"]
[3860,20,2021,136,"VIC"]
[3862,21,1569,180,"VIC"]
[3864,20,2021,136,"VIC"]
[3865,21,1569,180,"VIC"]
[3869,20,2021,136,"VIC"]
[3870,20,2021,136,"VIC"]
[3871,20,2021,136,"VIC"]
[3873,20,2021,136,"VIC"]
[3874,20,2021,136,"VIC"]
[3875,21,1569,180,"VIC"]
[3878,21,1569,180,"VIC"]
[3880,21,1569,180,"VIC"]
[3882,21,1569,180,"VIC"]
[3885,21,1569,180,"VIC"]
[3886,21,1569,180,"VIC"]
[3887,21,1569,180,"VIC"]
[3888,21,1569,180,"VIC"]
[3889,21,1569,180,"VIC"]
[3890,21,1569,180,"VIC"]
[3891,21,1569,180,"VIC"]
[3892,21,1569,180,"VIC"]
[3893,21,1569,180,"VIC"]
[3895,21,1569,180,"VIC"]
[3896,21,1569,180,"VIC"]
[3898,19,2031,194,"VIC"]
[3900,19,2031,194,"VIC"]
[3902,21,1569,180,"VIC"]
[3903,21,1569,180,"VIC"]
[3904,21,1569,180,"VIC"]
[3909,21,1569,180,"VIC"]
[3910,18,1590,100,"VIC"]
[3911,18,1590,100,"VIC"]
[3912,18,1590,100,"VIC"]
[3913,18,1590,100,"VIC"]
[3915,18,1590,100,"VIC"]
[3916,18,1590,100,"VIC"]
[3918,18,1590,100,"VIC"]
[3919,18,1590,100,"VIC"]
[3920,18,1590,100,"VIC"]
[3921,18,1590,100,"VIC"]
[3922,18,1590,100,"VIC"]
[3923,18,1590,100,"VIC"]
[3925,18,1590,100,"VIC"]
[3926,18,1590,100,"VIC"]
[3927,18,1590,100,"VIC"]
[3928,18,1590,100,"VIC"]
[3929,18,1590,100,"VIC"]
[3930,18,1590,100,"VIC"]
[3931,18,1590,100,"VIC"]
[3933,18,1590,100,"VIC"]
[3934,18,1590,100,"VIC"]
[3936,18,1590,100,"VIC"]
[3937,18,1590,100,"VIC"]
[3938,18,1590,100,"VIC"]
[3939,18,1590,100,"VIC"]
[3940,18,1590,100,"VIC"]
[3941,18,1590,100,"VIC"]
[3942,18,1590,100,"VIC"]
[3943,18,1590,100,"VIC"]
[3944,18,1590,100,"VIC"]
[3945,18,1590,100,"VIC"]
[3946,18,1590,100,"VIC"]
[3950,18,1590,100,"VIC"]
[3951,18,1590,100,"VIC"]
[3953,20,2021,136,"VIC"]
[3954,20,2021,136,"VIC"]
[3956,20,2021,136,"VIC"]
[3957,20,2021,136,"VIC"]
[3958,20,2021,136,"VIC"]
[3959,20,2021,136,"VIC"]
[3960,20,2021,136,"VIC"]
[3962,20,2021,136,"VIC"]
[3964,20,2021,136,"VIC"]
[3965,20,2021,136,"VIC"]
[3966,20,2021,136,"VIC"]
[3967,20,2021,136,"VIC"]
[3971,20,2021,136,"VIC"]
[3975,18,1590,100,"VIC"]
[3976,18,1590,100,"VIC"]
[3977,18,1590,100,"VIC"]
[3978,18,1590,100,"VIC"]
[3979,18,1590,100,"VIC"]
[3980,18,1590,100,"VIC"]
[3981,18,1590,100,"VIC"]
[3984,18,1590,100,"VIC"]
[3987,18,1590,100,"VIC"]
[3988,18,1590,100,"VIC"]
[3989,18,1590,100,"VIC"]
[3990,18,1590,100,"VIC"]
[3991,18,1590,100,"VIC"]
[3992,18,1590,100,"VIC"]
[3995,18,1590,100,"VIC"]
[3996,18,1590,100,"VIC"]
[4000,51,325,1043,"QLD"]
[4001,51,325,1043,"QLD"]
[4002,51,325,1043,"QLD"]
[4003,51,325,1043,"QLD"]
[4004,51,325,1043,"QLD"]
[4005,51,325,1043,"QLD"]
[4006,51,325,1043,"QLD"]
[4007,51,325,1043,"QLD"]
[4008,51,325,1043,"QLD"]
[4009,51,325,1043,"QLD"]
[4010,51,325,1043,"QLD"]
[4011,51,325,1043,"QLD"]
[4012,51,325,1043,"QLD"]
[4013,51,325,1043,"QLD"]
[4014,51,325,1043,"QLD"]
[4017,51,325,1043,"QLD"]
[4018,51,325,1043,"QLD"]
[4019,51,325,1043,"QLD"]
[4020,51,325,1043,"QLD"]
[4021,51,325,1043,"QLD"]
[4022,51,325,1043,"QLD"]
[4025,51,325,1043,"QLD"]
[4029,51,325,1043,"QLD"]
[4030,51,325,1043,"QLD"]
[4031,51,325,1043,"QLD"]
[4032,51,325,1043,"QLD"]
[4034,51,325,1043,"QLD"]
[4035,51,325,1043,"QLD"]
[4036,51,325,1043,"QLD"]
[4037,51,325,1043,"QLD"]
[4051,51,325,1043,"QLD"]
[4052,51,325,1043,"QLD"]
[4053,51,325,1043,"QLD"]
[4054,51,325,1043,"QLD"]
[4055,51,325,1043,"QLD"]
[4059,51,325,1043,"QLD"]
[4060,51,325,1043,"QLD"]
[4061,51,325,1043,"QLD"]
[4064,51,325,1043,"QLD"]
[4065,51,325,1043,"QLD"]
[4066,51,325,1043,"QLD"]
[4067,51,325,1043,"QLD"]
[4068,51,325,1043,"QLD"]
[4069,51,325,1043,"QLD"]
[4070,51,325,1043,"QLD"]
[4072,51,325,1043,"QLD"]
[4073,51,325,1043,"QLD"]
[4074,51,325,1043,"QLD"]
[4075,51,325,1043,"QLD"]
[4076,51,325,1043,"QLD"]
[4077,51,325,1043,"QLD"]
[4078,51,325,1043,"QLD"]
[4101,51,325,1043,"QLD"]
[4102,51,325,1043,"QLD"]
[4103,51,325,1043,"QLD"]
[4104,51,325,1043,"QLD"]
[4105,51,325,1043,"QLD"]
[4106,51,325,1043,"QLD"]
[4107,51,325,1043,"QLD"]
[4108,51,325,1043,"QLD"]
[4109,51,325,1043,"QLD"]
[4110,51,325,1043,"QLD"]
[4111,51,325,1043,"QLD"]
[4112,51,325,1043,"QLD"]
[4113,51,325,1043,"QLD"]
[4114,51,325,1043,"QLD"]
[4115,51,325,1043,"QLD"]
[4116,51,325,1043,"QLD"]
[4117,51,325,1043,"QLD"]
[4118,51,325,1043,"QLD"]
[4119,51,325,1043,"QLD"]
[4120,51,325,1043,"QLD"]
[4121,51,325,1043,"QLD"]
[4122,51,325,1043,"QLD"]
[4123,51,325,1043,"QLD"]
[4124,51,325,1043,"QLD"]
[4125,51,325,1043,"QLD"]
[4127,51,325,1043,"QLD"]
[4128,51,325,1043,"QLD"]
[4129,51,325,1043,"QLD"]
[4130,51,325,1043,"QLD"]
[4131,51,325,1043,"QLD"]
[4132,51,325,1043,"QLD"]
[4133,51,325,1043,"QLD"]
[4151,51,325,1043,"QLD"]
[4152,51,325,1043,"QLD"]
[4153,51,325,1043,"QLD"]
[4154,51,325,1043,"QLD"]
[4155,51,325,1043,"QLD"]
[4156,51,325,1043,"QLD"]
[4157,51,325,1043,"QLD"]
[4158,51,325,1043,"QLD"]
[4159,51,325,1043,"QLD"]
[4160,51,325,1043,"QLD"]
[4161,51,325,1043,"QLD"]
[4163,51,325,1043,"QLD"]
[4164,51,325,1043,"QLD"]
[4165,51,325,1043,"QLD"]
[4169,51,325,1043,"QLD"]
[4170,51,325,1043,"QLD"]
[4171,51,325,1043,"QLD"]
[4172,51,325,1043,"QLD"]
[4173,51,325,1043,"QLD"]
[4174,51,325,1043,"QLD"]
[4178,51,325,1043,"QLD"]
[4179,51,325,1043,"QLD"]
[4183,51,325,1043,"QLD"]
[4184,51,325,1043,"QLD"]
[4205,51,325,1043,"QLD"]
[4207,51,325,1043,"QLD"]
[4208,51,325,1043,"QLD"]
[4209,51,325,1043,"QLD"]
[4210,51,325,1043,"QLD"]
[4211,51,325,1043,"QLD"]
[4212,51,325,1043,"QLD"]
[4213,51,325,1043,"QLD"]
[4214,51,325,1043,"QLD"]
[4215,51,325,1043,"QLD"]
[4216,51,325,1043,"QLD"]
[4217,51,325,1043,"QLD"]
[4218,51,325,1043,"QLD"]
[4219,51,325,1043,"QLD"]
[4220,51,325,1043,"QLD"]
[4221,51,325,1043,"QLD"]
[4223,51,325,1043,"QLD"]
[4224,51,325,1043,"QLD"]
[4225,51,325,1043,"QLD"]
[4226,51,325,1043,"QLD"]
[4227,51,325,1043,"QLD"]
[4228,51,325,1043,"QLD"]
[4229,51,325,1043,"QLD"]
[4230,51,325,1043,"QLD"]
[4270,51,325,1043,"QLD"]
[4271,51,325,1043,"QLD"]
[4272,51,325,1043,"QLD"]
[4275,51,325,1043,"QLD"]
[4280,51,325,1043,"QLD"]
[4285,51,325,1043,"QLD"]
[4287,51,325,1043,"QLD"]
[4300,51,325,1043,"QLD"]
[4301,51,325,1043,"QLD"]
[4303,51,325,1043,"QLD"]
[4304,51,325,1043,"QLD"]
[4305,51,325,1043,"QLD"]
[4306,51,325,1043,"QLD"]
[4307,51,325,1043,"QLD"]
[4309,51,325,1043,"QLD"]
[4310,51,325,1043,"QLD"]
[4311,51,325,1043,"QLD"]
[4312,51,325,1043,"QLD"]
[4313,51,325,1043,"QLD"]
[4340,51,325,1043,"QLD"]
[4341,51,325,1043,"QLD"]
[4342,51,325,1043,"QLD"]
[4343,51,325,1043,"QLD"]
[4344,51,325,1043,"QLD"]
[4345,51,325,1043,"QLD"]
[4346,51,325,1043,"QLD"]
[4347,51,325,1043,"QLD"]
[4350,49,660,876,"QLD"]
[4352,49,660,876,"QLD"]
[4354,49,660,876,"QLD"]
[4355,49,660,876,"QLD"]
[4356,49,660,876,"QLD"]
[4357,49,660,876,"QLD"]
[4358,49,660,876,"QLD"]
[4359,49,660,876,"QLD"]
[4360,49,660,876,"QLD"]
[4361,49,660,876,"QLD"]
[4362,49,660,876,"QLD"]
[4370,49,660,876,"QLD"]
[4371,49,660,876,"QLD"]
[4372,49,660,876,"QLD"]
[4373,49,660,876,"QLD"]
[4374,49,660,876,"QLD"]
[4375,49,660,876,"QLD"]
[4376,49,660,876,"QLD"]
[4377,49,660,876,"QLD"]
[4378,49,660,876,"QLD"]
[4380,49,660,876,"QLD"]
[4381,49,660,876,"QLD"]
[4382,49,660,876,"QLD"]
[4383,49,660,876,"QLD"]
[4384,49,660,876,"QLD"]
[4385,49,660,876,"QLD"]
[4387,49,660,876,"QLD"]
[4388,49,660,876,"QLD"]
[4390,49,660,876,"QLD"]
[4400,49,660,876,"QLD"]
[4401,49,660,876,"QLD"]
[4402,49,660,876,"QLD"]
[4403,49,660,876,"QLD"]
[4404,49,660,876,"QLD"]
[4405,49,660,876,"QLD"]
[4406,49,660,876,"QLD"]
[4407,49,660,876,"QLD"]
[4408,49,660,876,"QLD"]
[4410,49,660,876,"QLD"]
[4411,49,660,876,"QLD"]
[4412,49,660,876,"QLD"]
[4413,49,660,876,"QLD"]
[4415,49,660,876,"QLD"]
[4416,49,660,876,"QLD"]
[4417,48,603,844,"QLD"]
[4418,44,207,1143,"QLD"]
[4419,44,207,1143,"QLD"]
[4420,44,207,1143,"QLD"]
[4421,49,660,876,"QLD"]
[4422,48,603,844,"QLD"]
[4423,48,603,844,"QLD"]
[4424,48,603,844,"QLD"]
[4425,48,603,844,"QLD"]
[4426,48,603,844,"QLD"]
[4427,48,603,844,"QLD"]
[4428,48,603,844,"QLD"]
[4454,48,603,844,"QLD"]
[4455,48,603,844,"QLD"]
[4461,48,603,844,"QLD"]
[4462,48,603,844,"QLD"]
[4465,48,603,844,"QLD"]
[4467,48,603,844,"QLD"]
[4468,48,603,844,"QLD"]
[4470,48,603,844,"QLD"]
[4471,48,603,844,"QLD"]
[4472,45,255,1024,"QLD"]
[4474,47,380,820,"QLD"]
[4475,48,603,844,"QLD"]
[4477,45,255,1024,"QLD"]
[4478,45,255,1024,"QLD"]
[4479,48,603,844,"QLD"]
[4480,47,380,820,"QLD"]
[4481,47,380,820,"QLD"]
[4482,47,380,820,"QLD"]
[4486,48,603,844,"QLD"]
[4487,48,603,844,"QLD"]
[4488,48,603,844,"QLD"]
[4489,48,603,844,"QLD"]
[4490,48,603,844,"QLD"]
[4491,48,603,844,"QLD"]
[4492,47,380,820,"QLD"]
[4493,48,603,844,"QLD"]
[4494,49,660,876,"QLD"]
[4496,49,660,876,"QLD"]
[4497,49,660,876,"QLD"]
[4498,49,660,876,"QLD"]
[4500,51,325,1043,"QLD"]
[4501,51,325,1043,"QLD"]
[4502,51,325,1043,"QLD"]
[4503,51,325,1043,"QLD"]
[4504,51,325,1043,"QLD"]
[4505,51,325,1043,"QLD"]
[4506,51,325,1043,"QLD"]
[4507,51,325,1043,"QLD"]
[4508,51,325,1043,"QLD"]
[4509,51,325,1043,"QLD"]
[4510,51,325,1043,"QLD"]
[4511,51,325,1043,"QLD"]
[4512,51,325,1043,"QLD"]
[4514,51,325,1043,"QLD"]
[4515,51,325,1043,"QLD"]
[4516,51,325,1043,"QLD"]
[4517,51,325,1043,"QLD"]
[4518,51,325,1043,"QLD"]
[4519,51,325,1043,"QLD"]
[4520,51,325,1043,"QLD"]
[4521,51,325,1043,"QLD"]
[4550,51,325,1043,"QLD"]
[4551,51,325,1043,"QLD"]
[4552,51,325,1043,"QLD"]
[4553,51,325,1043,"QLD"]
[4554,51,325,1043,"QLD"]
[4555,51,325,1043,"QLD"]
[4556,51,325,1043,"QLD"]
[4557,51,325,1043,"QLD"]
[4558,51,325,1043,"QLD"]
[4559,51,325,1043,"QLD"]
[4560,51,325,1043,"QLD"]
[4561,51,325,1043,"QLD"]
[4562,51,325,1043,"QLD"]
[4563,51,325,1043,"QLD"]
[4564,51,325,1043,"QLD"]
[4565,51,325,1043,"QLD"]
[4566,51,325,1043,"QLD"]
[4567,51,325,1043,"QLD"]
[4568,51,325,1043,"QLD"]
[4569,51,325,1043,"QLD"]
[4570,50,229,1375,"QLD"]
[4571,51,325,1043,"QLD"]
[4572,51,325,1043,"QLD"]
[4573,51,325,1043,"QLD"]
[4574,51,325,1043,"QLD"]
[4575,51,325,1043,"QLD"]
[4580,50,229,1375,"QLD"]
[4581,50,229,1375,"QLD"]
[4600,50,229,1375,"QLD"]
[4601,50,229,1375,"QLD"]
[4605,50,229,1375,"QLD"]
[4606,50,229,1375,"QLD"]
[4608,50,229,1375,"QLD"]
[4610,50,229,1375,"QLD"]
[4611,50,229,1375,"QLD"]
[4612,50,229,1375,"QLD"]
[4613,50,229,1375,"QLD"]
[4614,50,229,1375,"QLD"]
[4615,50,229,1375,"QLD"]
[4620,50,229,1375,"QLD"]
[4621,50,229,1375,"QLD"]
[4625,50,229,1375,"QLD"]
[4626,50,229,1375,"QLD"]
[4627,50,229,1375,"QLD"]
[4630,50,229,1375,"QLD"]
[4650,50,229,1375,"QLD"]
[4655,50,229,1375,"QLD"]
[4659,50,229,1375,"QLD"]
[4660,50,229,1375,"QLD"]
[4662,50,229,1375,"QLD"]
[4670,50,229,1375,"QLD"]
[4671,50,229,1375,"QLD"]
[4673,50,229,1375,"QLD"]
[4674,50,229,1375,"QLD"]
[4676,50,229,1375,"QLD"]
[4677,43,140,1424,"QLD"]
[4678,43,140,1424,"QLD"]
[4680,43,140,1424,"QLD"]
[4694,43,140,1424,"QLD"]
[4695,43,140,1424,"QLD"]
[4697,43,140,1424,"QLD"]
[4699,43,140,1424,"QLD"]
[4700,43,140,1424,"QLD"]
[4701,43,140,1424,"QLD"]
[4702,43,140,1424,"QLD"]
[4703,43,140,1424,"QLD"]
[4704,43,140,1424,"QLD"]
[4705,43,140,1424,"QLD"]
[4706,43,140,1424,"QLD"]
[4707,43,140,1424,"QLD"]
[4709,43,140,1424,"QLD"]
[4714,43,140,1424,"QLD"]
[4715,43,140,1424,"QLD"]
[4716,43,140,1424,"QLD"]
[4717,44,207,1143,"QLD"]
[4718,43,140,1424,"QLD"]
[4719,43,140,1424,"QLD"]
[4720,44,207,1143,"QLD"]
[4721,44,207,1143,"QLD"]
[4722,44,207,1143,"QLD"]
[4724,45,255,1024,"QLD"]
[4725,45,255,1024,"QLD"]
[4726,45,255,1024,"QLD"]
[4727,45,255,1024,"QLD"]
[4730,45,255,1024,"QLD"]
[4731,45,255,1024,"QLD"]
[4732,45,255,1024,"QLD"]
[4733,45,255,1024,"QLD"]
[4735,45,255,1024,"QLD"]
[4736,47,380,820,"QLD"]
[4737,42,98,1950,"QLD"]
[4738,42,98,1950,"QLD"]
[4739,42,98,1950,"QLD"]
[4740,42,98,1950,"QLD"]
[4741,42,98,1950,"QLD"]
[4742,42,98,1950,"QLD"]
[4743,42,98,1950,"QLD"]
[4744,44,207,1143,"QLD"]
[4745,44,207,1143,"QLD"]
[4746,44,207,1143,"QLD"]
[4750,44,207,1143,"QLD"]
[4751,42,98,1950,"QLD"]
[4753,42,98,1950,"QLD"]
[4754,42,98,1950,"QLD"]
[4756,42,98,1950,"QLD"]
[4757,42,98,1950,"QLD"]
[4798,42,98,1950,"QLD"]
[4799,42,98,1950,"QLD"]
[4800,42,98,1950,"QLD"]
[4801,42,98,1950,"QLD"]
[4802,42,98,1950,"QLD"]
[4803,42,98,1950,"QLD"]
[4804,42,98,1950,"QLD"]
[4805,42,98,1950,"QLD"]
[4806,41,17,2429,"QLD"]
[4807,41,17,2429,"QLD"]
[4808,41,17,2429,"QLD"]
[4809,41,17,2429,"QLD"]
[4810,41,17,2429,"QLD"]
[4811,41,17,2429,"QLD"]
[4812,41,17,2429,"QLD"]
[4813,41,17,2429,"QLD"]
[4814,41,17,2429,"QLD"]
[4815,41,17,2429,"QLD"]
[4816,41,17,2429,"QLD"]
[4817,41,17,2429,"QLD"]
[4818,41,17,2429,"QLD"]
[4819,41,17,2429,"QLD"]
[4820,38,52,1470,"QLD"]
[4821,38,52,1470,"QLD"]
[4822,38,52,1470,"QLD"]
[4823,46,137,955,"QLD"]
[4824,46,137,955,"QLD"]
[4825,46,137,955,"QLD"]
[4828,46,137,955,"QLD"]
[4829,47,380,820,"QLD"]
[4830,46,137,955,"QLD"]
[4849,39,4,2211,"QLD"]
[4850,39,4,2211,"QLD"]
[4852,39,4,2211,"QLD"]
[4854,39,4,2211,"QLD"]
[4855,39,4,2211,"QLD"]
[4856,39,4,2211,"QLD"]
[4857,39,4,2211,"QLD"]
[4858,39,4,2211,"QLD"]
[4859,39,4,2211,"QLD"]
[4860,39,4,2211,"QLD"]
[4861,39,4,2211,"QLD"]
[4865,39,4,2211,"QLD"]
[4868,39,4,2211,"QLD"]
[4869,39,4,2211,"QLD"]
[4870,39,4,2211,"QLD"]
[4871,39,4,2211,"QLD"]
[4872,39,4,2211,"QLD"]
[4873,39,4,2211,"QLD"]
[4874,36,0,2835,"QLD"]
[4875,36,0,2835,"QLD"]
[4876,36,0,2835,"QLD"]
[4878,39,4,2211,"QLD"]
[4879,39,4,2211,"QLD"]
[4880,39,4,2211,"QLD"]
[4882,39,4,2211,"QLD"]
[4883,39,4,2211,"QLD"]
[4885,39,4,2211,"QLD"]
[4886,39,4,2211,"QLD"]
[4890,39,4,2211,"QLD"]
[4891,39,4,2211,"QLD"]
[5000,33,1554,132,"SA"]
[5001,33,1554,132,"SA"]
[5005,33,1554,132,"SA"]
[5006,33,1554,132,"SA"]
[5007,33,1554,132,"SA"]
[5008,33,1554,132,"SA"]
[5009,33,1554,132,"SA"]
[5010,33,1554,132,"SA"]
[5011,33,1554,132,"SA"]
[5012,33,1554,132,"SA"]
[5013,33,1554,132,"SA"]
[5014,33,1554,132,"SA"]
[5015,33,1554,132,"SA"]
[5016,33,1554,132,"SA"]
[5017,33,1554,132,"SA"]
[5018,33,1554,132,"SA"]
[5019,33,1554,132,"SA"]
[5020,33,1554,132,"SA"]
[5021,33,1554,132,"SA"]
[5022,33,1554,132,"SA"]
[5023,33,1554,132,"SA"]
[5024,33,1554,132,"SA"]
[5025,33,1554,132,"SA"]
[5031,33,1554,132,"SA"]
[5032,33,1554,132,"SA"]
[5033,33,1554,132,"SA"]
[5034,33,1554,132,"SA"]
[5035,33,1554,132,"SA"]
[5037,33,1554,132,"SA"]
[5038,33,1554,132,"SA"]
[5039,33,1554,132,"SA"]
[5040,33,1554,132,"SA"]
[5041,33,1554,132,"SA"]
[5042,33,1554,132,"SA"]
[5043,33,1554,132,"SA"]
[5044,33,1554,132,"SA"]
[5045,33,1554,132,"SA"]
[5046,33,1554,132,"SA"]
[5047,33,1554,132,"SA"]
[5048,33,1554,132,"SA"]
[5049,33,1554,132,"SA"]
[5050,33,1554,132,"SA"]
[5051,33,1554,132,"SA"]
[5052,33,1554,132,"SA"]
[5061,33,1554,132,"SA"]
[5062,33,1554,132,"SA"]
[5063,33,1554,132,"SA"]
[5064,33,1554,132,"SA"]
[5065,33,1554,132,"SA"]
[5066,33,1554,132,"SA"]
[5067,33,1554,132,"SA"]
[5068,33,1554,132,"SA"]
[5069,33,1554,132,"SA"]
[5070,33,1554,132,"SA"]
[5071,33,1554,132,"SA"]
[5072,33,1554,132,"SA"]
[5073,33,1554,132,"SA"]
[5074,33,1554,132,"SA"]
[5075,33,1554,132,"SA"]
[5076,33,1554,132,"SA"]
[5081,33,1554,132,"SA"]
[5082,33,1554,132,"SA"]
[5083,33,1554,132,"SA"]
[5084,33,1554,132,"SA"]
[5085,33,1554,132,"SA"]
[5086,33,1554,132,"SA"]
[5087,33,1554,132,"SA"]
[5088,33,1554,132,"SA"]
[5089,33,1554,132,"SA"]
[5090,33,1554,132,"SA"]
[5091,33,1554,132,"SA"]
[5092,33,1554,132,"SA"]
[5093,33,1554,132,"SA"]
[5094,33,1554,132,"SA"]
[5095,33,1554,132,"SA"]
[5096,33,1554,132,"SA"]
[5097,33,1554,132,"SA"]
[5098,33,1554,132,"SA"]
[5106,33,1554,132,"SA"]
[5107,33,1554,132,"SA"]
[5108,33,1554,132,"SA"]
[5109,33,1554,132,"SA"]
[5110,33,1554,132,"SA"]
[5111,33,1554,132,"SA"]
[5112,33,1554,132,"SA"]
[5113,33,1554,132,"SA"]
[5114,33,1554,132,"SA"]
[5115,33,1554,132,"SA"]
[5116,33,1554,132,"SA"]
[5117,33,1554,132,"SA"]
[5118,33,1554,132,"SA"]
[5120,33,1554,132,"SA"]
[5121,33,1554,132,"SA"]
[5125,33,1554,132,"SA"]
[5126,33,1554,132,"SA"]
[5127,33,1554,132,"SA"]
[5131,33,1554,132,"SA"]
[5132,33,1554,132,"SA"]
[5133,33,1554,132,"SA"]
[5134,33,1554,132,"SA"]
[5136,33,1554,132,"SA"]
[5137,33,1554,132,"SA"]
[5138,33,1554,132,"SA"]
[5139,33,1554,132,"SA"]
[5140,33,1554,132,"SA"]
[5141,33,1554,132,"SA"]
[5142,33,1554,132,"SA"]
[5144,33,1554,132,"SA"]
[5150,33,1554,132,"SA"]
[5151,33,1554,132,"SA"]
[5152,33,1554,132,"SA"]
[5153,33,1554,132,"SA"]
[5154,33,1554,132,"SA"]
[5155,33,1554,132,"SA"]
[5156,33,1554,132,"SA"]
[5157,33,1554,132,"SA"]
[5158,33,1554,132,"SA"]
[5159,33,1554,132,"SA"]
[5160,33,1554,132,"SA"]
[5161,33,1554,132,"SA"]
[5162,33,1554,132,"SA"]
[5163,33,1554,132,"SA"]
[5164,33,1554,132,"SA"]
[5165,33,1554,132,"SA"]
[5166,33,1554,132,"SA"]
[5167,33,1554,132,"SA"]
[5168,33,1554,132,"SA"]
[5169,33,1554,132,"SA"]
[5170,33,1554,132,"SA"]
[5171,33,1554,132,"SA"]
[5172,33,1554,132,"SA"]
[5173,33,1554,132,"SA"]
[5174,33,1554,132,"SA"]
[5201,33,1554,132,"SA"]
[5202,33,1554,132,"SA"]
[5203,33,1554,132,"SA"]
[5204,33,1554,132,"SA"]
[5210,33,1554,132,"SA"]
[5211,33,1554,132,"SA"]
[5212,33,1554,132,"SA"]
[5213,33,1554,132,"SA"]
[5214,33,1554,132,"SA"]
[5220,33,1554,132,"SA"]
[5221,33,1554,132,"SA"]
[5222,33,1554,132,"SA"]
[5223,33,1554,132,"SA"]
[5231,33,1554,132,"SA"]
[5232,33,1554,132,"SA"]
[5233,33,1554,132,"SA"]
[5234,33,1554,132,"SA"]
[5235,33,1554,132,"SA"]
[5236,33,1554,132,"SA"]
[5237,33,1554,132,"SA"]
[5238,33,1554,132,"SA"]
[5240,33,1554,132,"SA"]
[5241,33,1554,132,"SA"]
[5242,33,1554,132,"SA"]
[5243,33,1554,132,"SA"]
[5244,33,1554,132,"SA"]
[5245,33,1554,132,"SA"]
[5250,33,1554,132,"SA"]
[5251,33,1554,132,"SA"]
[5252,33,1554,132,"SA"]
[5253,33,1554,132,"SA"]
[5254,33,1554,132,"SA"]
[5255,33,1554,132,"SA"]
[5256,33,1554,132,"SA"]
[5259,34,1258,173,"SA"]
[5260,34,1258,173,"SA"]
[5261,34,1258,173,"SA"]
[5262,35,1813,61,"SA"]
[5263,35,1813,61,"SA"]
[5264,34,1258,173,"SA"]
[5265,34,1258,173,"SA"]
[5266,34,1258,173,"SA"]
[5267,35,1813,61,"SA"]
[5268,35,1813,61,"SA"]
[5269,35,1813,61,"SA"]
[5270,35,1813,61,"SA"]
[5271,35,1813,61,"SA"]
[5272,35,1813,61,"SA"]
[5273,35,1813,61,"SA"]
[5275,35,1813,61,"SA"]
[5276,35,1813,61,"SA"]
[5277,35,1813,61,"SA"]
[5278,35,1813,61,"SA"]
[5279,35,1813,61,"SA"]
[5280,35,1813,61,"SA"]
[5290,35,1813,61,"SA"]
[5291,35,1813,61,"SA"]
[5301,34,1258,173,"SA"]
[5302,34,1258,173,"SA"]
[5303,33,1554,132,"SA"]
[5304,34,1258,173,"SA"]
[5306,34,1258,173,"SA"]
[5307,34,1258,173,"SA"]
[5308,34,1258,173,"SA"]
[5309,34,1258,173,"SA"]
[5310,34,1258,173,"SA"]
[5311,34,1258,173,"SA"]
[5312,34,1258,173,"SA"]
[5320,34,1258,173,"SA"]
[5321,34,1258,173,"SA"]
[5322,34,1258,173,"SA"]
[5330,34,1258,173,"SA"]
[5331,34,1258,173,"SA"]
[5332,34,1258,173,"SA"]
[5333,34,1258,173,"SA"]
[5340,34,1258,173,"SA"]
[5341,34,1258,173,"SA"]
[5342,34,1258,173,"SA"]
[5343,34,1258,173,"SA"]
[5344,34,1258,173,"SA"]
[5345,34,1258,173,"SA"]
[5346,34,1258,173,"SA"]
[5350,33,1554,132,"SA"]
[5351,33,1554,132,"SA"]
[5352,33,1554,132,"SA"]
[5353,33,1554,132,"SA"]
[5354,34,1258,173,"SA"]
[5355,33,1554,132,"SA"]
[5356,34,1258,173,"SA"]
[5357,34,1258,173,"SA"]
[5360,33,1554,132,"SA"]
[5371,33,1554,132,"SA"]
[5372,33,1554,132,"SA"]
[5373,32,954,354,"SA"]
[5374,32,954,354,"SA"]
[5381,32,954,354,"SA"]
[5400,32,954,354,"SA"]
[5401,32,954,354,"SA"]
[5410,32,954,354,"SA"]
[5411,32,954,354,"SA"]
[5412,32,954,354,"SA"]
[5413,32,954,354,"SA"]
[5414,32,954,354,"SA"]
[5415,32,954,354,"SA"]
[5416,32,954,354,"SA"]
[5417,32,954,354,"SA"]
[5418,32,954,354,"SA"]
[5419,32,954,354,"SA"]
[5420,32,954,354,"SA"]
[5421,32,954,354,"SA"]
[5422,32,954,354,"SA"]
[5430,32,954,354,"SA"]
[5431,32,954,354,"SA"]
[5432,32,954,354,"SA"]
[5433,32,954,354,"SA"]
[5434,32,954,354,"SA"]
[5440,32,954,354,"SA"]
[5451,32,954,354,"SA"]
[5452,32,954,354,"SA"]
[5453,32,954,354,"SA"]
[5454,32,954,354,"SA"]
[5455,32,954,354,"SA"]
[5460,32,954,354,"SA"]
[5461,32,954,354,"SA"]
[5462,32,954,354,"SA"]
[5464,32,954,354,"SA"]
[5470,32,954,354,"SA"]
[5471,32,954,354,"SA"]
[5472,32,954,354,"SA"]
[5473,32,954,354,"SA"]
[5480,32,954,354,"SA"]
[5481,32,954,354,"SA"]
[5482,32,954,354,"SA"]
[5483,32,954,354,"SA"]
[5485,32,954,354,"SA"]
[5490,32,954,354,"SA"]
[5491,32,954,354,"SA"]
[5493,32,954,354,"SA"]
[5495,32,954,354,"SA"]
[5501,33,1554,132,"SA"]
[5502,32,954,354,"SA"]
[5510,32,954,354,"SA"]
[5520,32,954,354,"SA"]
[5521,32,954,354,"SA"]
[5522,32,954,354,"SA"]
[5523,32,954,354,"SA"]
[5540,32,954,354,"SA"]
[5550,32,954,354,"SA"]
[5552,33,1554,132,"SA"]
[5554,33,1554,132,"SA"]
[5555,33,1554,132,"SA"]
[5556,33,1554,132,"SA"]
[5558,33,1554,132,"SA"]
[5560,32,954,354,"SA"]
[5570,33,1554,132,"SA"]
[5571,33,1554,132,"SA"]
[5572,33,1554,132,"SA"]
[5573,33,1554,132,"SA"]
[5575,33,1554,132,"SA"]
[5576,33,1554,132,"SA"]
[5577,33,1554,132,"SA"]
[5580,33,1554,132,"SA"]
[5581,33,1554,132,"SA"]
[5582,33,1554,132,"SA"]
[5583,33,1554,132,"SA"]
[5600,29,963,229,"SA"]
[5601,29,963,229,"SA"]
[5602,29,963,229,"SA"]
[5603,29,963,229,"SA"]
[5604,29,963,229,"SA"]
[5605,29,963,229,"SA"]
[5606,29,963,229,"SA"]
[5607,29,963,229,"SA"]
[5608,29,963,229,"SA"]
[5609,29,963,229,"SA"]
[5630,29,963,229,"SA"]
[5631,29,963,229,"SA"]
[5632,29,963,229,"SA"]
[5633,29,963,229,"SA"]
[5640,29,963,229,"SA"]
[5641,29,963,229,"SA"]
[5642,29,963,229,"SA"]
[5650,29,963,229,"SA"]
[5651,29,963,229,"SA"]
[5652,29,963,229,"SA"]
[5653,29,963,229,"SA"]
[5654,29,963,229,"SA"]
[5655,29,963,229,"SA"]
[5660,29,963,229,"SA"]
[5661,29,963,229,"SA"]
[5670,29,963,229,"SA"]
[5671,29,963,229,"SA"]
[5680,29,963,229,"SA"]
[5690,29,963,229,"SA"]
[5700,32,954,354,"SA"]
[5710,32,954,354,"SA"]
[5720,30,615,286,"SA"]
[5722,30,615,286,"SA"]
[5723,30,615,286,"SA"]
[5724,30,615,286,"SA"]
[5725,30,615,286,"SA"]
[5730,31,746,340,"SA"]
[5731,31,746,340,"SA"]
[5732,31,746,340,"SA"]
[5733,31,746,340,"SA"]
[5734,31,746,340,"SA"]
[5800,33,1554,132,"SA"]
[5810,33,1554,132,"SA"]
[5839,33,1554,132,"SA"]
[5880,33,1554,132,"SA"]
[5881,33,1554,132,"SA"]
[5882,33,1554,132,"SA"]
[5883,33,1554,132,"SA"]
[5884,33,1554,132,"SA"]
[5885,33,1554,132,"SA"]
[5886,33,1554,132,"SA"]
[5887,33,1554,132,"SA"]
[5888,33,1554,132,"SA"]
[5889,33,1554,132,"SA"]
[5942,33,1554,132,"SA"]
[5950,33,1554,132,"SA"]
[6000,7,680,340,"WA"]
[6001,7,680,340,"WA"]
[6003,7,680,340,"WA"]
[6004,7,680,340,"WA"]
[6005,7,680,340,"WA"]
[6006,7,680,340,"WA"]
[6007,7,680,340,"WA"]
[6008,7,680,340,"WA"]
[6009,7,680,340,"WA"]
[6010,7,680,340,"WA"]
[6011,7,680,340,"WA"]
[6012,7,680,340,"WA"]
[6014,7,680,340,"WA"]
[6015,7,680,340,"WA"]
[6016,7,680,340,"WA"]
[6017,7,680,340,"WA"]
[6018,7,680,340,"WA"]
[6019,7,680,340,"WA"]
[6020,7,680,340,"WA"]
[6021,7,680,340,"WA"]
[6022,7,680,340,"WA"]
[6023,7,680,340,"WA"]
[6024,7,680,340,"WA"]
[6025,7,680,340,"WA"]
[6026,7,680,340,"WA"]
[6027,7,680,340,"WA"]
[6028,7,680,340,"WA"]
[6029,7,680,340,"WA"]
[6030,7,680,340,"WA"]
[6031,7,680,340,"WA"]
[6032,7,680,340,"WA"]
[6033,7,680,340,"WA"]
[6034,7,680,340,"WA"]
[6035,7,680,340,"WA"]
[6036,7,680,340,"WA"]
[6037,7,680,340,"WA"]
[6038,7,680,340,"WA"]
[6041,7,680,340,"WA"]
[6042,7,680,340,"WA"]
[6043,7,680,340,"WA"]
[6044,7,680,340,"WA"]
[6050,7,680,340,"WA"]
[6051,7,680,340,"WA"]
[6052,7,680,340,"WA"]
[6053,7,680,340,"WA"]
[6054,7,680,340,"WA"]
[6055,7,680,340,"WA"]
[6056,7,680,340,"WA"]
[6057,7,680,340,"WA"]
[6058,7,680,340,"WA"]
[6059,7,680,340,"WA"]
[6060,7,680,340,"WA"]
[6061,7,680,340,"WA"]
[6062,7,680,340,"WA"]
[6063,7,680,340,"WA"]
[6064,7,680,340,"WA"]
[6065,7,680,340,"WA"]
[6066,7,680,340,"WA"]
[6067,7,680,340,"WA"]
[6068,7,680,340,"WA"]
[6069,7,680,340,"WA"]
[6070,7,680,340,"WA"]
[6071,7,680,340,"WA"]
[6072,7,680,340,"WA"]
[6073,7,680,340,"WA"]
[6074,7,680,340,"WA"]
[6076,7,680,340,"WA"]
[6081,7,680,340,"WA"]
[6082,7,680,340,"WA"]
[6083,7,680,340,"WA"]
[6084,7,680,340,"WA"]
[6090,7,680,340,"WA"]
[6100,7,680,340,"WA"]
[6101,7,680,340,"WA"]
[6102,7,680,340,"WA"]
[6103,7,680,340,"WA"]
[6104,7,680,340,"WA"]
[6105,7,680,340,"WA"]
[6106,7,680,340,"WA"]
[6107,7,680,340,"WA"]
[6108,7,680,340,"WA"]
[6109,7,680,340,"WA"]
[6110,7,680,340,"WA"]
[6111,7,680,340,"WA"]
[6112,7,680,340,"WA"]
[6121,7,680,340,"WA"]
[6122,7,680,340,"WA"]
[6123,7,680,340,"WA"]
[6124,7,680,340,"WA"]
[6125,7,680,340,"WA"]
[6126,7,680,340,"WA"]
[6147,7,680,340,"WA"]
[6148,7,680,340,"WA"]
[6149,7,680,340,"WA"]
[6150,7,680,340,"WA"]
[6151,7,680,340,"WA"]
[6152,7,680,340,"WA"]
[6153,7,680,340,"WA"]
[6154,7,680,340,"WA"]
[6155,7,680,340,"WA"]
[6156,7,680,340,"WA"]
[6157,7,680,340,"WA"]
[6158,7,680,340,"WA"]
[6159,7,680,340,"WA"]
[6160,7,680,340,"WA"]
[6161,7,680,340,"WA"]
[6162,7,680,340,"WA"]
[6163,7,680,340,"WA"]
[6164,7,680,340,"WA"]
[6165,7,680,340,"WA"]
[6166,7,680,340,"WA"]
[6167,7,680,340,"WA"]
[6168,7,680,340,"WA"]
[6169,7,680,340,"WA"]
[6170,7,680,340,"WA"]
[6171,7,680,340,"WA"]
[6172,7,680,340,"WA"]
[6173,7,680,340,"WA"]
[6174,7,680,340,"WA"]
[6175,7,680,340,"WA"]
[6176,7,680,340,"WA"]
[6207,7,680,340,"WA"]
[6208,7,680,340,"WA"]
[6210,7,680,340,"WA"]
[6213,7,680,340,"WA"]
[6214,7,680,340,"WA"]
[6215,7,680,340,"WA"]
[6218,7,680,340,"WA"]
[6220,7,680,340,"WA"]
[6221,7,680,340,"WA"]
[6223,7,680,340,"WA"]
[6224,7,680,340,"WA"]
[6225,7,680,340,"WA"]
[6226,9,1048,274,"WA"]
[6227,9,1048,274,"WA"]
[6228,9,1048,274,"WA"]
[6229,9,1048,274,"WA"]
[6230,9,1048,274,"WA"]
[6231,9,1048,274,"WA"]
[6232,9,1048,274,"WA"]
[6233,9,1048,274,"WA"]
[6236,9,1048,274,"WA"]
[6237,9,1048,274,"WA"]
[6239,9,1048,274,"WA"]
[6240,9,1048,274,"WA"]
[6243,9,1048,274,"WA"]
[6244,9,1048,274,"WA"]
[6251,9,1048,274,"WA"]
[6252,9,1048,274,"WA"]
[6253,9,1048,274,"WA"]
[6254,9,1048,274,"WA"]
[6255,9,1048,274,"WA"]
[6256,9,1048,274,"WA"]
[6258,9,1048,274,"WA"]
[6260,9,1048,274,"WA"]
[6262,9,1048,274,"WA"]
[6271,9,1048,274,"WA"]
[6275,9,1048,274,"WA"]
[6280,9,1048,274,"WA"]
[6281,9,1048,274,"WA"]
[6282,9,1048,274,"WA"]
[6284,9,1048,274,"WA"]
[6285,9,1048,274,"WA"]
[6286,9,1048,274,"WA"]
[6288,9,1048,274,"WA"]
[6290,9,1048,274,"WA"]
[6302,7,680,340,"WA"]
[6304,7,680,340,"WA"]
[6306,7,680,340,"WA"]
[6308,7,680,340,"WA"]
[6309,8,1249,185,"WA"]
[6311,8,1249,185,"WA"]
[6312,8,1249,185,"WA"]
[6313,8,1249,185,"WA"]
[6315,8,1249,185,"WA"]
[6316,8,1249,185,"WA"]
[6317,8,1249,185,"WA"]
[6318,8,1249,185,"WA"]
[6320,8,1249,185,"WA"]
[6321,10,1112,132,"WA"]
[6322,10,1112,132,"WA"]
[6323,10,1112,132,"WA"]
[6324,10,1112,132,"WA"]
[6326,10,1112,132,"WA"]
[6327,10,1112,132,"WA"]
[6328,10,1112,132,"WA"]
[6330,10,1112,132,"WA"]
[6331,10,1112,132,"WA"]
[6332,10,1112,132,"WA"]
[6333,9,1048,274,"WA"]
[6335,8,1249,185,"WA"]
[6336,8,1249,185,"WA"]
[6337,8,1249,185,"WA"]
[6338,8,1249,185,"WA"]
[6341,8,1249,185,"WA"]
[6343,8,1249,185,"WA"]
[6346,10,1112,132,"WA"]
[6348,10,1112,132,"WA"]
[6350,8,1249,185,"WA"]
[6351,8,1249,185,"WA"]
[6352,8,1249,185,"WA"]
[6353,8,1249,185,"WA"]
[6355,8,1249,185,"WA"]
[6356,8,1249,185,"WA"]
[6357,8,1249,185,"WA"]
[6358,8,1249,185,"WA"]
[6359,8,1249,185,"WA"]
[6361,8,1249,185,"WA"]
[6363,8,1249,185,"WA"]
[6365,8,1249,185,"WA"]
[6367,8,1249,185,"WA"]
[6368,6,939,327,"WA"]
[6369,6,939,327,"WA"]
[6370,8,1249,185,"WA"]
[6372,8,1249,185,"WA"]
[6373,8,1249,185,"WA"]
[6375,8,1249,185,"WA"]
[6376,8,1249,185,"WA"]
[6380,6,939,327,"WA"]
[6383,6,939,327,"WA"]
[6384,6,939,327,"WA"]
[6385,6,939,327,"WA"]
[6386,6,939,327,"WA"]
[6390,7,680,340,"WA"]
[6391,7,680,340,"WA"]
[6392,7,680,340,"WA"]
[6393,7,680,340,"WA"]
[6394,9,1048,274,"WA"]
[6395,9,1048,274,"WA"]
[6396,10,1112,132,"WA"]
[6397,10,1112,132,"WA"]
[6398,9,1048,274,"WA"]
[6401,7,680,340,"WA"]
[6403,7,680,340,"WA"]
[6405,7,680,340,"WA"]
[6407,6,939,327,"WA"]
[6409,7,680,340,"WA"]
[6410,6,939,327,"WA"]
[6411,6,939,327,"WA"]
[6412,6,939,327,"WA"]
[6413,6,939,327,"WA"]
[6414,6,939,327,"WA"]
[6415,6,939,327,"WA"]
[6417,6,939,327,"WA"]
[6418,6,939,327,"WA"]
[6419,6,939,327,"WA"]
[6420,6,939,327,"WA"]
[6421,6,939,327,"WA"]
[6422,6,939,327,"WA"]
[6423,6,939,327,"WA"]
[6424,6,939,327,"WA"]
[6425,6,939,327,"WA"]
[6426,6,939,327,"WA"]
[6427,6,939,327,"WA"]
[6428,6,939,327,"WA"]
[6429,11,899,243,"WA"]
[6430,11,899,243,"WA"]
[6431,11,899,243,"WA"]
[6432,11,899,243,"WA"]
[6433,11,899,243,"WA"]
[6434,11,899,243,"WA"]
[6435,11,899,243,"WA"]
[6436,11,899,243,"WA"]
[6437,11,899,243,"WA"]
[6438,11,899,243,"WA"]
[6439,11,899,243,"WA"]
[6440,11,899,243,"WA"]
[6442,11,899,243,"WA"]
[6443,11,899,243,"WA"]
[6444,11,899,243,"WA"]
[6445,10,1112,132,"WA"]
[6446,10,1112,132,"WA"]
[6447,10,1112,132,"WA"]
[6448,10,1112,132,"WA"]
[6450,10,1112,132,"WA"]
[6460,7,680,340,"WA"]
[6461,7,680,340,"WA"]
[6462,7,680,340,"WA"]
[6463,6,939,327,"WA"]
[6464,7,680,340,"WA"]
[6465,7,680,340,"WA"]
[6466,7,680,340,"WA"]
[6467,7,680,340,"WA"]
[6468,7,680,340,"WA"]
[6470,7,680,340,"WA"]
[6472,7,680,340,"WA"]
[6473,6,939,327,"WA"]
[6475,6,939,327,"WA"]
[6476,6,939,327,"WA"]
[6477,6,939,327,"WA"]
[6479,6,939,327,"WA"]
[6480,6,939,327,"WA"]
[6484,11,899,243,"WA"]
[6485,6,939,327,"WA"]
[6487,6,939,327,"WA"]
[6488,6,939,327,"WA"]
[6489,6,939,327,"WA"]
[6490,6,939,327,"WA"]
[6501,7,680,340,"WA"]
[6502,5,446,553,"WA"]
[6503,7,680,340,"WA"]
[6504,5,446,553,"WA"]
[6505,5,446,553,"WA"]
[6506,5,446,553,"WA"]
[6507,5,446,553,"WA"]
[6509,5,446,553,"WA"]
[6510,5,446,553,"WA"]
[6511,5,446,553,"WA"]
[6512,5,446,553,"WA"]
[6513,5,446,553,"WA"]
[6514,5,446,553,"WA"]
[6515,5,446,553,"WA"]
[6516,5,446,553,"WA"]
[6517,5,446,553,"WA"]
[6518,5,446,553,"WA"]
[6519,5,446,553,"WA"]
[6521,5,446,553,"WA"]
[6522,5,446,553,"WA"]
[6525,5,446,553,"WA"]
[6528,5,446,553,"WA"]
[6530,5,446,553,"WA"]
[6531,5,446,553,"WA"]
[6532,5,446,553,"WA"]
[6535,5,446,553,"WA"]
[6536,5,446,553,"WA"]
[6537,3,159,1001,"WA"]
[6556,7,680,340,"WA"]
[6558,7,680,340,"WA"]
[6560,7,680,340,"WA"]
[6562,7,680,340,"WA"]
[6564,7,680,340,"WA"]
[6566,7,680,340,"WA"]
[6567,7,680,340,"WA"]
[6568,7,680,340,"WA"]
[6569,7,680,340,"WA"]
[6571,7,680,340,"WA"]
[6572,7,680,340,"WA"]
[6574,5,446,553,"WA"]
[6575,5,446,553,"WA"]
[6603,5,446,553,"WA"]
[6605,5,446,553,"WA"]
[6606,5,446,553,"WA"]
[6608,5,446,553,"WA"]
[6609,5,446,553,"WA"]
[6612,5,446,553,"WA"]
[6613,5,446,553,"WA"]
[6614,5,446,553,"WA"]
[6616,5,446,553,"WA"]
[6618,5,446,553,"WA"]
[6620,5,446,553,"WA"]
[6623,5,446,553,"WA"]
[6625,5,446,553,"WA"]
[6627,5,446,553,"WA"]
[6628,5,446,553,"WA"]
[6630,5,446,553,"WA"]
[6631,5,446,553,"WA"]
[6632,5,446,553,"WA"]
[6635,5,446,553,"WA"]
[6638,3,159,1001,"WA"]
[6639,3,159,1001,"WA"]
[6640,3,159,1001,"WA"]
[6642,3,159,1001,"WA"]
[6646,11,899,243,"WA"]
[6701,3,159,1001,"WA"]
[6705,3,159,1001,"WA"]
[6707,2,27,1782,"WA"]
[6710,2,27,1782,"WA"]
[6711,2,27,1782,"WA"]
[6712,2,27,1782,"WA"]
[6713,2,27,1782,"WA"]
[6714,2,27,1782,"WA"]
[6715,2,27,1782,"WA"]
[6716,2,27,1782,"WA"]
[6718,2,27,1782,"WA"]
[6720,2,27,1782,"WA"]
[6721,2,27,1782,"WA"]
[6722,2,27,1782,"WA"]
[6723,2,27,1782,"WA"]
[6725,1,6,2016,"WA"]
[6726,1,6,2016,"WA"]
[6728,1,6,2016,"WA"]
[6731,1,6,2016,"WA"]
[6733,1,6,2016,"WA"]
[6740,1,6,2016,"WA"]
[6743,1,6,2016,"WA"]
[6751,2,27,1782,"WA"]
[6753,2,27,1782,"WA"]
[6754,2,27,1782,"WA"]
[6758,2,27,1782,"WA"]
[6760,2,27,1782,"WA"]
[6761,2,27,1782,"WA"]
[6762,2,27,1782,"WA"]
[6765,1,6,2016,"WA"]
[6770,1,6,2016,"WA"]
[6798,1,6,2016,"WA"]
[6799,1,6,2016,"WA"]
[6803,7,680,340,"WA"]
[6809,7,680,340,"WA"]
[6812,7,680,340,"WA"]
[6817,7,680,340,"WA"]
[6820,7,680,340,"WA"]
[6824,7,680,340,"WA"]
[6825,7,680,340,"WA"]
[6826,7,680,340,"WA"]
[6827,7,680,340,"WA"]
[6828,7,680,340,"WA"]
[6829,7,680,340,"WA"]
[6830,7,680,340,"WA"]
[6831,7,680,340,"WA"]
[6832,7,680,340,"WA"]
[6833,7,680,340,"WA"]
[6834,7,680,340,"WA"]
[6836,7,680,340,"WA"]
[6837,7,680,340,"WA"]
[6838,7,680,340,"WA"]
[6839,7,680,340,"WA"]
[6840,7,680,340,"WA"]
[6841,7,680,340,"WA"]
[6842,7,680,340,"WA"]
[6843,7,680,340,"WA"]
[6844,7,680,340,"WA"]
[6845,7,680,340,"WA"]
[6846,7,680,340,"WA"]
[6847,7,680,340,"WA"]
[6848,7,680,340,"WA"]
[6849,7,680,340,"WA"]
[6850,7,680,340,"WA"]
[6851,7,680,340,"WA"]
[6865,7,680,340,"WA"]
[6872,7,680,340,"WA"]
[6873,7,680,340,"WA"]
[6892,7,680,340,"WA"]
[6893,7,680,340,"WA"]
[6900,7,680,340,"WA"]
[6901,7,680,340,"WA"]
[6902,7,680,340,"WA"]
[6903,7,680,340,"WA"]
[6904,7,680,340,"WA"]
[6905,7,680,340,"WA"]
[6906,7,680,340,"WA"]
[6907,7,680,340,"WA"]
[6909,7,680,340,"WA"]
[6910,7,680,340,"WA"]
[6911,7,680,340,"WA"]
[6912,7,680,340,"WA"]
[6913,7,680,340,"WA"]
[6914,7,680,340,"WA"]
[6915,7,680,340,"WA"]
[6916,7,680,340,"WA"]
[6917,7,680,340,"WA"]
[6918,7,680,340,"WA"]
[6919,7,680,340,"WA"]
[6920,7,680,340,"WA"]
[6921,7,680,340,"WA"]
[6922,7,680,340,"WA"]
[6923,7,680,340,"WA"]
[6924,7,680,340,"WA"]
[6925,7,680,340,"WA"]
[6926,7,680,340,"WA"]
[6927,7,680,340,"WA"]
[6928,7,680,340,"WA"]
[6929,7,680,340,"WA"]
[6931,7,680,340,"WA"]
[6932,7,680,340,"WA"]
[6933,7,680,340,"WA"]
[6934,7,680,340,"WA"]
[6935,7,680,340,"WA"]
[6936,7,680,340,"WA"]
[6937,7,680,340,"WA"]
[6938,7,680,340,"WA"]
[6939,7,680,340,"WA"]
[6940,7,680,340,"WA"]
[6941,7,680,340,"WA"]
[6942,7,680,340,"WA"]
[6943,7,680,340,"WA"]
[6944,7,680,340,"WA"]
[6945,7,680,340,"WA"]
[6946,7,680,340,"WA"]
[6947,7,680,340,"WA"]
[6951,7,680,340,"WA"]
[6952,7,680,340,"WA"]
[6953,7,680,340,"WA"]
[6954,7,680,340,"WA"]
[6955,7,680,340,"WA"]
[6956,7,680,340,"WA"]
[6957,7,680,340,"WA"]
[6958,7,680,340,"WA"]
[6959,7,680,340,"WA"]
[6960,7,680,340,"WA"]
[6961,7,680,340,"WA"]
[6962,7,680,340,"WA"]
[6963,7,680,340,"WA"]
[6964,7,680,340,"WA"]
[6965,7,680,340,"WA"]
[6966,7,680,340,"WA"]
[6967,7,680,340,"WA"]
[6968,7,680,340,"WA"]
[6969,7,680,340,"WA"]
[6970,7,680,340,"WA"]
[6971,7,680,340,"WA"]
[6979,7,680,340,"WA"]
[6980,7,680,340,"WA"]
[6981,7,680,340,"WA"]
[6982,7,680,340,"WA"]
[6983,7,680,340,"WA"]
[6984,7,680,340,"WA"]
[6985,7,680,340,"WA"]
[6986,7,680,340,"WA"]
[6987,7,680,340,"WA"]
[6988,7,680,340,"WA"]
[6989,7,680,340,"WA"]
[6990,7,680,340,"WA"]
[6991,7,680,340,"WA"]
[6992,7,680,340,"WA"]
[6997,7,680,340,"WA"]
[7000,26,2049,29,"TAS"]
[7001,26,2049,29,"TAS"]
[7002,26,2049,29,"TAS"]
[7004,26,2049,29,"TAS"]
[7005,26,2049,29,"TAS"]
[7006,26,2049,29,"TAS"]
[7007,26,2049,29,"TAS"]
[7008,26,2049,29,"TAS"]
[7009,26,2049,29,"TAS"]
[7010,26,2049,29,"TAS"]
[7011,26,2049,29,"TAS"]
[7012,26,2049,29,"TAS"]
[7015,26,2049,29,"TAS"]
[7016,26,2049,29,"TAS"]
[7017,26,2049,29,"TAS"]
[7018,26,2049,29,"TAS"]
[7019,26,2049,29,"TAS"]
[7020,26,2049,29,"TAS"]
[7021,26,2049,29,"TAS"]
[7022,26,2049,29,"TAS"]
[7023,26,2049,29,"TAS"]
[7024,26,2049,29,"TAS"]
[7025,26,2049,29,"TAS"]
[7026,26,2049,29,"TAS"]
[7027,26,2049,29,"TAS"]
[7030,26,2049,29,"TAS"]
[7050,26,2049,29,"TAS"]
[7051,26,2049,29,"TAS"]
[7052,26,2049,29,"TAS"]
[7053,26,2049,29,"TAS"]
[7054,26,2049,29,"TAS"]
[7055,26,2049,29,"TAS"]
[7109,26,2049,29,"TAS"]
[7112,26,2049,29,"TAS"]
[7113,26,2049,29,"TAS"]
[7116,26,2049,29,"TAS"]
[7117,26,2049,29,"TAS"]
[7119,25,2421,25,"TAS"]
[7120,25,2421,25,"TAS"]
[7139,23,2516,48,"TAS"]
[7140,26,2049,29,"TAS"]
[7150,26,2049,29,"TAS"]
[7151,26,2049,29,"TAS"]
[7155,26,2049,29,"TAS"]
[7162,26,2049,29,"TAS"]
[7163,26,2049,29,"TAS"]
[7170,26,2049,29,"TAS"]
[7171,26,2049,29,"TAS"]
[7172,26,2049,29,"TAS"]
[7173,26,2049,29,"TAS"]
[7174,26,2049,29,"TAS"]
[7175,26,2049,29,"TAS"]
[7176,26,2049,29,"TAS"]
[7177,26,2049,29,"TAS"]
[7178,26,2049,29,"TAS"]
[7179,26,2049,29,"TAS"]
[7180,26,2049,29,"TAS"]
[7182,26,2049,29,"TAS"]
[7183,26,2049,29,"TAS"]
[7184,26,2049,29,"TAS"]
[7185,26,2049,29,"TAS"]
[7186,26,2049,29,"TAS"]
[7187,26,2049,29,"TAS"]
[7190,28,1869,80,"TAS"]
[7209,25,2421,25,"TAS"]
[7210,25,2421,25,"TAS"]
[7211,25,2421,25,"TAS"]
[7212,25,2421,25,"TAS"]
[7213,28,1869,80,"TAS"]
[7214,28,1869,80,"TAS"]
[7215,28,1869,80,"TAS"]
[7216,27,1903,137,"TAS"]
[7248,25,2421,25,"TAS"]
[7249,25,2421,25,"TAS"]
[7250,25,2421,25,"TAS"]
[7252,25,2421,25,"TAS"]
[7253,25,2421,25,"TAS"]
[7254,25,2421,25,"TAS"]
[7255,27,1903,137,"TAS"]
[7256,22,1997,52,"TAS"]
[7257,27,1903,137,"TAS"]
[7258,25,2421,25,"TAS"]
[7259,25,2421,25,"TAS"]
[7260,27,1903,137,"TAS"]
[7261,27,1903,137,"TAS"]
[7262,27,1903,137,"TAS"]
[7263,27,1903,137,"TAS"]
[7264,27,1903,137,"TAS"]
[7265,27,1903,137,"TAS"]
[7267,25,2421,25,"TAS"]
[7268,25,2421,25,"TAS"]
[7270,25,2421,25,"TAS"]
[7275,25,2421,25,"TAS"]
[7276,25,2421,25,"TAS"]
[7277,25,2421,25,"TAS"]
[7290,25,2421,25,"TAS"]
[7291,25,2421,25,"TAS"]
[7292,25,2421,25,"TAS"]
[7300,25,2421,25,"TAS"]
[7301,25,2421,25,"TAS"]
[7302,25,2421,25,"TAS"]
[7303,25,2421,25,"TAS"]
[7304,25,2421,25,"TAS"]
[7305,22,1997,52,"TAS"]
[7306,22,1997,52,"TAS"]
[7307,22,1997,52,"TAS"]
[7310,22,1997,52,"TAS"]
[7315,22,1997,52,"TAS"]
[7316,22,1997,52,"TAS"]
[7320,22,1997,52,"TAS"]
[7321,23,2516,48,"TAS"]
[7322,22,1997,52,"TAS"]
[7325,22,1997,52,"TAS"]
[7330,22,1997,52,"TAS"]
[7331,22,1997,52,"TAS"]
[7466,23,2516,48,"TAS"]
[7467,23,2516,48,"TAS"]
[7468,23,2516,48,"TAS"]
[7469,23,2516,48,"TAS"]
[7470,23,2516,48,"TAS"]
[7800,25,2421,25,"TAS"]
[7802,26,2049,29,"TAS"]
[7803,26,2049,29,"TAS"]
[7804,26,2049,29,"TAS"]
[7805,26,2049,29,"TAS"]
[7806,26,2049,29,"TAS"]
[7807,26,2049,29,"TAS"]
[7808,26,2049,29,"TAS"]
[7809,26,2049,29,"TAS"]
[7810,26,2049,29,"TAS"]
[7811,26,2049,29,"TAS"]
[7812,26,2049,29,"TAS"]
[7813,26,2049,29,"TAS"]
[7814,26,2049,29,"TAS"]
[7823,26,2049,29,"TAS"]
[7824,26,2049,29,"TAS"]
[7827,26,2049,29,"TAS"]
[7828,26,2049,29,"TAS"]
[7829,26,2049,29,"TAS"]
[7845,26,2049,29,"TAS"]
[7850,26,2049,29,"TAS"]
[7892,26,2049,29,"TAS"]
[7900,25,2421,25,"TAS"]
[7901,25,2421,25,"TAS"]
[7902,25,2421,25,"TAS"]
[7903,25,2421,25,"TAS"]
[7904,25,2421,25,"TAS"]
[7905,25,2421,25,"TAS"]
[7906,25,2421,25,"TAS"]
[7907,25,2421,25,"TAS"]
[7908,25,2421,25,"TAS"]
[7916,22,1997,52,"TAS"]
[7917,25,2421,25,"TAS"]
[7918,25,2421,25,"TAS"]
[7919,22,1997,52,"TAS"]
[7920,25,2421,25,"TAS"]
[7921,25,2421,25,"TAS"]
[7922,22,1997,52,"TAS"]
[7923,25,2421,25,"TAS"]
[8001,18,1590,100,"VIC"]
[8002,18,1590,100,"VIC"]
[8003,18,1590,100,"VIC"]
[8004,18,1590,100,"VIC"]
[8005,18,1590,100,"VIC"]
[8006,18,1590,100,"VIC"]
[8007,18,1590,100,"VIC"]
[8008,18,1590,100,"VIC"]
[8009,18,1590,100,"VIC"]
[8010,18,1590,100,"VIC"]
[8045,18,1590,100,"VIC"]
[8051,18,1590,100,"VIC"]
[8060,18,1590,100,"VIC"]
[8061,18,1590,100,"VIC"]
[8066,18,1590,100,"VIC"]
[8069,18,1590,100,"VIC"]
[8070,18,1590,100,"VIC"]
[8071,18,1590,100,"VIC"]
[8100,18,1590,100,"VIC"]
[8101,18,1590,100,"VIC"]
[8102,18,1590,100,"VIC"]
[8103,18,1590,100,"VIC"]
[8107,18,1590,100,"VIC"]
[8108,18,1590,100,"VIC"]
[8111,18,1590,100,"VIC"]
[8120,18,1590,100,"VIC"]
[8205,18,1590,100,"VIC"]
[8383,18,1590,100,"VIC"]
[8386,18,1590,100,"VIC"]
[8388,18,1590,100,"VIC"]
[8390,18,1590,100,"VIC"]
[8393,18,1590,100,"VIC"]
[8394,18,1590,100,"VIC"]
[8396,18,1590,100,"VIC"]
[8399,18,1590,100,"VIC"]
[8500,18,1590,100,"VIC"]
[8507,18,1590,100,"VIC"]
[8538,18,1590,100,"VIC"]
[8557,18,1590,100,"VIC"]
[8576,18,1590,100,"VIC"]
[8622,18,1590,100,"VIC"]
[8626,18,1590,100,"VIC"]
[8627,18,1590,100,"VIC"]
[8659,18,1590,100,"VIC"]
[8785,18,1590,100,"VIC"]
[8865,18,1590,100,"VIC"]
[8873,18,1590,100,"VIC"]
[9000,51,325,1043,"QLD"]
[9001,51,325,1043,"QLD"]
[9002,51,325,1043,"QLD"]
[9003,51,325,1043,"QLD"]
[9005,51,325,1043,"QLD"]
[9007,51,325,1043,"QLD"]
[9008,51,325,1043,"QLD"]
[9009,51,325,1043,"QLD"]
[9010,51,325,1043,"QLD"]
[9013,51,325,1043,"QLD"]
[9015,51,325,1043,"QLD"]
[9016,51,325,1043,"QLD"]
[9017,51,325,1043,"QLD"]
[9018,51,325,1043,"QLD"]
[9019,51,325,1043,"QLD"]
[9020,51,325,1043,"QLD"]
[9021,51,325,1043,"QLD"]
[9022,51,325,1043,"QLD"]
[9023,51,325,1043,"QLD"]
[9464,51,325,1043,"QLD"]
[9466,51,325,1043,"QLD"]
[9726,51,325,1043,"QLD"]
[9727,51,325,1043,"QLD"]
[9728,51,325,1043,"QLD"]
[9729,51,325,1043,"QLD"]

{"sheet":"SGEx","index":11,"n_rows":50,"n_cols":11,"rows_kept":50,"cut":false,"hidden":true,"merged":[[0,0,0,4],[1,0,1,4],[39,0,39,4],[27,6,27,10],[39,6,39,10],[3,0,3,4],[27,0,27,4],[15,0,15,4]]}
["APARTMENT BUILDING RATING"]
["Emission Factor for star rating calculation (Based on EA methodology report 2018)"]
[]
["SGEx (2018)"]
[null,"Electricity\n(SGEe)","Gas\n(SGEg)","Diesel\n(SGEd)","Coal\n(SGEc)"]
["State","(kgCO2/kWh)","(kgCO2/MJ)","(kgCO2/Litre)","(kgCO2/kg)"]
["ACT",0.95,6.3888888888888884E-2,2.8486799999999999,2.3064]
["NSW",0.95,6.3888888888888884E-2,2.8486799999999999,2.3064]
["NT",0.95,6.3888888888888884E-2,2.8486799999999999,2.3064]
["QLD",0.95,6.3888888888888884E-2,2.8486799999999999,2.3064]
["SA",0.95,6.3888888888888884E-2,2.8486799999999999,2.3064]
["TAS",0.95,6.3888888888888884E-2,2.8486799999999999,4.2972000000000001]
["VIC",0.95,6.3888888888888884E-2,2.8486799999999999,2.3064]
["WA",0.95,6.3888888888888884E-2,2.8486799999999999,2.3064]
[]
["SGEx (2020)"]
[null,"Electricity\n(SGEe)","Gas\n(SGEg)","Diesel\n(SGEd)","Coal\n(SGEc)"]
["State","(kgCO2/kWh)","(kgCO2/MJ)","(kgCO2/Litre)","(kgCO2/kg)"]
["ACT",0.9,6.4630000000000007E-2,2.8486799999999999,2.5174799999999999]
["NSW",0.9,6.4630000000000007E-2,2.8486799999999999,2.5174799999999999]
["NT",0.9,6.4630000000000007E-2,2.8486799999999999,2.5174799999999999]
["QLD",0.9,6.4630000000000007E-2,2.8486799999999999,2.5174799999999999]
["SA",0.9,6.4630000000000007E-2,2.8486799999999999,2.5174799999999999]
["TAS",0.9,6.4630000000000007E-2,2.8486799999999999,2.5174799999999999]
["VIC",0.9,6.4630000000000007E-2,2.8486799999999999,2.5174799999999999]
["WA",0.9,6.4630000000000007E-2,2.8486799999999999,2.5174799999999999]
[]
["SGEx (2025)",null,null,null,null,null,"RAPID - SGEx (2025)"]
[null,"Electricity\n(SGEe)","Gas\n(SGEg)","Diesel\n(SGEd)","Coal\n(SGEc)",null,null,"Electricity\n(SGEe)","Gas\n(SGEg)","Diesel\n(SGEd)","Coal\n(SGEc)"]
["State","(kgCO2/kWh)","(kgCO2/MJ)","(kgCO2/Litre)","(kgCO2/kg)",null,"State","(kgCO2/kWh)","(kgCO2/MJ)","(kgCO2/Litre)","(kgCO2/kg)"]
["ACT",0.62,6.4630000000000007E-2,2.8486799999999999,2.5174799999999999,null,"ACT",0.58299999999999996,6.4630000000000007E-2,2.8486799999999999,2.5174799999999999]
["NSW",0.62,6.4630000000000007E-2,2.8486799999999999,2.5174799999999999,null,"NSW",0.58299999999999996,6.4630000000000007E-2,2.8486799999999999,2.5174799999999999]
["NT",0.62,6.4630000000000007E-2,2.8486799999999999,2.5174799999999999,null,"NT",0.58299999999999996,6.4630000000000007E-2,2.8486799999999999,2.5174799999999999]
["QLD",0.62,6.4630000000000007E-2,2.8486799999999999,2.5174799999999999,null,"QLD",0.58299999999999996,6.4630000000000007E-2,2.8486799999999999,2.5174799999999999]
["SA",0.62,6.4630000000000007E-2,2.8486799999999999,2.5174799999999999,null,"SA",0.58299999999999996,6.4630000000000007E-2,2.8486799999999999,2.5174799999999999]
["TAS",0.62,6.4630000000000007E-2,2.8486799999999999,2.5174799999999999,null,"TAS",0.58299999999999996,6.4630000000000007E-2,2.8486799999999999,2.5174799999999999]
["VIC",0.62,6.4630000000000007E-2,2.8486799999999999,2.5174799999999999,null,"VIC",0.58299999999999996,6.4630000000000007E-2,2.8486799999999999,2.5174799999999999]
["WA",0.62,6.4630000000000007E-2,2.8486799999999999,2.5174799999999999,null,"WA",0.58299999999999996,6.4630000000000007E-2,2.8486799999999999,2.5174799999999999]
[]
["SGEx (2030)",null,null,null,null,null,"RAPID - SGEx (2030)"]
[null,"Electricity\n(SGEe)","Gas\n(SGEg)","Diesel\n(SGEd)","Coal\n(SGEc)",null,null,"Electricity\n(SGEe)","Gas\n(SGEg)","Diesel\n(SGEd)","Coal\n(SGEc)"]
["State","(kgCO2/kWh)","(kgCO2/MJ)","(kgCO2/Litre)","(kgCO2/kg)",null,"State","(kgCO2/kWh)","(kgCO2/MJ)","(kgCO2/Litre)","(kgCO2/kg)"]
["ACT",0.53,6.4630000000000007E-2,2.8486799999999999,2.5174799999999999,null,"ACT",0.26500000000000001,6.4630000000000007E-2,2.8486799999999999,2.5174799999999999]
["NSW",0.53,6.4630000000000007E-2,2.8486799999999999,2.5174799999999999,null,"NSW",0.26500000000000001,6.4630000000000007E-2,2.8486799999999999,2.5174799999999999]
["NT",0.53,6.4630000000000007E-2,2.8486799999999999,2.5174799999999999,null,"NT",0.26500000000000001,6.4630000000000007E-2,2.8486799999999999,2.5174799999999999]
["QLD",0.53,6.4630000000000007E-2,2.8486799999999999,2.5174799999999999,null,"QLD",0.26500000000000001,6.4630000000000007E-2,2.8486799999999999,2.5174799999999999]
["SA",0.53,6.4630000000000007E-2,2.8486799999999999,2.5174799999999999,null,"SA",0.26500000000000001,6.4630000000000007E-2,2.8486799999999999,2.5174799999999999]
["TAS",0.53,6.4630000000000007E-2,2.8486799999999999,2.5174799999999999,null,"TAS",0.26500000000000001,6.4630000000000007E-2,2.8486799999999999,2.5174799999999999]
["VIC",0.53,6.4630000000000007E-2,2.8486799999999999,2.5174799999999999,null,"VIC",0.26500000000000001,6.4630000000000007E-2,2.8486799999999999,2.5174799999999999]
["WA",0.53,6.4630000000000007E-2,2.8486799999999999,2.5174799999999999,null,"WA",0.26500000000000001,6.4630000000000007E-2,2.8486799999999999,2.5174799999999999]

{"sheet":"SSC (A)","index":12,"n_rows":13,"n_cols":6,"rows_kept":13,"cut":false,"hidden":true,"merged":[[3,0,3,5],[1,0,1,5],[0,0,0,5]]}
["APARTMENT BUILDING RATING"]
["The State Specific Co-efficient"]
[]
["State Specific coefficients (A): "]
["Premise state",2020,"2025 SLOW","2030 SLOW","2025 RAPID","2030 RAPID"]
["ACT",0.95,0.66900000000000004,0.57899999999999996,0.63200000000000001,0.313]
["NSW",0.95,0.66900000000000004,0.57899999999999996,0.63200000000000001,0.313]
["NT",0.95,0.66900000000000004,0.57899999999999996,0.63200000000000001,0.313]
["QLD",0.95,0.66900000000000004,0.57899999999999996,0.63200000000000001,0.313]
["SA",0.95,0.66900000000000004,0.57899999999999996,0.63200000000000001,0.313]
["TAS",0.95,0.66900000000000004,0.57899999999999996,0.63200000000000001,0.313]
["VIC",0.95,0.66900000000000004,0.57899999999999996,0.63200000000000001,0.313]
["WA",0.95,0.66900000000000004,0.57899999999999996,0.63200000000000001,0.313]

{"sheet":"BenchmarkFactors","index":13,"n_rows":604,"n_cols":6,"rows_kept":604,"cut":false,"hidden":true,"merged":[]}
["Energy & Water","Benchmark Factors"]
["Lower Limit","Upper Limit","Star Rating",null,"Interpolated Bands"]
[0,26.5,6,null,"Ratio","Stars"]
[26.5,39.75,5.5,null,26.5,6]
[39.75,53,5,null,26.764999999999986,5.99]
[53,66.25,4.5,null,27.03,5.98]
[66.25,79.5,4,null,27.295000000000016,5.97]
[79.5,92.75,3.5,null,27.560000000000002,5.96]
[92.75,106,3,null,27.824999999999989,5.95]
[106,119.25,2.5,null,28.090000000000003,5.94]
[119.25,132.5,2,null,28.355000000000018,5.93]
[132.5,145.75,1.5,null,28.620000000000005,5.92]
[145.75,159,1,null,28.884999999999991,5.91]
[159,null,0,null,29.149999999999977,5.9]
[null,null,null,null,29.41500000000002,5.89]
[null,"Slope",{"$f":"SLOPE(C3:C13,B3:B13)","v":-3.7735849056603772E-2},null,29.680000000000007,5.88]
[null,"Intercept",{"$f":"INTERCEPT(C3:C13,B3:B13)","v":7},null,29.944999999999993,5.87]
[null,null,null,null,30.20999999999998,5.86]
[null,null,null,null,30.475000000000023,5.85]
[null,null,null,null,30.740000000000009,5.84]
[null,null,null,null,31.004999999999995,5.83]
[null,null,null,null,31.269999999999982,5.82]
[null,null,null,null,31.534999999999997,5.81]
[null,null,null,null,31.800000000000011,5.8]
[null,null,null,null,32.064999999999998,5.79]
[null,null,null,null,32.329999999999984,5.78]
[null,null,null,null,32.594999999999999,5.77]
[null,null,null,null,32.860000000000014,5.76]
[null,null,null,null,33.125,5.75]
[null,null,null,null,33.389999999999986,5.74]
[null,null,null,null,33.655000000000001,5.73]
[null,null,null,null,33.920000000000016,5.72]
[null,null,null,null,34.185000000000002,5.71]
[null,null,null,null,34.449999999999989,5.7]
[null,null,null,null,34.715000000000003,5.69]
[null,null,null,null,34.980000000000018,5.68]
[null,null,null,null,35.245000000000005,5.67]
[null,null,null,null,35.509999999999991,5.66]
[null,null,null,null,35.774999999999977,5.65]
[null,null,null,null,36.04000000000002,5.64]
[null,null,null,null,36.305000000000007,5.63]
[null,null,null,null,36.569999999999993,5.62]
[null,null,null,null,36.83499999999998,5.61]
[null,null,null,null,37.100000000000023,5.6]
[null,null,null,null,37.365000000000009,5.59]
[null,null,null,null,37.629999999999995,5.58]
[null,null,null,null,37.894999999999982,5.57]
[null,null,null,null,38.159999999999997,5.56]
[null,null,null,null,38.425000000000011,5.55]
[null,null,null,null,38.69,5.54]
[null,null,null,null,38.954999999999984,5.53]
[null,null,null,null,39.22,5.52]
[null,null,null,null,39.485000000000014,5.51]
[null,null,null,null,39.75,5.5]
[null,null,null,null,40.014999999999986,5.49]
[null,null,null,null,40.28,5.48]
[null,null,null,null,40.545000000000016,5.47]
[null,null,null,null,40.81,5.46]
[null,null,null,null,41.074999999999989,5.45]
[null,null,null,null,41.34,5.44]
[null,null,null,null,41.605000000000018,5.43]
[null,null,null,null,41.870000000000005,5.42]
[null,null,null,null,42.134999999999991,5.41]
[null,null,null,null,42.399999999999977,5.4]
[null,null,null,null,42.66500000000002,5.39]
[null,null,null,null,42.930000000000007,5.38]
[null,null,null,null,43.194999999999993,5.37]
[null,null,null,null,43.45999999999998,5.36]
[null,null,null,null,43.725000000000023,5.35]
[null,null,null,null,43.990000000000009,5.34]
[null,null,null,null,44.254999999999995,5.33]
[null,null,null,null,44.519999999999982,5.32]
[null,null,null,null,44.784999999999997,5.31]
[null,null,null,null,45.050000000000011,5.3]
[null,null,null,null,45.314999999999998,5.29]
[null,null,null,null,45.579999999999984,5.28]
[null,null,null,null,45.844999999999999,5.27]
[null,null,null,null,46.110000000000014,5.26]
[null,null,null,null,46.375,5.25]
[null,null,null,null,46.639999999999986,5.24]
[null,null,null,null,46.905000000000001,5.23]
[null,null,null,null,47.170000000000016,5.22]
[null,null,null,null,47.435000000000002,5.21]
[null,null,null,null,47.699999999999989,5.2]
[null,null,null,null,47.965000000000003,5.19]
[null,null,null,null,48.230000000000018,5.18]
[null,null,null,null,48.495000000000005,5.17]
[null,null,null,null,48.759999999999991,5.16]
[null,null,null,null,49.024999999999977,5.15]
[null,null,null,null,49.29000000000002,5.14]
[null,null,null,null,49.555000000000007,5.13]
[null,null,null,null,49.819999999999993,5.12]
[null,null,null,null,50.08499999999998,5.1100000000000003]
[null,null,null,null,50.350000000000023,5.0999999999999996]
[null,null,null,null,50.615000000000009,5.09]
[null,null,null,null,50.879999999999995,5.08]
[null,null,null,null,51.144999999999982,5.07]
[null,null,null,null,51.41,5.0599999999999996]
[null,null,null,null,51.675000000000011,5.05]
[null,null,null,null,51.94,5.04]
[null,null,null,null,52.204999999999984,5.03]
[null,null,null,null,52.47,5.0199999999999996]
[null,null,null,null,52.735000000000014,5.01]
[null,null,null,null,53,5]
[null,null,null,null,53.264999999999986,4.99]
[null,null,null,null,53.53,4.9800000000000004]
[null,null,null,null,53.795000000000016,4.97]
[null,null,null,null,54.06,4.96]
[null,null,null,null,54.324999999999989,4.95]
[null,null,null,null,54.59,4.9400000000000004]
[null,null,null,null,54.855000000000018,4.93]
[null,null,null,null,55.120000000000005,4.92]
[null,null,null,null,55.384999999999991,4.91]
[null,null,null,null,55.649999999999977,4.9000000000000004]
[null,null,null,null,55.91500000000002,4.8899999999999997]
[null,null,null,null,56.180000000000007,4.88]
[null,null,null,null,56.444999999999993,4.87]
[null,null,null,null,56.70999999999998,4.8600000000000003]
[null,null,null,null,56.975000000000023,4.8499999999999996]
[null,null,null,null,57.240000000000009,4.84]
[null,null,null,null,57.504999999999995,4.83]
[null,null,null,null,57.769999999999996,4.82]
[null,null,null,null,58.035000000000011,4.8099999999999996]
[null,null,null,null,58.300000000000011,4.8]
[null,null,null,null,58.564999999999998,4.79]
[null,null,null,null,58.83,4.78]
[null,null,null,null,59.095000000000013,4.7699999999999996]
[null,null,null,null,59.36,4.76]
[null,null,null,null,59.625,4.75]
[null,null,null,null,59.89,4.74]
[null,null,null,null,60.154999999999987,4.7300000000000004]
[null,null,null,null,60.42,4.72]
[null,null,null,null,60.685000000000002,4.71]
[null,null,null,null,60.949999999999989,4.7]
[null,null,null,null,61.214999999999989,4.6900000000000004]
[null,null,null,null,61.480000000000004,4.68]
[null,null,null,null,61.745000000000005,4.67]
[null,null,null,null,62.009999999999991,4.66]
[null,null,null,null,62.274999999999991,4.6500000000000004]
[null,null,null,null,62.540000000000006,4.6399999999999997]
[null,null,null,null,62.805000000000007,4.63]
[null,null,null,null,63.069999999999993,4.62]
[null,null,null,null,63.334999999999994,4.6100000000000003]
[null,null,null,null,63.600000000000009,4.5999999999999996]
[null,null,null,null,63.865000000000009,4.59]
[null,null,null,null,64.13,4.58]
[null,null,null,null,64.394999999999996,4.57]
[null,null,null,null,64.660000000000011,4.5599999999999996]
[null,null,null,null,64.925000000000011,4.55]
[null,null,null,null,65.19,4.54]
[null,null,null,null,65.454999999999998,4.53]
[null,null,null,null,65.720000000000013,4.5199999999999996]
[null,null,null,null,65.984999999999999,4.51]
[null,null,null,null,66.25,4.5]
[null,null,null,null,66.515000000000001,4.49]
[null,null,null,null,66.779999999999987,4.4800000000000004]
[null,null,null,null,67.045000000000002,4.47]
[null,null,null,null,67.31,4.46]
[null,null,null,null,67.574999999999989,4.45]
[null,null,null,null,67.839999999999989,4.4400000000000004]
[null,null,null,null,68.105000000000004,4.43]
[null,null,null,null,68.37,4.42]
[null,null,null,null,68.634999999999991,4.41]
[null,null,null,null,68.899999999999991,4.4000000000000004]
[null,null,null,null,69.165000000000006,4.3899999999999997]
[null,null,null,null,69.430000000000007,4.38]
[null,null,null,null,69.694999999999993,4.37]
[null,null,null,null,69.959999999999994,4.3600000000000003]
[null,null,null,null,70.225000000000009,4.3499999999999996]
[null,null,null,null,70.490000000000009,4.34]
[null,null,null,null,70.754999999999995,4.33]
[null,null,null,null,71.02,4.32]
[null,null,null,null,71.285000000000011,4.3099999999999996]
[null,null,null,null,71.550000000000011,4.3]
[null,null,null,null,71.814999999999998,4.29]
[null,null,null,null,72.08,4.28]
[null,null,null,null,72.345000000000013,4.2699999999999996]
[null,null,null,null,72.61,4.26]
[null,null,null,null,72.875,4.25]
[null,null,null,null,73.14,4.24]
[null,null,null,null,73.404999999999987,4.2300000000000004]
[null,null,null,null,73.67,4.22]
[null,null,null,null,73.935000000000002,4.21]
[null,null,null,null,74.199999999999989,4.2]
[null,null,null,null,74.464999999999989,4.1900000000000004]
[null,null,null,null,74.73,4.18]
[null,null,null,null,74.995000000000005,4.17]
[null,null,null,null,75.259999999999991,4.16]
[null,null,null,null,75.524999999999991,4.1500000000000004]
[null,null,null,null,75.790000000000006,4.1399999999999997]
[null,null,null,null,76.055000000000007,4.13]
[null,null,null,null,76.319999999999993,4.12]
[null,null,null,null,76.584999999999994,4.1100000000000003]
[null,null,null,null,76.850000000000009,4.0999999999999996]
[null,null,null,null,77.115000000000009,4.09]
[null,null,null,null,77.38,4.08]
[null,null,null,null,77.644999999999996,4.07]
[null,null,null,null,77.910000000000011,4.0599999999999996]
[null,null,null,null,78.175000000000011,4.05]
[null,null,null,null,78.44,4.04]
[null,null,null,null,78.704999999999998,4.03]
[null,null,null,null,78.970000000000013,4.0199999999999996]
[null,null,null,null,79.234999999999999,4.01]
[null,null,null,null,79.5,4]
[null,null,null,null,79.765000000000001,3.99]
[null,null,null,null,80.03,3.98]
[null,null,null,null,80.295000000000002,3.97]
[null,null,null,null,80.56,3.96]
[null,null,null,null,80.824999999999989,3.95]
[null,null,null,null,81.09,3.94]
[null,null,null,null,81.35499999999999,3.93]
[null,null,null,null,81.62,3.92]
[null,null,null,null,81.884999999999991,3.91]
[null,null,null,null,82.15,3.9]
[null,null,null,null,82.414999999999992,3.89]
[null,null,null,null,82.68,3.88]
[null,null,null,null,82.944999999999993,3.87]
[null,null,null,null,83.210000000000008,3.86]
[null,null,null,null,83.474999999999994,3.85]
[null,null,null,null,83.740000000000009,3.84]
[null,null,null,null,84.004999999999995,3.83]
[null,null,null,null,84.27000000000001,3.82]
[null,null,null,null,84.534999999999997,3.81]
[null,null,null,null,84.800000000000011,3.8]
[null,null,null,null,85.064999999999998,3.79]
[null,null,null,null,85.33,3.78]
[null,null,null,null,85.594999999999999,3.77]
[null,null,null,null,85.86,3.76]
[null,null,null,null,86.125,3.75]
[null,null,null,null,86.39,3.74]
[null,null,null,null,86.655000000000001,3.73]
[null,null,null,null,86.92,3.72]
[null,null,null,null,87.185000000000002,3.71]
[null,null,null,null,87.449999999999989,3.7]
[null,null,null,null,87.715000000000003,3.69]
[null,null,null,null,87.97999999999999,3.68]
[null,null,null,null,88.245000000000005,3.67]
[null,null,null,null,88.509999999999991,3.66]
[null,null,null,null,88.775000000000006,3.65]
[null,null,null,null,89.039999999999992,3.64]
[null,null,null,null,89.305000000000007,3.63]
[null,null,null,null,89.57,3.62]
[null,null,null,null,89.835000000000008,3.61]
[null,null,null,null,90.1,3.6]
[null,null,null,null,90.365000000000009,3.59]
[null,null,null,null,90.63,3.58]
[null,null,null,null,90.89500000000001,3.57]
[null,null,null,null,91.16,3.56]
[null,null,null,null,91.425000000000011,3.55]
[null,null,null,null,91.69,3.54]
[null,null,null,null,91.954999999999998,3.53]
[null,null,null,null,92.22,3.52]
[null,null,null,null,92.484999999999999,3.51]
[null,null,null,null,92.75,3.5]
[null,null,null,null,93.015000000000001,3.49]
[null,null,null,null,93.28,3.48]
[null,null,null,null,93.545000000000002,3.47]
[null,null,null,null,93.81,3.46]
[null,null,null,null,94.074999999999989,3.45]
[null,null,null,null,94.34,3.44]
[null,null,null,null,94.60499999999999,3.43]
[null,null,null,null,94.87,3.42]
[null,null,null,null,95.134999999999991,3.41]
[null,null,null,null,95.4,3.4]
[null,null,null,null,95.664999999999992,3.39]
[null,null,null,null,95.93,3.38]
[null,null,null,null,96.194999999999993,3.37]
[null,null,null,null,96.460000000000008,3.36]
[null,null,null,null,96.724999999999994,3.35]
[null,null,null,null,96.990000000000009,3.34]
[null,null,null,null,97.254999999999995,3.33]
[null,null,null,null,97.52000000000001,3.32]
[null,null,null,null,97.784999999999997,3.31]
[null,null,null,null,98.050000000000011,3.3]
[null,null,null,null,98.314999999999998,3.29]
[null,null,null,null,98.58,3.28]
[null,null,null,null,98.844999999999999,3.27]
[null,null,null,null,99.11,3.26]
[null,null,null,null,99.375,3.25]
[null,null,null,null,99.64,3.24]
[null,null,null,null,99.905000000000001,3.23]
[null,null,null,null,100.17,3.22]
[null,null,null,null,100.435,3.21]
[null,null,null,null,100.69999999999999,3.2]
[null,null,null,null,100.965,3.19]
[null,null,null,null,101.22999999999999,3.18]
[null,null,null,null,101.495,3.17]
[null,null,null,null,101.75999999999999,3.16]
[null,null,null,null,102.02500000000001,3.15]
[null,null,null,null,102.28999999999999,3.14]
[null,null,null,null,102.55500000000001,3.13]
[null,null,null,null,102.82,3.12]
[null,null,null,null,103.08500000000001,3.11]
[null,null,null,null,103.35,3.1]
[null,null,null,null,103.61500000000001,3.09]
[null,null,null,null,103.88,3.08]
[null,null,null,null,104.14500000000001,3.07]
[null,null,null,null,104.41,3.06]
[null,null,null,null,104.67500000000001,3.05]
[null,null,null,null,104.94,3.04]
[null,null,null,null,105.205,3.03]
[null,null,null,null,105.47,3.02]
[null,null,null,null,105.735,3.01]
[null,null,null,null,106,3]
[null,null,null,null,106.265,2.99]
[null,null,null,null,106.53,2.98]
[null,null,null,null,106.795,2.97]
[null,null,null,null,107.06,2.96]
[null,null,null,null,107.32499999999999,2.95]
[null,null,null,null,107.59,2.94]
[null,null,null,null,107.85499999999999,2.93]
[null,null,null,null,108.12,2.92]
[null,null,null,null,108.38499999999999,2.91]
[null,null,null,null,108.65,2.9]
[null,null,null,null,108.91499999999999,2.89]
[null,null,null,null,109.18,2.88]
[null,null,null,null,109.44499999999999,2.87]
[null,null,null,null,109.71000000000001,2.86]
[null,null,null,null,109.97499999999999,2.85]
[null,null,null,null,110.24000000000001,2.84]
[null,null,null,null,110.505,2.83]
[null,null,null,null,110.77000000000001,2.82]
[null,null,null,null,111.035,2.81]
[null,null,null,null,111.30000000000001,2.8]
[null,null,null,null,111.565,2.79]
[null,null,null,null,111.83,2.78]
[null,null,null,null,112.095,2.77]
[null,null,null,null,112.36,2.76]
[null,null,null,null,112.625,2.75]
[null,null,null,null,112.89,2.74]
[null,null,null,null,113.155,2.73]
[null,null,null,null,113.42,2.72]
[null,null,null,null,113.685,2.71]
[null,null,null,null,113.94999999999999,2.7]
[null,null,null,null,114.215,2.69]
[null,null,null,null,114.47999999999999,2.68]
[null,null,null,null,114.745,2.67]
[null,null,null,null,115.00999999999999,2.66]
[null,null,null,null,115.27500000000001,2.65]
[null,null,null,null,115.53999999999999,2.64]
[null,null,null,null,115.80500000000001,2.63]
[null,null,null,null,116.07,2.62]
[null,null,null,null,116.33500000000001,2.61]
[null,null,null,null,116.6,2.6]
[null,null,null,null,116.86500000000001,2.59]
[null,null,null,null,117.13,2.58]
[null,null,null,null,117.39500000000001,2.57]
[null,null,null,null,117.66,2.56]
[null,null,null,null,117.92500000000001,2.5499999999999998]
[null,null,null,null,118.19,2.54]
[null,null,null,null,118.455,2.5299999999999998]
[null,null,null,null,118.72,2.52]
[null,null,null,null,118.985,2.5099999999999998]
[null,null,null,null,119.25,2.5]
[null,null,null,null,119.515,2.4900000000000002]
[null,null,null,null,119.78,2.48]
[null,null,null,null,120.045,2.4700000000000002]
[null,null,null,null,120.31,2.46]
[null,null,null,null,120.57499999999999,2.4500000000000002]
[null,null,null,null,120.84,2.44]
[null,null,null,null,121.10499999999999,2.4300000000000002]
[null,null,null,null,121.37,2.42]
[null,null,null,null,121.63499999999999,2.41]
[null,null,null,null,121.9,2.4]
[null,null,null,null,122.16499999999999,2.39]
[null,null,null,null,122.43,2.38]
[null,null,null,null,122.69499999999999,2.37]
[null,null,null,null,122.96000000000001,2.36]
[null,null,null,null,123.22499999999999,2.35]
[null,null,null,null,123.49000000000001,2.34]
[null,null,null,null,123.755,2.33]
[null,null,null,null,124.02000000000001,2.3199999999999998]
[null,null,null,null,124.285,2.31]
[null,null,null,null,124.55000000000001,2.2999999999999998]
[null,null,null,null,124.815,2.29]
[null,null,null,null,125.08000000000001,2.2799999999999998]
[null,null,null,null,125.345,2.27]
[null,null,null,null,125.61000000000001,2.2599999999999998]
[null,null,null,null,125.875,2.25]
[null,null,null,null,126.13999999999999,2.2400000000000002]
[null,null,null,null,126.405,2.23]
[null,null,null,null,126.66999999999999,2.2200000000000002]
[null,null,null,null,126.935,2.21]
[null,null,null,null,127.19999999999999,2.2000000000000002]
[null,null,null,null,127.465,2.19]
[null,null,null,null,127.72999999999999,2.1800000000000002]
[null,null,null,null,127.995,2.17]
[null,null,null,null,128.26,2.16]
[null,null,null,null,128.52500000000001,2.15]
[null,null,null,null,128.79,2.14]
[null,null,null,null,129.05500000000001,2.13]
[null,null,null,null,129.32,2.12]
[null,null,null,null,129.58500000000001,2.11]
[null,null,null,null,129.85,2.1]
[null,null,null,null,130.11500000000001,2.09]
[null,null,null,null,130.38,2.08]
[null,null,null,null,130.64500000000001,2.0699999999999998]
[null,null,null,null,130.91,2.06]
[null,null,null,null,131.17500000000001,2.0499999999999998]
[null,null,null,null,131.44,2.04]
[null,null,null,null,131.70500000000001,2.0299999999999998]
[null,null,null,null,131.97,2.02]
[null,null,null,null,132.23500000000001,2.0099999999999998]
[null,null,null,null,132.5,2]
[null,null,null,null,132.76499999999999,1.99]
[null,null,null,null,133.03,1.98]
[null,null,null,null,133.29500000000002,1.97]
[null,null,null,null,133.56,1.96]
[null,null,null,null,133.82499999999999,1.95]
[null,null,null,null,134.09,1.94]
[null,null,null,null,134.35500000000002,1.93]
[null,null,null,null,134.62,1.92]
[null,null,null,null,134.88499999999999,1.91]
[null,null,null,null,135.15,1.9]
[null,null,null,null,135.41499999999999,1.89]
[null,null,null,null,135.68,1.88]
[null,null,null,null,135.94499999999999,1.87]
[null,null,null,null,136.21,1.86]
[null,null,null,null,136.47499999999999,1.85]
[null,null,null,null,136.74,1.84]
[null,null,null,null,137.005,1.83]
[null,null,null,null,137.26999999999998,1.82]
[null,null,null,null,137.535,1.81]
[null,null,null,null,137.80000000000001,1.8]
[null,null,null,null,138.065,1.79]
[null,null,null,null,138.32999999999998,1.78]
[null,null,null,null,138.595,1.77]
[null,null,null,null,138.86000000000001,1.76]
[null,null,null,null,139.125,1.75]
[null,null,null,null,139.38999999999999,1.74]
[null,null,null,null,139.655,1.73]
[null,null,null,null,139.92000000000002,1.72]
[null,null,null,null,140.185,1.71]
[null,null,null,null,140.44999999999999,1.7]
[null,null,null,null,140.715,1.69]
[null,null,null,null,140.98000000000002,1.68]
[null,null,null,null,141.245,1.67]
[null,null,null,null,141.51,1.66]
[null,null,null,null,141.77500000000001,1.65]
[null,null,null,null,142.04,1.64]
[null,null,null,null,142.30500000000001,1.63]
[null,null,null,null,142.57,1.62]
[null,null,null,null,142.83500000000001,1.61]
[null,null,null,null,143.1,1.6]
[null,null,null,null,143.36500000000001,1.59]
[null,null,null,null,143.63,1.58]
[null,null,null,null,143.89499999999998,1.57]
[null,null,null,null,144.16,1.56]
[null,null,null,null,144.42500000000001,1.55]
[null,null,null,null,144.69,1.54]
[null,null,null,null,144.95499999999998,1.53]
[null,null,null,null,145.22,1.52]
[null,null,null,null,145.48500000000001,1.51]
[null,null,null,null,145.75,1.5]
[null,null,null,null,146.01499999999999,1.49]
[null,null,null,null,146.28,1.48]
[null,null,null,null,146.54500000000002,1.47]
[null,null,null,null,146.81,1.46]
[null,null,null,null,147.07499999999999,1.45]
[null,null,null,null,147.34,1.44]
[null,null,null,null,147.60500000000002,1.43]
[null,null,null,null,147.87,1.42]
[null,null,null,null,148.13499999999999,1.41]
[null,null,null,null,148.4,1.4]
[null,null,null,null,148.66499999999999,1.39]
[null,null,null,null,148.93,1.38]
[null,null,null,null,149.19499999999999,1.37]
[null,null,null,null,149.46,1.36]
[null,null,null,null,149.72499999999999,1.35]
[null,null,null,null,149.99,1.34]
[null,null,null,null,150.255,1.33]
[null,null,null,null,150.51999999999998,1.32]
[null,null,null,null,150.785,1.31]
[null,null,null,null,151.05000000000001,1.3]
[null,null,null,null,151.315,1.29]
[null,null,null,null,151.57999999999998,1.28]
[null,null,null,null,151.845,1.27]
[null,null,null,null,152.11000000000001,1.26]
[null,null,null,null,152.375,1.25]
[null,null,null,null,152.63999999999999,1.24]
[null,null,null,null,152.905,1.23]
[null,null,null,null,153.17000000000002,1.22]
[null,null,null,null,153.435,1.21]
[null,null,null,null,153.69999999999999,1.2]
[null,null,null,null,153.965,1.19]
[null,null,null,null,154.22999999999999,1.18]
[null,null,null,null,154.495,1.17]
[null,null,null,null,154.76,1.1599999999999999]
[null,null,null,null,155.02500000000001,1.1499999999999999]
[null,null,null,null,155.29,1.1399999999999999]
[null,null,null,null,155.55500000000001,1.1299999999999999]
[null,null,null,null,155.82,1.1200000000000001]
[null,null,null,null,156.08500000000001,1.1100000000000001]
[null,null,null,null,156.35,1.1000000000000001]
[null,null,null,null,156.61500000000001,1.0900000000000001]
[null,null,null,null,156.88,1.08]
[null,null,null,null,157.14500000000001,1.07]
[null,null,null,null,157.41,1.06]
[null,null,null,null,157.67500000000001,1.05]
[null,null,null,null,157.94,1.04]
[null,null,null,null,158.20499999999998,1.03]
[null,null,null,null,158.47,1.02]
[null,null,null,null,158.73500000000001,1.01]
[null,null,null,null,159,1]
[null,null,null,null,159.26499999999999,0.99]
[null,null,null,null,159.53,0.98]
[null,null,null,null,159.79500000000002,0.97]
[null,null,null,null,160.06,0.96]
[null,null,null,null,160.32499999999999,0.95]
[null,null,null,null,160.59,0.94]
[null,null,null,null,160.85499999999999,0.93]
[null,null,null,null,161.12,0.92]
[null,null,null,null,161.38499999999999,0.91]
[null,null,null,null,161.65,0.9]
[null,null,null,null,161.91499999999999,0.89]
[null,null,null,null,162.18,0.88]
[null,null,null,null,162.44499999999999,0.87]
[null,null,null,null,162.71,0.86]
[null,null,null,null,162.97499999999999,0.85]
[null,null,null,null,163.24,0.84]
[null,null,null,null,163.505,0.83]
[null,null,null,null,163.77000000000001,0.82]
[null,null,null,null,164.035,0.81]
[null,null,null,null,164.3,0.8]
[null,null,null,null,164.565,0.79]
[null,null,null,null,164.82999999999998,0.78]
[null,null,null,null,165.095,0.77]
[null,null,null,null,165.36,0.76]
[null,null,null,null,165.625,0.75]
[null,null,null,null,165.89,0.74]
[null,null,null,null,166.155,0.73]
[null,null,null,null,166.42000000000002,0.72]
[null,null,null,null,166.685,0.71]
[null,null,null,null,166.95,0.7]
[null,null,null,null,167.215,0.69]
[null,null,null,null,167.48,0.68]
[null,null,null,null,167.745,0.67]
[null,null,null,null,168.01,0.66]
[null,null,null,null,168.27500000000001,0.65]
[null,null,null,null,168.54,0.64]
[null,null,null,null,168.80500000000001,0.63]
[null,null,null,null,169.07,0.62]
[null,null,null,null,169.33500000000001,0.61]
[null,null,null,null,169.6,0.6]
[null,null,null,null,169.86500000000001,0.59]
[null,null,null,null,170.13,0.57999999999999996]
[null,null,null,null,170.39500000000001,0.56999999999999995]
[null,null,null,null,170.66,0.56000000000000005]
[null,null,null,null,170.92500000000001,0.55000000000000004]
[null,null,null,null,171.19,0.54]
[null,null,null,null,171.45500000000001,0.53]
[null,null,null,null,171.72,0.52]
[null,null,null,null,171.98500000000001,0.51]
[null,null,null,null,172.25,0.5]
[null,null,null,null,172.51499999999999,0.49]
[null,null,null,null,172.78,0.48]
[null,null,null,null,173.04499999999999,0.47]
[null,null,null,null,173.31,0.46]
[null,null,null,null,173.57499999999999,0.45]
[null,null,null,null,173.84,0.44]
[null,null,null,null,174.10499999999999,0.43]
[null,null,null,null,174.37,0.42]
[null,null,null,null,174.63499999999999,0.41]
[null,null,null,null,174.9,0.4]
[null,null,null,null,175.16499999999999,0.39]
[null,null,null,null,175.43,0.38]
[null,null,null,null,175.69499999999999,0.37]
[null,null,null,null,175.96,0.36]
[null,null,null,null,176.22499999999999,0.35]
[null,null,null,null,176.49,0.34]
[null,null,null,null,176.755,0.33]
[null,null,null,null,177.02,0.32]
[null,null,null,null,177.285,0.31]
[null,null,null,null,177.55,0.3]
[null,null,null,null,177.815,0.28999999999999998]
[null,null,null,null,178.08,0.28000000000000003]
[null,null,null,null,178.345,0.27]
[null,null,null,null,178.61,0.26]
[null,null,null,null,178.875,0.25]
[null,null,null,null,179.14,0.24]
[null,null,null,null,179.405,0.23]
[null,null,null,null,179.67,0.22]
[null,null,null,null,179.935,0.21]
[null,null,null,null,180.2,0.2]
[null,null,null,null,180.465,0.19]
[null,null,null,null,180.73,0.18]
[null,null,null,null,180.995,0.17]
[null,null,null,null,181.26,0.16]
[null,null,null,null,181.52500000000001,0.15]
[null,null,null,null,181.79,0.14000000000000001]
[null,null,null,null,182.05500000000001,0.13]
[null,null,null,null,182.32,0.12]
[null,null,null,null,182.58500000000001,0.11]
[null,null,null,null,182.85,0.1]
[null,null,null,null,183.11500000000001,0.09]
[null,null,null,null,183.38,0.08]
[null,null,null,null,183.64500000000001,7.0000000000000007E-2]
[null,null,null,null,183.91,0.06]
[null,null,null,null,184.17500000000001,0.05]
[null,null,null,null,184.44,0.04]
[null,null,null,null,184.70500000000001,0.03]
[null,null,null,null,184.97,0.02]
[null,null,null,null,185.23500000000001,0.01]
[null,null,null,null,185.5,0]

{"sheet":"Rating Bands","index":14,"n_rows":618,"n_cols":3,"rows_kept":618,"cut":false,"hidden":true,"merged":[[15,1,15,2]]}
[]
[]
[null,"Stars","Ratio"]
[null,0,185.5]
[null,1,{"$f":"C6+$A$18","v":159}]
[null,1.5,145.75]
[null,2,132.5]
[null,2.5,119.25]
[null,3,106]
[null,3.5,92.75]
[null,4,79.5]
[null,4.5,66.25]
[null,5,53]
[null,5.5,39.75]
[null,6,26.5]
[null,"Interpolated Bands"]
[null,"Stars","Ratio"]
[{"$f":"26.5/2","v":13.25},0,185.5]
[null,0.01,{"$f":"FORECAST(B19,OFFSET($C$4,MATCH(B19,$B$4:$B$15,1)-1,0,2), OFFSET($B$4,MATCH(B19,$B$4:$B$15,1)-1,0,2))","v":185.23500000000001}]
[null,0.02,{"$f":"FORECAST(B20,OFFSET($C$4,MATCH(B20,$B$4:$B$15,1)-1,0,2), OFFSET($B$4,MATCH(B20,$B$4:$B$15,1)-1,0,2))","v":184.97}]
[null,0.03,184.70500000000001]
[null,0.04,184.44]
[null,0.05,184.17500000000001]
[null,0.06,183.91]
[null,7.0000000000000007E-2,183.64500000000001]
[null,0.08,183.38]
[null,0.09,183.11500000000001]
[null,0.1,182.85]
[null,0.11,182.58500000000001]
[null,0.12,182.32]
[null,0.13,182.05500000000001]
[null,0.14000000000000001,181.79]
[null,0.15,181.52500000000001]
[null,0.16,181.26]
[null,0.17,180.995]
[null,0.18,180.73]
[null,0.19,180.465]
[null,0.2,180.2]
[null,0.21,179.935]
[null,0.22,179.67]
[null,0.23,179.405]
[null,0.24,179.14]
[null,0.25,178.875]
[null,0.26,178.61]
[null,0.27,178.345]
[null,0.28000000000000003,178.08]
[null,0.28999999999999998,177.815]
[null,0.3,177.55]
[null,0.31,177.285]
[null,0.32,177.02]
[null,0.33,176.755]
[null,0.34,176.49]
[null,0.35,176.22499999999999]
[null,0.36,175.96]
[null,0.37,175.69499999999999]
[null,0.38,175.43]
[null,0.39,175.16499999999999]
[null,0.4,174.9]
[null,0.41,174.63499999999999]
[null,0.42,174.37]
[null,0.43,174.10499999999999]
[null,0.44,173.84]
[null,0.45,173.57499999999999]
[null,0.46,173.31]
[null,0.47,173.04499999999999]
[null,0.48,172.78]
[null,0.49,172.51499999999999]
[null,0.5,172.25]
[null,0.51,171.98500000000001]
[null,0.52,171.72]
[null,0.53,171.45500000000001]
[null,0.54,171.19]
[null,0.55000000000000004,170.92500000000001]
[null,0.56000000000000005,170.66]
[null,0.56999999999999995,170.39500000000001]
[null,0.57999999999999996,170.13]
[null,0.59,169.86500000000001]
[null,0.6,169.6]
[null,0.61,169.33500000000001]
[null,0.62,169.07]
[null,0.63,168.80500000000001]
[null,0.64,168.54]
[null,0.65,168.27500000000001]
[null,0.66,{"$f":"FORECAST(B84,OFFSET($C$4,MATCH(B84,$B$4:$B$15,1)-1,0,2), OFFSET($B$4,MATCH(B84,$B$4:$B$15,1)-1,0,2))","v":168.01}]
[null,0.67,167.745]
[null,0.68,167.48]
[null,0.69,167.215]
[null,0.7,166.95]
[null,0.71,166.685]
[null,0.72,166.42000000000002]
[null,0.73,166.155]
[null,0.74,165.89]
[null,0.75,165.625]
[null,0.76,165.36]
[null,0.77,165.095]
[null,0.78,164.82999999999998]
[null,0.79,164.565]
[null,0.8,164.3]
[null,0.81,164.035]
[null,0.82,163.77000000000001]
[null,0.83,163.505]
[null,0.84,163.24]
[null,0.85,162.97499999999999]
[null,0.86,162.71]
[null,0.87,162.44499999999999]
[null,0.88,162.18]
[null,0.89,161.91499999999999]
[null,0.9,161.65]
[null,0.91,161.38499999999999]
[null,0.92,161.12]
[null,0.93,160.85499999999999]
[null,0.94,160.59]
[null,0.95,160.32499999999999]
[null,0.96,160.06]
[null,0.97,159.79500000000002]
[null,0.98,159.53]
[null,0.99,159.26499999999999]
[null,1,159]
[null,1.01,158.73500000000001]
[null,1.02,158.47]
[null,1.03,158.20499999999998]
[null,1.04,157.94]
[null,1.05,157.67500000000001]
[null,1.06,157.41]
[null,1.07,157.14500000000001]
[null,1.08,156.88]
[null,1.0900000000000001,156.61500000000001]
[null,1.1000000000000001,156.35]
[null,1.1100000000000001,156.08500000000001]
[null,1.1200000000000001,155.82]
[null,1.1299999999999999,155.55500000000001]
[null,1.1399999999999999,155.29]
[null,1.1499999999999999,155.02500000000001]
[null,1.1599999999999999,154.76]
[null,1.17,154.495]
[null,1.18,154.22999999999999]
[null,1.19,153.965]
[null,1.2,153.69999999999999]
[null,1.21,153.435]
[null,1.22,153.17000000000002]
[null,1.23,152.905]
[null,1.24,152.63999999999999]
[null,1.25,152.375]
[null,1.26,152.11000000000001]
[null,1.27,151.845]
[null,1.28,151.57999999999998]
[null,1.29,151.315]
[null,1.3,{"$f":"FORECAST(B148,OFFSET($C$4,MATCH(B148,$B$4:$B$15,1)-1,0,2), OFFSET($B$4,MATCH(B148,$B$4:$B$15,1)-1,0,2))","v":151.05000000000001}]
[null,1.31,150.785]
[null,1.32,150.51999999999998]
[null,1.33,150.255]
[null,1.34,149.99]
[null,1.35,149.72499999999999]
[null,1.36,149.46]
[null,1.37,149.19499999999999]
[null,1.38,148.93]
[null,1.39,148.66499999999999]
[null,1.4,148.4]
[null,1.41,148.13499999999999]
[null,1.42,147.87]
[null,1.43,147.60500000000002]
[null,1.44,147.34]
[null,1.45,147.07499999999999]
[null,1.46,146.81]
[null,1.47,146.54500000000002]
[null,1.48,146.28]
[null,1.49,146.01499999999999]
[null,1.5,145.75]
[null,1.51,145.48500000000001]
[null,1.52,145.22]
[null,1.53,144.95499999999998]
[null,1.54,144.69]
[null,1.55,144.42500000000001]
[null,1.56,144.16]
[null,1.57,143.89499999999998]
[null,1.58,143.63]
[null,1.59,143.36500000000001]
[null,1.6,143.1]
[null,1.61,142.83500000000001]
[null,1.62,142.57]
[null,1.63,142.30500000000001]
[null,1.64,142.04]
[null,1.65,141.77500000000001]
[null,1.66,141.51]
[null,1.67,141.245]
[null,1.68,140.98000000000002]
[null,1.69,140.715]
[null,1.7,140.44999999999999]
[null,1.71,140.185]
[null,1.72,139.92000000000002]
[null,1.73,139.655]
[null,1.74,139.38999999999999]
[null,1.75,139.125]
[null,1.76,138.86000000000001]
[null,1.77,138.595]
[null,1.78,138.32999999999998]
[null,1.79,138.065]
[null,1.8,137.80000000000001]
[null,1.81,137.535]
[null,1.82,137.26999999999998]
[null,1.83,137.005]
[null,1.84,136.74]
[null,1.85,136.47499999999999]
[null,1.86,136.21]
[null,1.87,135.94499999999999]
[null,1.88,135.68]
[null,1.89,135.41499999999999]
[null,1.9,135.15]
[null,1.91,134.88499999999999]
[null,1.92,134.62]
[null,1.93,134.35500000000002]
[null,1.94,{"$f":"FORECAST(B212,OFFSET($C$4,MATCH(B212,$B$4:$B$15,1)-1,0,2), OFFSET($B$4,MATCH(B212,$B$4:$B$15,1)-1,0,2))","v":134.09}]
[null,1.95,133.82499999999999]
[null,1.96,133.56]
[null,1.97,133.29500000000002]
[null,1.98,133.03]
[null,1.99,132.76499999999999]
[null,2,132.5]
[null,2.0099999999999998,132.23500000000001]
[null,2.02,131.97]
[null,2.0299999999999998,131.70500000000001]
[null,2.04,131.44]
[null,2.0499999999999998,131.17500000000001]
[null,2.06,130.91]
[null,2.0699999999999998,130.64500000000001]
[null,2.08,130.38]
[null,2.09,130.11500000000001]
[null,2.1,129.85]
[null,2.11,129.58500000000001]
[null,2.12,129.32]
[null,2.13,129.05500000000001]
[null,2.14,128.79]
[null,2.15,128.52500000000001]
[null,2.16,128.26]
[null,2.17,127.995]
[null,2.1800000000000002,127.72999999999999]
[null,2.19,127.465]
[null,2.2000000000000002,127.19999999999999]
[null,2.21,126.935]
[null,2.2200000000000002,126.66999999999999]
[null,2.23,126.405]
[null,2.2400000000000002,126.13999999999999]
[null,2.25,125.875]
[null,2.2599999999999998,125.61000000000001]
[null,2.27,125.345]
[null,2.2799999999999998,125.08000000000001]
[null,2.29,124.815]
[null,2.2999999999999998,124.55000000000001]
[null,2.31,124.285]
[null,2.3199999999999998,124.02000000000001]
[null,2.33,123.755]
[null,2.34,123.49000000000001]
[null,2.35,123.22499999999999]
[null,2.36,122.96000000000001]
[null,2.37,122.69499999999999]
[null,2.38,122.43]
[null,2.39,122.16499999999999]
[null,2.4,121.9]
[null,2.41,121.63499999999999]
[null,2.42,121.37]
[null,2.4300000000000002,121.10499999999999]
[null,2.44,120.84]
[null,2.4500000000000002,120.57499999999999]
[null,2.46,120.31]
[null,2.4700000000000002,120.045]
[null,2.48,119.78]
[null,2.4900000000000002,119.515]
[null,2.5,119.25]
[null,2.5099999999999998,118.985]
[null,2.52,118.72]
[null,2.5299999999999998,118.455]
[null,2.54,118.19]
[null,2.5499999999999998,117.92500000000001]
[null,2.56,117.66]
[null,2.57,117.39500000000001]
[null,2.58,{"$f":"FORECAST(B276,OFFSET($C$4,MATCH(B276,$B$4:$B$15,1)-1,0,2), OFFSET($B$4,MATCH(B276,$B$4:$B$15,1)-1,0,2))","v":117.13}]
[null,2.59,116.86500000000001]
[null,2.6,116.6]
[null,2.61,116.33500000000001]
[null,2.62,116.07]
[null,2.63,115.80500000000001]
[null,2.64,115.53999999999999]
[null,2.65,115.27500000000001]
[null,2.66,115.00999999999999]
[null,2.67,114.745]
[null,2.68,114.47999999999999]
[null,2.69,114.215]
[null,2.7,113.94999999999999]
[null,2.71,113.685]
[null,2.72,113.42]
[null,2.73,113.155]
[null,2.74,112.89]
[null,2.75,112.625]
[null,2.76,112.36]
[null,2.77,112.095]
[null,2.78,111.83]
[null,2.79,111.565]
[null,2.8,111.30000000000001]
[null,2.81,111.035]
[null,2.82,110.77000000000001]
[null,2.83,110.505]
[null,2.84,110.24000000000001]
[null,2.85,109.97499999999999]
[null,2.86,109.71000000000001]
[null,2.87,109.44499999999999]
[null,2.88,109.18]
[null,2.89,108.91499999999999]
[null,2.9,108.65]
[null,2.91,108.38499999999999]
[null,2.92,108.12]
[null,2.93,107.85499999999999]
[null,2.94,107.59]
[null,2.95,107.32499999999999]
[null,2.96,107.06]
[null,2.97,106.795]
[null,2.98,106.53]
[null,2.99,106.265]
[null,3,106]
[null,3.01,105.735]
[null,3.02,105.47]
[null,3.03,105.205]
[null,3.04,104.94]
[null,3.05,104.67500000000001]
[null,3.06,104.41]
[null,3.07,104.14500000000001]
[null,3.08,103.88]
[null,3.09,103.61500000000001]
[null,3.1,103.35]
[null,3.11,103.08500000000001]
[null,3.12,102.82]
[null,3.13,102.55500000000001]
[null,3.14,102.28999999999999]
[null,3.15,102.02500000000001]
[null,3.16,101.75999999999999]
[null,3.17,101.495]
[null,3.18,101.22999999999999]
[null,3.19,100.965]
[null,3.2,100.69999999999999]
[null,3.21,100.435]
[null,3.22,{"$f":"FORECAST(B340,OFFSET($C$4,MATCH(B340,$B$4:$B$15,1)-1,0,2), OFFSET($B$4,MATCH(B340,$B$4:$B$15,1)-1,0,2))","v":100.17}]
[null,3.23,99.905000000000001]
[null,3.24,99.64]
[null,3.25,99.375]
[null,3.26,99.11]
[null,3.27,98.844999999999999]
[null,3.28,98.58]
[null,3.29,98.314999999999998]
[null,3.3,98.050000000000011]
[null,3.31,97.784999999999997]
[null,3.32,97.52000000000001]
[null,3.33,97.254999999999995]
[null,3.34,96.990000000000009]
[null,3.35,96.724999999999994]
[null,3.36,96.460000000000008]
[null,3.37,96.194999999999993]
[null,3.38,95.93]
[null,3.39,95.664999999999992]
[null,3.4,95.4]
[null,3.41,95.134999999999991]
[null,3.42,94.87]
[null,3.43,94.60499999999999]
[null,3.44,94.34]
[null,3.45,94.074999999999989]
[null,3.46,93.81]
[null,3.47,93.545000000000002]
[null,3.48,93.28]
[null,3.49,93.015000000000001]
[null,3.5,92.75]
[null,3.51,92.484999999999999]
[null,3.52,92.22]
[null,3.53,91.954999999999998]
[null,3.54,91.69]
[null,3.55,91.425000000000011]
[null,3.56,91.16]
[null,3.57,90.89500000000001]
[null,3.58,90.63]
[null,3.59,90.365000000000009]
[null,3.6,90.1]
[null,3.61,89.835000000000008]
[null,3.62,89.57]
[null,3.63,89.305000000000007]
[null,3.64,89.039999999999992]
[null,3.65,88.775000000000006]
[null,3.66,88.509999999999991]
[null,3.67,88.245000000000005]
[null,3.68,87.97999999999999]
[null,3.69,87.715000000000003]
[null,3.7,87.449999999999989]
[null,3.71,87.185000000000002]
[null,3.72,86.92]
[null,3.73,86.655000000000001]
[null,3.74,86.39]
[null,3.75,86.125]
[null,3.76,85.86]
[null,3.77,85.594999999999999]
[null,3.78,85.33]
[null,3.79,85.064999999999998]
[null,3.8,84.800000000000011]
[null,3.81,84.534999999999997]
[null,3.82,84.27000000000001]
[null,3.83,84.004999999999995]
[null,3.84,83.740000000000009]
[null,3.85,83.474999999999994]
[null,3.86,{"$f":"FORECAST(B404,OFFSET($C$4,MATCH(B404,$B$4:$B$15,1)-1,0,2), OFFSET($B$4,MATCH(B404,$B$4:$B$15,1)-1,0,2))","v":83.210000000000008}]
[null,3.87,82.944999999999993]
[null,3.88,82.68]
[null,3.89,82.414999999999992]
[null,3.9,82.15]
[null,3.91,81.884999999999991]
[null,3.92,81.62]
[null,3.93,81.35499999999999]
[null,3.94,81.09]
[null,3.95,80.824999999999989]
[null,3.96,80.56]
[null,3.97,80.295000000000002]
[null,3.98,80.03]
[null,3.99,79.765000000000001]
[null,4,79.5]
[null,4.01,79.234999999999999]
[null,4.0199999999999996,78.970000000000013]
[null,4.03,78.704999999999998]
[null,4.04,78.44]
[null,4.05,78.175000000000011]
[null,4.0599999999999996,77.910000000000011]
[null,4.07,77.644999999999996]
[null,4.08,77.38]
[null,4.09,77.115000000000009]
[null,4.0999999999999996,76.850000000000009]
[null,4.1100000000000003,76.584999999999994]
[null,4.12,76.319999999999993]
[null,4.13,76.055000000000007]
[null,4.1399999999999997,75.790000000000006]
[null,4.1500000000000004,75.524999999999991]
[null,4.16,75.259999999999991]
[null,4.17,74.995000000000005]
[null,4.18,74.73]
[null,4.1900000000000004,74.464999999999989]
[null,4.2,74.199999999999989]
[null,4.21,73.935000000000002]
[null,4.22,73.67]
[null,4.2300000000000004,73.404999999999987]
[null,4.24,73.14]
[null,4.25,72.875]
[null,4.26,72.61]
[null,4.2699999999999996,72.345000000000013]
[null,4.28,72.08]
[null,4.29,71.814999999999998]
[null,4.3,71.550000000000011]
[null,4.3099999999999996,71.285000000000011]
[null,4.32,71.02]
[null,4.33,70.754999999999995]
[null,4.34,70.490000000000009]
[null,4.3499999999999996,70.225000000000009]
[null,4.3600000000000003,69.959999999999994]
[null,4.37,69.694999999999993]
[null,4.38,69.430000000000007]
[null,4.3899999999999997,69.165000000000006]
[null,4.4000000000000004,68.899999999999991]
[null,4.41,68.634999999999991]
[null,4.42,68.37]
[null,4.43,68.105000000000004]
[null,4.4400000000000004,67.839999999999989]
[null,4.45,67.574999999999989]
[null,4.46,67.31]
[null,4.47,67.045000000000002]
[null,4.4800000000000004,66.779999999999987]
[null,4.49,66.515000000000001]
[null,4.5,{"$f":"FORECAST(B468,OFFSET($C$4,MATCH(B468,$B$4:$B$15,1)-1,0,2), OFFSET($B$4,MATCH(B468,$B$4:$B$15,1)-1,0,2))","v":66.25}]
[null,4.51,65.984999999999999]
[null,4.5199999999999996,65.720000000000013]
[null,4.53,65.454999999999998]
[null,4.54,65.19]
[null,4.55,64.925000000000011]
[null,4.5599999999999996,64.660000000000011]
[null,4.57,64.394999999999996]
[null,4.58,64.13]
[null,4.59,63.865000000000009]
[null,4.5999999999999996,63.600000000000009]
[null,4.6100000000000003,63.334999999999994]
[null,4.62,63.069999999999993]
[null,4.63,62.805000000000007]
[null,4.6399999999999997,62.540000000000006]
[null,4.6500000000000004,62.274999999999991]
[null,4.66,62.009999999999991]
[null,4.67,61.745000000000005]
[null,4.68,61.480000000000004]
[null,4.6900000000000004,61.214999999999989]
[null,4.7,60.949999999999989]
[null,4.71,60.685000000000002]
[null,4.72,60.42]
[null,4.7300000000000004,60.154999999999987]
[null,4.74,59.89]
[null,4.75,59.625]
[null,4.76,59.36]
[null,4.7699999999999996,59.095000000000013]
[null,4.78,58.83]
[null,4.79,58.564999999999998]
[null,4.8,58.300000000000011]
[null,4.8099999999999996,58.035000000000011]
[null,4.82,57.769999999999996]
[null,4.83,57.504999999999995]
[null,4.84,57.240000000000009]
[null,4.8499999999999996,56.975000000000023]
[null,4.8600000000000003,56.70999999999998]
[null,4.87,56.444999999999993]
[null,4.88,56.180000000000007]
[null,4.8899999999999997,55.91500000000002]
[null,4.9000000000000004,55.649999999999977]
[null,4.91,55.384999999999991]
[null,4.92,55.120000000000005]
[null,4.93,54.855000000000018]
[null,4.9400000000000004,54.59]
[null,4.95,54.324999999999989]
[null,4.96,54.06]
[null,4.97,53.795000000000016]
[null,4.9800000000000004,53.53]
[null,4.99,53.264999999999986]
[null,5,53]
[null,5.01,52.735000000000014]
[null,5.0199999999999996,52.47]
[null,5.03,52.204999999999984]
[null,5.04,51.94]
[null,5.05,51.675000000000011]
[null,5.0599999999999996,51.41]
[null,5.07,51.144999999999982]
[null,5.08,50.879999999999995]
[null,5.09,50.615000000000009]
[null,5.0999999999999996,50.350000000000023]
[null,5.1100000000000003,50.08499999999998]
[null,5.12,49.819999999999993]
[null,5.13,49.555000000000007]
[null,5.14,{"$f":"FORECAST(B532,OFFSET($C$4,MATCH(B532,$B$4:$B$15,1)-1,0,2), OFFSET($B$4,MATCH(B532,$B$4:$B$15,1)-1,0,2))","v":49.29000000000002}]
[null,5.15,49.024999999999977]
[null,5.16,48.759999999999991]
[null,5.17,48.495000000000005]
[null,5.18,48.230000000000018]
[null,5.19,47.965000000000003]
[null,5.2,47.699999999999989]
[null,5.21,47.435000000000002]
[null,5.22,47.170000000000016]
[null,5.23,46.905000000000001]
[null,5.24,46.639999999999986]
[null,5.25,46.375]
[null,5.26,46.110000000000014]
[null,5.27,45.844999999999999]
[null,5.28,45.579999999999984]
[null,5.29,45.314999999999998]
[null,5.3,45.050000000000011]
[null,5.31,44.784999999999997]
[null,5.32,44.519999999999982]
[null,5.33,44.254999999999995]
[null,5.34,43.990000000000009]
[null,5.35,43.725000000000023]
[null,5.36,43.45999999999998]
[null,5.37,43.194999999999993]
[null,5.38,42.930000000000007]
[null,5.39,42.66500000000002]
[null,5.4,42.399999999999977]
[null,5.41,42.134999999999991]
[null,5.42,41.870000000000005]
[null,5.43,41.605000000000018]
[null,5.44,41.34]
[null,5.45,41.074999999999989]
[null,5.46,40.81]
[null,5.47,40.545000000000016]
[null,5.48,40.28]
[null,5.49,40.014999999999986]
[null,5.5,39.75]
[null,5.51,39.485000000000014]
[null,5.52,39.22]
[null,5.53,38.954999999999984]
[null,5.54,38.69]
[null,5.55,38.425000000000011]
[null,5.56,38.159999999999997]
[null,5.57,37.894999999999982]
[null,5.58,37.629999999999995]
[null,5.59,37.365000000000009]
[null,5.6,37.100000000000023]
[null,5.61,36.83499999999998]
[null,5.62,36.569999999999993]
[null,5.63,36.305000000000007]
[null,5.64,36.04000000000002]
[null,5.65,35.774999999999977]
[null,5.66,35.509999999999991]
[null,5.67,35.245000000000005]
[null,5.68,34.980000000000018]
[null,5.69,34.715000000000003]
[null,5.7,34.449999999999989]
[null,5.71,34.185000000000002]
[null,5.72,33.920000000000016]
[null,5.73,33.655000000000001]
[null,5.74,33.389999999999986]
[null,5.75,33.125]
[null,5.76,32.860000000000014]
[null,5.77,32.594999999999999]
[null,5.78,{"$f":"FORECAST(B596,OFFSET($C$4,MATCH(B596,$B$4:$B$15,1)-1,0,2), OFFSET($B$4,MATCH(B596,$B$4:$B$15,1)-1,0,2))","v":32.329999999999984}]
[null,5.79,32.064999999999998]
[null,5.8,31.800000000000011]
[null,5.81,31.534999999999997]
[null,5.82,31.269999999999982]
[null,5.83,31.004999999999995]
[null,5.84,30.740000000000009]
[null,5.85,30.475000000000023]
[null,5.86,30.20999999999998]
[null,5.87,29.944999999999993]
[null,5.88,29.680000000000007]
[null,5.89,29.41500000000002]
[null,5.9,29.149999999999977]
[null,5.91,28.884999999999991]
[null,5.92,28.620000000000005]
[null,5.93,28.355000000000018]
[null,5.94,28.090000000000003]
[null,5.95,27.824999999999989]
[null,5.96,27.560000000000002]
[null,5.97,27.295000000000016]
[null,5.98,27.03]
[null,5.99,26.764999999999986]
[null,6,{"$f":"C15","v":26.5}]

{"sheet":"NGA Factors 2020","index":15,"n_rows":20,"n_cols":15,"rows_kept":20,"cut":false,"hidden":true,"merged":[]}
["Fuel Type","State",null,"Scope 1 \nEF","Scope 2\nEF","Scope 3\nEF","Emissions Factors unit (scope 1, scope 2 and scope 3","Energy Content Factor","Emissions Content Factor unit","Scopes 1&2","Scopes 1,2&3","Emissions Factors unit (scope 1&2 and 1,2&3)","Scopes 1&2","Scopes 1,2&3","Emissions Factors unit (scope 1&2 and 1,2&3)"]
["Electricity","ACT",{"$f":"CONCATENATE(B2,A2)","v":"ACTElectricity"},0,0.81,0.09,"kgCO2-e/kWh",null,null,0.81,0.9,"kgCO2-e/kWh",{"$f":"J2","v":0.81},{"$f":"K2","v":0.9},"kgCO2-e/kWh"]
["Electricity","NSW",{"$f":"CONCATENATE(B3,A3)","v":"NSWElectricity"},0,0.81,0.09,"kgCO2-e/kWh",null,null,0.81,0.9,"kgCO2-e/kWh",{"$f":"J3","v":0.81},0.9,"kgCO2-e/kWh"]
["Electricity","NT","NTElectricity",0,0.62,7.0000000000000007E-2,"kgCO2-e/kWh",null,null,0.62,0.69,"kgCO2-e/kWh",0.62,0.69,"kgCO2-e/kWh"]
["Electricity","QLD","QLDElectricity",0,0.81,0.12,"kgCO2-e/kWh",null,null,0.81,0.93,"kgCO2-e/kWh",0.81,0.93,"kgCO2-e/kWh"]
["Electricity","SA","SAElectricity",0,0.43,0.09,"kgCO2-e/kWh",null,null,0.43,0.52,"kgCO2-e/kWh",0.43,0.52,"kgCO2-e/kWh"]
["Electricity","TAS","TASElectricity",0,0.17,0.02,"kgCO2-e/kWh",null,null,0.17,0.19,"kgCO2-e/kWh",0.17,0.19,"kgCO2-e/kWh"]
["Electricity","VIC","VICElectricity",0,0.98,0.11,"kgCO2-e/kWh",null,null,0.98,1.0900000000000001,"kgCO2-e/kWh",0.98,1.0900000000000001,"kgCO2-e/kWh"]
["Electricity","WA","WAElectricity",0,0.68,0.02,"kgCO2-e/kWh",null,null,0.68,0.70000000000000007,"kgCO2-e/kWh",0.68,0.70000000000000007,"kgCO2-e/kWh"]
["Gas","ACT","ACTGas",51.53,0,13.1,"kgCO2-e/GJ",null,null,5.1529999999999999E-2,6.4629999999999993E-2,"kgCO2-e/MJ",{"$f":"J10*3.6","v":0.18550800000000001},{"$f":"K10*3.6","v":0.23266799999999999},"kgCO2-e/kWh"]
["Gas","NSW","NSWGas",51.53,0,13.1,"kgCO2-e/GJ",null,null,5.1529999999999999E-2,6.4629999999999993E-2,"kgCO2-e/MJ",{"$f":"J11*3.6","v":0.18550800000000001},0.23266799999999999,"kgCO2-e/kWh"]
["Gas","NT","NTGas",51.53,0,0,"kgCO2-e/GJ",null,null,5.1529999999999999E-2,5.1529999999999999E-2,"kgCO2-e/MJ",0.18550800000000001,{"$f":"K12*3.6","v":0.18550800000000001},"kgCO2-e/kWh"]
["Gas","QLD","QLDGas",51.53,0,8.8000000000000007,"kgCO2-e/GJ",null,null,5.1529999999999999E-2,6.0330000000000002E-2,"kgCO2-e/MJ",0.18550800000000001,0.21718800000000002,"kgCO2-e/kWh"]
["Gas","SA","SAGas",51.53,0,10.7,"kgCO2-e/GJ",null,null,5.1529999999999999E-2,6.2230000000000001E-2,"kgCO2-e/MJ",0.18550800000000001,0.224028,"kgCO2-e/kWh"]
["Gas","TAS","TASGas",51.53,0,0,"kgCO2-e/GJ",null,null,5.1529999999999999E-2,5.1529999999999999E-2,"kgCO2-e/MJ",0.18550800000000001,0.18550800000000001,"kgCO2-e/kWh"]
["Gas","VIC","VICGas",51.53,0,4,"kgCO2-e/GJ",null,null,5.1529999999999999E-2,5.5530000000000003E-2,"kgCO2-e/MJ",0.18550800000000001,0.199908,"kgCO2-e/kWh"]
["Gas","WA","WAGas",51.53,0,4.0999999999999996,"kgCO2-e/GJ",null,null,5.1529999999999999E-2,5.5630000000000006E-2,"kgCO2-e/MJ",0.18550800000000001,0.20026800000000003,"kgCO2-e/kWh"]
["Coal","All states",null,90.24,0,3,"kgCO2-e/GJ",27,"GJ/t",2.43648,2.5174799999999999,"kgCO2-e/kg",{"$f":"(D18+E18)*0.0036","v":0.32486399999999999},{"$f":"(D18+E18+F18)*0.0036","v":0.33566399999999996},"kgCO2-e/kWh"]
["Diesel Oil","All states",null,70.2,0,3.6,"kgCO2-e/GJ",38.6,"GJ/kL",2.7097200000000004,2.8486799999999999,"kgCO2-e/L",{"$f":"(D19+E19)*0.0036","v":0.25272},{"$f":"(D19+E19+F19)*0.0036","v":0.26567999999999997},"kgCO2-e/kWh"]
["LPG","All states",null,60.6,0,3.6,"kgCO2-e/GJ",25.7,"GJ/kL",1.55742,1.64994,"kgCO2-e/L",{"$f":"(D20+E20)*0.0036","v":0.21815999999999999},{"$f":"(D20+E20+F20)*0.0036","v":0.23111999999999999},"kgCO2-e/kWh"]